{"id":954,"date":"2017-02-05T20:31:34","date_gmt":"2017-02-05T19:31:34","guid":{"rendered":"http:\/\/chtululu.be\/index.php\/produit\/un-soupcon-dinterdit\/"},"modified":"2017-02-05T20:33:22","modified_gmt":"2017-02-05T19:33:22","slug":"un-soupcon-dinterdit","status":"publish","type":"product","link":"https:\/\/chtululu.be\/index.php\/produit\/un-soupcon-dinterdit\/","title":{"rendered":"Un soup\u00e7on d&rsquo;interdit"},"content":{"rendered":"","protected":false},"excerpt":{"rendered":"<p><strong>Bourdin Fran\u00e7oise<\/strong><br \/>\nDaphn\u00e9 est rest\u00e9e tr\u00e8s attach\u00e9e \u00e0 sa belle-famille, qu&rsquo;elle retrouve r\u00e9guli\u00e8rement le week-end au domaine de La Jouve, pr\u00e8s de Montpellier, malgr\u00e9 les souvenirs douloureux que cet endroit fait na\u00eetre en elle.<\/p>\n<p>C&rsquo;est l\u00e0 que son mari Ivan, le fils cadet du clan Br\u00e9chignac, a trouv\u00e9 la mort lors d&rsquo;une violente dispute avec son p\u00e8re, un sculpteur de renom.<\/p>\n<p>Huit ann\u00e9es ont pass\u00e9, mais un myst\u00e8re demeure quant aux circonstances de ce tragique accident, cr\u00e9ant de lourdes tensions au sein de la famille.<\/p>\n<p>De son c\u00f4t\u00e9, Daphn\u00e9 doit faire face \u00e0 de s\u00e9rieux probl\u00e8mes financiers. Elle se confie \u00e0 Dimitri, le fr\u00e8re a\u00een\u00e9 d&rsquo;Ivan, en qui elle a toujours trouv\u00e9 un ami et confident.<\/p>\n<p>Ce dernier lui propose spontan\u00e9ment de l&rsquo;aider, malgr\u00e9 son activit\u00e9 tr\u00e8s prenante de cr\u00e9ateur de parfums. Lorsqu&rsquo;ils se d\u00e9couvrent une attirance l&rsquo;un pour l&rsquo;autre, Daphn\u00e9 est troubl\u00e9e.<\/p>\n<p>Peut-elle encore aimer ? Dimitri, lui, s&rsquo;interroge toujours sur les non-dits qui planent autour de la mort de son fr\u00e8re. Pourquoi leur p\u00e8re d\u00e9serte-t-il de plus en plus souvenu La Jouve ? Aurait-il des raisons de se sentir coupable ?<\/p>\n","protected":false},"featured_media":940,"template":"","meta":{"_acf_changed":false,"_exactmetrics_skip_tracking":false,"_exactmetrics_sitenote_active":false,"_exactmetrics_sitenote_note":"","_exactmetrics_sitenote_category":0},"product_brand":[],"product_cat":[24],"product_tag":[65],"class_list":{"0":"post-954","1":"product","2":"type-product","3":"status-publish","4":"has-post-thumbnail","6":"product_cat-roman","7":"product_tag-bourdin-francoise","9":"first","10":"instock","11":"sold-individually","12":"taxable","13":"shipping-taxable","14":"purchasable","15":"product-type-simple"},"acf":[],"yoast_head":"<!-- This site is optimized with the Yoast SEO plugin v26.6 - https:\/\/yoast.com\/wordpress\/plugins\/seo\/ -->\n<title>Un soup\u00e7on d&#039;interdit - Le Chtululu<\/title>\n<meta name=\"robots\" content=\"index, follow, max-snippet:-1, max-image-preview:large, max-video-preview:-1\" \/>\n<link rel=\"canonical\" href=\"https:\/\/chtululu.be\/index.php\/produit\/un-soupcon-dinterdit\/\" \/>\n<meta property=\"og:locale\" content=\"fr_FR\" \/>\n<meta property=\"og:type\" content=\"article\" \/>\n<meta property=\"og:title\" content=\"Un soup\u00e7on d&#039;interdit - Le Chtululu\" \/>\n<meta property=\"og:description\" content=\"Bourdin Fran\u00e7oise Daphn\u00e9 est rest\u00e9e tr\u00e8s attach\u00e9e \u00e0 sa belle-famille, qu&#039;elle retrouve r\u00e9guli\u00e8rement le week-end au domaine de La Jouve, pr\u00e8s de Montpellier, malgr\u00e9 les souvenirs douloureux que cet endroit fait na\u00eetre en elle.  C&#039;est l\u00e0 que son mari Ivan, le fils cadet du clan Br\u00e9chignac, a trouv\u00e9 la mort lors d&#039;une violente dispute avec son p\u00e8re, un sculpteur de renom.  Huit ann\u00e9es ont pass\u00e9, mais un myst\u00e8re demeure quant aux circonstances de ce tragique accident, cr\u00e9ant de lourdes tensions au sein de la famille.  De son c\u00f4t\u00e9, Daphn\u00e9 doit faire face \u00e0 de s\u00e9rieux probl\u00e8mes financiers. Elle se confie \u00e0 Dimitri, le fr\u00e8re a\u00een\u00e9 d&#039;Ivan, en qui elle a toujours trouv\u00e9 un ami et confident.  Ce dernier lui propose spontan\u00e9ment de l&#039;aider, malgr\u00e9 son activit\u00e9 tr\u00e8s prenante de cr\u00e9ateur de parfums. Lorsqu&#039;ils se d\u00e9couvrent une attirance l&#039;un pour l&#039;autre, Daphn\u00e9 est troubl\u00e9e.  Peut-elle encore aimer ? Dimitri, lui, s&#039;interroge toujours sur les non-dits qui planent autour de la mort de son fr\u00e8re. Pourquoi leur p\u00e8re d\u00e9serte-t-il de plus en plus souvenu La Jouve ? Aurait-il des raisons de se sentir coupable ?\" \/>\n<meta property=\"og:url\" content=\"https:\/\/chtululu.be\/index.php\/produit\/un-soupcon-dinterdit\/\" \/>\n<meta property=\"og:site_name\" content=\"Le Chtululu\" \/>\n<meta property=\"article:modified_time\" content=\"2017-02-05T19:33:22+00:00\" \/>\n<meta property=\"og:image\" content=\"https:\/\/chtululu.be\/wp-content\/uploads\/2017\/02\/soupcon.jpg\" \/>\n\t<meta property=\"og:image:width\" content=\"200\" \/>\n\t<meta property=\"og:image:height\" content=\"309\" \/>\n\t<meta property=\"og:image:type\" content=\"image\/jpeg\" \/>\n<meta name=\"twitter:card\" content=\"summary_large_image\" \/>\n<script type=\"application\/ld+json\" class=\"yoast-schema-graph\">{\"@context\":\"https:\/\/schema.org\",\"@graph\":[{\"@type\":\"WebPage\",\"@id\":\"https:\/\/chtululu.be\/index.php\/produit\/un-soupcon-dinterdit\/\",\"url\":\"https:\/\/chtululu.be\/index.php\/produit\/un-soupcon-dinterdit\/\",\"name\":\"Un soup\u00e7on d'interdit - Le Chtululu\",\"isPartOf\":{\"@id\":\"https:\/\/chtululu.be\/#website\"},\"primaryImageOfPage\":{\"@id\":\"https:\/\/chtululu.be\/index.php\/produit\/un-soupcon-dinterdit\/#primaryimage\"},\"image\":{\"@id\":\"https:\/\/chtululu.be\/index.php\/produit\/un-soupcon-dinterdit\/#primaryimage\"},\"thumbnailUrl\":\"https:\/\/chtululu.be\/wp-content\/uploads\/2017\/02\/soupcon.jpg\",\"datePublished\":\"2017-02-05T19:31:34+00:00\",\"dateModified\":\"2017-02-05T19:33:22+00:00\",\"breadcrumb\":{\"@id\":\"https:\/\/chtululu.be\/index.php\/produit\/un-soupcon-dinterdit\/#breadcrumb\"},\"inLanguage\":\"fr-FR\",\"potentialAction\":[{\"@type\":\"ReadAction\",\"target\":[\"https:\/\/chtululu.be\/index.php\/produit\/un-soupcon-dinterdit\/\"]}]},{\"@type\":\"ImageObject\",\"inLanguage\":\"fr-FR\",\"@id\":\"https:\/\/chtululu.be\/index.php\/produit\/un-soupcon-dinterdit\/#primaryimage\",\"url\":\"https:\/\/chtululu.be\/wp-content\/uploads\/2017\/02\/soupcon.jpg\",\"contentUrl\":\"https:\/\/chtululu.be\/wp-content\/uploads\/2017\/02\/soupcon.jpg\",\"width\":200,\"height\":309},{\"@type\":\"BreadcrumbList\",\"@id\":\"https:\/\/chtululu.be\/index.php\/produit\/un-soupcon-dinterdit\/#breadcrumb\",\"itemListElement\":[{\"@type\":\"ListItem\",\"position\":1,\"name\":\"Accueil\",\"item\":\"https:\/\/chtululu.be\/\"},{\"@type\":\"ListItem\",\"position\":2,\"name\":\"Les livres\",\"item\":\"https:\/\/chtululu.be\/index.php\/livres-doccasion\/\"},{\"@type\":\"ListItem\",\"position\":3,\"name\":\"Un soup\u00e7on d&rsquo;interdit\"}]},{\"@type\":\"WebSite\",\"@id\":\"https:\/\/chtululu.be\/#website\",\"url\":\"https:\/\/chtululu.be\/\",\"name\":\"Le Chtululu\",\"description\":\"Votre librairie de seconde main \u00e0 Soignies\",\"publisher\":{\"@id\":\"https:\/\/chtululu.be\/#organization\"},\"potentialAction\":[{\"@type\":\"SearchAction\",\"target\":{\"@type\":\"EntryPoint\",\"urlTemplate\":\"https:\/\/chtululu.be\/?s={search_term_string}\"},\"query-input\":{\"@type\":\"PropertyValueSpecification\",\"valueRequired\":true,\"valueName\":\"search_term_string\"}}],\"inLanguage\":\"fr-FR\"},{\"@type\":\"Organization\",\"@id\":\"https:\/\/chtululu.be\/#organization\",\"name\":\"Le Chtululu\",\"url\":\"https:\/\/chtululu.be\/\",\"logo\":{\"@type\":\"ImageObject\",\"inLanguage\":\"fr-FR\",\"@id\":\"https:\/\/chtululu.be\/#\/schema\/logo\/image\/\",\"url\":\"https:\/\/chtululu.be\/wp-content\/uploads\/2016\/05\/logo-def-blanc.jpg\",\"contentUrl\":\"https:\/\/chtululu.be\/wp-content\/uploads\/2016\/05\/logo-def-blanc.jpg\",\"width\":2048,\"height\":1901,\"caption\":\"Le Chtululu\"},\"image\":{\"@id\":\"https:\/\/chtululu.be\/#\/schema\/logo\/image\/\"}}]}<\/script>\n<!-- \/ Yoast SEO plugin. -->","yoast_head_json":{"title":"Un soup\u00e7on d'interdit - Le Chtululu","robots":{"index":"index","follow":"follow","max-snippet":"max-snippet:-1","max-image-preview":"max-image-preview:large","max-video-preview":"max-video-preview:-1"},"canonical":"https:\/\/chtululu.be\/index.php\/produit\/un-soupcon-dinterdit\/","og_locale":"fr_FR","og_type":"article","og_title":"Un soup\u00e7on d'interdit - Le Chtululu","og_description":"Bourdin Fran\u00e7oise Daphn\u00e9 est rest\u00e9e tr\u00e8s attach\u00e9e \u00e0 sa belle-famille, qu'elle retrouve r\u00e9guli\u00e8rement le week-end au domaine de La Jouve, pr\u00e8s de Montpellier, malgr\u00e9 les souvenirs douloureux que cet endroit fait na\u00eetre en elle.  C'est l\u00e0 que son mari Ivan, le fils cadet du clan Br\u00e9chignac, a trouv\u00e9 la mort lors d'une violente dispute avec son p\u00e8re, un sculpteur de renom.  Huit ann\u00e9es ont pass\u00e9, mais un myst\u00e8re demeure quant aux circonstances de ce tragique accident, cr\u00e9ant de lourdes tensions au sein de la famille.  De son c\u00f4t\u00e9, Daphn\u00e9 doit faire face \u00e0 de s\u00e9rieux probl\u00e8mes financiers. Elle se confie \u00e0 Dimitri, le fr\u00e8re a\u00een\u00e9 d'Ivan, en qui elle a toujours trouv\u00e9 un ami et confident.  Ce dernier lui propose spontan\u00e9ment de l'aider, malgr\u00e9 son activit\u00e9 tr\u00e8s prenante de cr\u00e9ateur de parfums. Lorsqu'ils se d\u00e9couvrent une attirance l'un pour l'autre, Daphn\u00e9 est troubl\u00e9e.  Peut-elle encore aimer ? Dimitri, lui, s'interroge toujours sur les non-dits qui planent autour de la mort de son fr\u00e8re. Pourquoi leur p\u00e8re d\u00e9serte-t-il de plus en plus souvenu La Jouve ? Aurait-il des raisons de se sentir coupable ?","og_url":"https:\/\/chtululu.be\/index.php\/produit\/un-soupcon-dinterdit\/","og_site_name":"Le Chtululu","article_modified_time":"2017-02-05T19:33:22+00:00","og_image":[{"width":200,"height":309,"url":"https:\/\/chtululu.be\/wp-content\/uploads\/2017\/02\/soupcon.jpg","type":"image\/jpeg"}],"twitter_card":"summary_large_image","schema":{"@context":"https:\/\/schema.org","@graph":[{"@type":"WebPage","@id":"https:\/\/chtululu.be\/index.php\/produit\/un-soupcon-dinterdit\/","url":"https:\/\/chtululu.be\/index.php\/produit\/un-soupcon-dinterdit\/","name":"Un soup\u00e7on d'interdit - Le Chtululu","isPartOf":{"@id":"https:\/\/chtululu.be\/#website"},"primaryImageOfPage":{"@id":"https:\/\/chtululu.be\/index.php\/produit\/un-soupcon-dinterdit\/#primaryimage"},"image":{"@id":"https:\/\/chtululu.be\/index.php\/produit\/un-soupcon-dinterdit\/#primaryimage"},"thumbnailUrl":"https:\/\/chtululu.be\/wp-content\/uploads\/2017\/02\/soupcon.jpg","datePublished":"2017-02-05T19:31:34+00:00","dateModified":"2017-02-05T19:33:22+00:00","breadcrumb":{"@id":"https:\/\/chtululu.be\/index.php\/produit\/un-soupcon-dinterdit\/#breadcrumb"},"inLanguage":"fr-FR","potentialAction":[{"@type":"ReadAction","target":["https:\/\/chtululu.be\/index.php\/produit\/un-soupcon-dinterdit\/"]}]},{"@type":"ImageObject","inLanguage":"fr-FR","@id":"https:\/\/chtululu.be\/index.php\/produit\/un-soupcon-dinterdit\/#primaryimage","url":"https:\/\/chtululu.be\/wp-content\/uploads\/2017\/02\/soupcon.jpg","contentUrl":"https:\/\/chtululu.be\/wp-content\/uploads\/2017\/02\/soupcon.jpg","width":200,"height":309},{"@type":"BreadcrumbList","@id":"https:\/\/chtululu.be\/index.php\/produit\/un-soupcon-dinterdit\/#breadcrumb","itemListElement":[{"@type":"ListItem","position":1,"name":"Accueil","item":"https:\/\/chtululu.be\/"},{"@type":"ListItem","position":2,"name":"Les livres","item":"https:\/\/chtululu.be\/index.php\/livres-doccasion\/"},{"@type":"ListItem","position":3,"name":"Un soup\u00e7on d&rsquo;interdit"}]},{"@type":"WebSite","@id":"https:\/\/chtululu.be\/#website","url":"https:\/\/chtululu.be\/","name":"Le Chtululu","description":"Votre librairie de seconde main \u00e0 Soignies","publisher":{"@id":"https:\/\/chtululu.be\/#organization"},"potentialAction":[{"@type":"SearchAction","target":{"@type":"EntryPoint","urlTemplate":"https:\/\/chtululu.be\/?s={search_term_string}"},"query-input":{"@type":"PropertyValueSpecification","valueRequired":true,"valueName":"search_term_string"}}],"inLanguage":"fr-FR"},{"@type":"Organization","@id":"https:\/\/chtululu.be\/#organization","name":"Le Chtululu","url":"https:\/\/chtululu.be\/","logo":{"@type":"ImageObject","inLanguage":"fr-FR","@id":"https:\/\/chtululu.be\/#\/schema\/logo\/image\/","url":"https:\/\/chtululu.be\/wp-content\/uploads\/2016\/05\/logo-def-blanc.jpg","contentUrl":"https:\/\/chtululu.be\/wp-content\/uploads\/2016\/05\/logo-def-blanc.jpg","width":2048,"height":1901,"caption":"Le Chtululu"},"image":{"@id":"https:\/\/chtululu.be\/#\/schema\/logo\/image\/"}}]}},"_links":{"self":[{"href":"https:\/\/chtululu.be\/index.php\/wp-json\/wp\/v2\/product\/954","targetHints":{"allow":["GET"]}}],"collection":[{"href":"https:\/\/chtululu.be\/index.php\/wp-json\/wp\/v2\/product"}],"about":[{"href":"https:\/\/chtululu.be\/index.php\/wp-json\/wp\/v2\/types\/product"}],"wp:featuredmedia":[{"embeddable":true,"href":"https:\/\/chtululu.be\/index.php\/wp-json\/wp\/v2\/media\/940"}],"wp:attachment":[{"href":"https:\/\/chtululu.be\/index.php\/wp-json\/wp\/v2\/media?parent=954"}],"wp:term":[{"taxonomy":"product_brand","embeddable":true,"href":"https:\/\/chtululu.be\/index.php\/wp-json\/wp\/v2\/product_brand?post=954"},{"taxonomy":"product_cat","embeddable":true,"href":"https:\/\/chtululu.be\/index.php\/wp-json\/wp\/v2\/product_cat?post=954"},{"taxonomy":"product_tag","embeddable":true,"href":"https:\/\/chtululu.be\/index.php\/wp-json\/wp\/v2\/product_tag?post=954"}],"curies":[{"name":"wp","href":"https:\/\/api.w.org\/{rel}","templated":true}]}}