{"id":953,"date":"2017-02-05T20:31:34","date_gmt":"2017-02-05T19:31:34","guid":{"rendered":"http:\/\/chtululu.be\/index.php\/produit\/olivia-joules-ou-limagination-hyperactive\/"},"modified":"2017-02-05T20:34:23","modified_gmt":"2017-02-05T19:34:23","slug":"olivia-joules-ou-limagination-hyperactive","status":"publish","type":"product","link":"https:\/\/chtululu.be\/index.php\/produit\/olivia-joules-ou-limagination-hyperactive\/","title":{"rendered":"Olivia Joules ou l&rsquo;imagination hyperactive"},"content":{"rendered":"","protected":false},"excerpt":{"rendered":"<p><strong>Fielding Helen<\/strong><br \/>\n\u00a0\u00bb Principes de Vie par Olivia Joules. Pas de panique. On s&rsquo;arr\u00eate, on respire, on r\u00e9fl\u00e9chit [..] Ne jamais changer de coiffure avant un \u00e9v\u00e9nement important [..] Faire confiance \u00e0 son instinct plut\u00f4t qu&rsquo;\u00e0 son imagination hyperactive. \u00a0\u00bb Olivia Joules est tr\u00e8s vex\u00e9e quand son patron du Sunday limes la r\u00e9trograde au rang de \u00a0\u00bb journaliste tendance \u00a0\u00bb : elle n&rsquo;a pas du tout envie de couvrir les soir\u00e9es de lancement de cosm\u00e9tiques miracle&#8230; Non, ce qu&rsquo;Olivia recherche, c&rsquo;est de l&rsquo;action et du suspense, quitte \u00e0 en rajouter un peu avec son imagination d\u00e9bordante ! Des paillettes de Los Angeles aux grottes myst\u00e9rieuses du Soudan, il n&rsquo;y a qu&rsquo;un pas qu&rsquo;Olivia franchit, sans se douter qu&rsquo;elle va au-devant de graves ennuis. Mais notre apprentie agent secret a plus d&rsquo;un tour dans son sac, et avec son \u00e9pingle \u00e0 chapeau, son spray au poivre et son appareil photo miniature, elle a tout ce qu&rsquo;il faut pour se d\u00e9fendre, d\u00e9couvrir des secrets tr\u00e8s bien gard\u00e9s et peut-\u00eatre m\u00eame trouver l&rsquo;amour..<\/p>\n","protected":false},"featured_media":941,"template":"","meta":{"_acf_changed":false,"_exactmetrics_skip_tracking":false,"_exactmetrics_sitenote_active":false,"_exactmetrics_sitenote_note":"","_exactmetrics_sitenote_category":0},"product_brand":[],"product_cat":[24],"product_tag":[148,146],"class_list":{"0":"post-953","1":"product","2":"type-product","3":"status-publish","4":"has-post-thumbnail","6":"product_cat-roman","7":"product_tag-bridget-jones","8":"product_tag-fielding-helen","10":"first","11":"instock","12":"sold-individually","13":"taxable","14":"shipping-taxable","15":"purchasable","16":"product-type-simple"},"acf":[],"yoast_head":"<!-- This site is optimized with the Yoast SEO plugin v26.6 - https:\/\/yoast.com\/wordpress\/plugins\/seo\/ -->\n<title>Olivia Joules ou l&#039;imagination hyperactive - Le Chtululu<\/title>\n<meta name=\"robots\" content=\"index, follow, max-snippet:-1, max-image-preview:large, max-video-preview:-1\" \/>\n<link rel=\"canonical\" href=\"https:\/\/chtululu.be\/index.php\/produit\/olivia-joules-ou-limagination-hyperactive\/\" \/>\n<meta property=\"og:locale\" content=\"fr_FR\" \/>\n<meta property=\"og:type\" content=\"article\" \/>\n<meta property=\"og:title\" content=\"Olivia Joules ou l&#039;imagination hyperactive - Le Chtululu\" \/>\n<meta property=\"og:description\" content=\"Fielding Helen &quot; Principes de Vie par Olivia Joules. Pas de panique. On s&#039;arr\u00eate, on respire, on r\u00e9fl\u00e9chit [..] Ne jamais changer de coiffure avant un \u00e9v\u00e9nement important [..] Faire confiance \u00e0 son instinct plut\u00f4t qu&#039;\u00e0 son imagination hyperactive. &quot; Olivia Joules est tr\u00e8s vex\u00e9e quand son patron du Sunday limes la r\u00e9trograde au rang de &quot; journaliste tendance &quot; : elle n&#039;a pas du tout envie de couvrir les soir\u00e9es de lancement de cosm\u00e9tiques miracle... Non, ce qu&#039;Olivia recherche, c&#039;est de l&#039;action et du suspense, quitte \u00e0 en rajouter un peu avec son imagination d\u00e9bordante ! Des paillettes de Los Angeles aux grottes myst\u00e9rieuses du Soudan, il n&#039;y a qu&#039;un pas qu&#039;Olivia franchit, sans se douter qu&#039;elle va au-devant de graves ennuis. Mais notre apprentie agent secret a plus d&#039;un tour dans son sac, et avec son \u00e9pingle \u00e0 chapeau, son spray au poivre et son appareil photo miniature, elle a tout ce qu&#039;il faut pour se d\u00e9fendre, d\u00e9couvrir des secrets tr\u00e8s bien gard\u00e9s et peut-\u00eatre m\u00eame trouver l&#039;amour..\" \/>\n<meta property=\"og:url\" content=\"https:\/\/chtululu.be\/index.php\/produit\/olivia-joules-ou-limagination-hyperactive\/\" \/>\n<meta property=\"og:site_name\" content=\"Le Chtululu\" \/>\n<meta property=\"article:modified_time\" content=\"2017-02-05T19:34:23+00:00\" \/>\n<meta property=\"og:image\" content=\"https:\/\/chtululu.be\/wp-content\/uploads\/2017\/02\/oliviajoules.jpg\" \/>\n\t<meta property=\"og:image:width\" content=\"200\" \/>\n\t<meta property=\"og:image:height\" content=\"307\" \/>\n\t<meta property=\"og:image:type\" content=\"image\/jpeg\" \/>\n<meta name=\"twitter:card\" content=\"summary_large_image\" \/>\n<script type=\"application\/ld+json\" class=\"yoast-schema-graph\">{\"@context\":\"https:\/\/schema.org\",\"@graph\":[{\"@type\":\"WebPage\",\"@id\":\"https:\/\/chtululu.be\/index.php\/produit\/olivia-joules-ou-limagination-hyperactive\/\",\"url\":\"https:\/\/chtululu.be\/index.php\/produit\/olivia-joules-ou-limagination-hyperactive\/\",\"name\":\"Olivia Joules ou l'imagination hyperactive - Le Chtululu\",\"isPartOf\":{\"@id\":\"https:\/\/chtululu.be\/#website\"},\"primaryImageOfPage\":{\"@id\":\"https:\/\/chtululu.be\/index.php\/produit\/olivia-joules-ou-limagination-hyperactive\/#primaryimage\"},\"image\":{\"@id\":\"https:\/\/chtululu.be\/index.php\/produit\/olivia-joules-ou-limagination-hyperactive\/#primaryimage\"},\"thumbnailUrl\":\"https:\/\/chtululu.be\/wp-content\/uploads\/2017\/02\/oliviajoules.jpg\",\"datePublished\":\"2017-02-05T19:31:34+00:00\",\"dateModified\":\"2017-02-05T19:34:23+00:00\",\"breadcrumb\":{\"@id\":\"https:\/\/chtululu.be\/index.php\/produit\/olivia-joules-ou-limagination-hyperactive\/#breadcrumb\"},\"inLanguage\":\"fr-FR\",\"potentialAction\":[{\"@type\":\"ReadAction\",\"target\":[\"https:\/\/chtululu.be\/index.php\/produit\/olivia-joules-ou-limagination-hyperactive\/\"]}]},{\"@type\":\"ImageObject\",\"inLanguage\":\"fr-FR\",\"@id\":\"https:\/\/chtululu.be\/index.php\/produit\/olivia-joules-ou-limagination-hyperactive\/#primaryimage\",\"url\":\"https:\/\/chtululu.be\/wp-content\/uploads\/2017\/02\/oliviajoules.jpg\",\"contentUrl\":\"https:\/\/chtululu.be\/wp-content\/uploads\/2017\/02\/oliviajoules.jpg\",\"width\":200,\"height\":307},{\"@type\":\"BreadcrumbList\",\"@id\":\"https:\/\/chtululu.be\/index.php\/produit\/olivia-joules-ou-limagination-hyperactive\/#breadcrumb\",\"itemListElement\":[{\"@type\":\"ListItem\",\"position\":1,\"name\":\"Accueil\",\"item\":\"https:\/\/chtululu.be\/\"},{\"@type\":\"ListItem\",\"position\":2,\"name\":\"Les livres\",\"item\":\"https:\/\/chtululu.be\/index.php\/livres-doccasion\/\"},{\"@type\":\"ListItem\",\"position\":3,\"name\":\"Olivia Joules ou l&rsquo;imagination hyperactive\"}]},{\"@type\":\"WebSite\",\"@id\":\"https:\/\/chtululu.be\/#website\",\"url\":\"https:\/\/chtululu.be\/\",\"name\":\"Le Chtululu\",\"description\":\"Votre librairie de seconde main \u00e0 Soignies\",\"publisher\":{\"@id\":\"https:\/\/chtululu.be\/#organization\"},\"potentialAction\":[{\"@type\":\"SearchAction\",\"target\":{\"@type\":\"EntryPoint\",\"urlTemplate\":\"https:\/\/chtululu.be\/?s={search_term_string}\"},\"query-input\":{\"@type\":\"PropertyValueSpecification\",\"valueRequired\":true,\"valueName\":\"search_term_string\"}}],\"inLanguage\":\"fr-FR\"},{\"@type\":\"Organization\",\"@id\":\"https:\/\/chtululu.be\/#organization\",\"name\":\"Le Chtululu\",\"url\":\"https:\/\/chtululu.be\/\",\"logo\":{\"@type\":\"ImageObject\",\"inLanguage\":\"fr-FR\",\"@id\":\"https:\/\/chtululu.be\/#\/schema\/logo\/image\/\",\"url\":\"https:\/\/chtululu.be\/wp-content\/uploads\/2016\/05\/logo-def-blanc.jpg\",\"contentUrl\":\"https:\/\/chtululu.be\/wp-content\/uploads\/2016\/05\/logo-def-blanc.jpg\",\"width\":2048,\"height\":1901,\"caption\":\"Le Chtululu\"},\"image\":{\"@id\":\"https:\/\/chtululu.be\/#\/schema\/logo\/image\/\"}}]}<\/script>\n<!-- \/ Yoast SEO plugin. -->","yoast_head_json":{"title":"Olivia Joules ou l'imagination hyperactive - Le Chtululu","robots":{"index":"index","follow":"follow","max-snippet":"max-snippet:-1","max-image-preview":"max-image-preview:large","max-video-preview":"max-video-preview:-1"},"canonical":"https:\/\/chtululu.be\/index.php\/produit\/olivia-joules-ou-limagination-hyperactive\/","og_locale":"fr_FR","og_type":"article","og_title":"Olivia Joules ou l'imagination hyperactive - Le Chtululu","og_description":"Fielding Helen \" Principes de Vie par Olivia Joules. Pas de panique. On s'arr\u00eate, on respire, on r\u00e9fl\u00e9chit [..] Ne jamais changer de coiffure avant un \u00e9v\u00e9nement important [..] Faire confiance \u00e0 son instinct plut\u00f4t qu'\u00e0 son imagination hyperactive. \" Olivia Joules est tr\u00e8s vex\u00e9e quand son patron du Sunday limes la r\u00e9trograde au rang de \" journaliste tendance \" : elle n'a pas du tout envie de couvrir les soir\u00e9es de lancement de cosm\u00e9tiques miracle... Non, ce qu'Olivia recherche, c'est de l'action et du suspense, quitte \u00e0 en rajouter un peu avec son imagination d\u00e9bordante ! Des paillettes de Los Angeles aux grottes myst\u00e9rieuses du Soudan, il n'y a qu'un pas qu'Olivia franchit, sans se douter qu'elle va au-devant de graves ennuis. Mais notre apprentie agent secret a plus d'un tour dans son sac, et avec son \u00e9pingle \u00e0 chapeau, son spray au poivre et son appareil photo miniature, elle a tout ce qu'il faut pour se d\u00e9fendre, d\u00e9couvrir des secrets tr\u00e8s bien gard\u00e9s et peut-\u00eatre m\u00eame trouver l'amour..","og_url":"https:\/\/chtululu.be\/index.php\/produit\/olivia-joules-ou-limagination-hyperactive\/","og_site_name":"Le Chtululu","article_modified_time":"2017-02-05T19:34:23+00:00","og_image":[{"width":200,"height":307,"url":"https:\/\/chtululu.be\/wp-content\/uploads\/2017\/02\/oliviajoules.jpg","type":"image\/jpeg"}],"twitter_card":"summary_large_image","schema":{"@context":"https:\/\/schema.org","@graph":[{"@type":"WebPage","@id":"https:\/\/chtululu.be\/index.php\/produit\/olivia-joules-ou-limagination-hyperactive\/","url":"https:\/\/chtululu.be\/index.php\/produit\/olivia-joules-ou-limagination-hyperactive\/","name":"Olivia Joules ou l'imagination hyperactive - Le Chtululu","isPartOf":{"@id":"https:\/\/chtululu.be\/#website"},"primaryImageOfPage":{"@id":"https:\/\/chtululu.be\/index.php\/produit\/olivia-joules-ou-limagination-hyperactive\/#primaryimage"},"image":{"@id":"https:\/\/chtululu.be\/index.php\/produit\/olivia-joules-ou-limagination-hyperactive\/#primaryimage"},"thumbnailUrl":"https:\/\/chtululu.be\/wp-content\/uploads\/2017\/02\/oliviajoules.jpg","datePublished":"2017-02-05T19:31:34+00:00","dateModified":"2017-02-05T19:34:23+00:00","breadcrumb":{"@id":"https:\/\/chtululu.be\/index.php\/produit\/olivia-joules-ou-limagination-hyperactive\/#breadcrumb"},"inLanguage":"fr-FR","potentialAction":[{"@type":"ReadAction","target":["https:\/\/chtululu.be\/index.php\/produit\/olivia-joules-ou-limagination-hyperactive\/"]}]},{"@type":"ImageObject","inLanguage":"fr-FR","@id":"https:\/\/chtululu.be\/index.php\/produit\/olivia-joules-ou-limagination-hyperactive\/#primaryimage","url":"https:\/\/chtululu.be\/wp-content\/uploads\/2017\/02\/oliviajoules.jpg","contentUrl":"https:\/\/chtululu.be\/wp-content\/uploads\/2017\/02\/oliviajoules.jpg","width":200,"height":307},{"@type":"BreadcrumbList","@id":"https:\/\/chtululu.be\/index.php\/produit\/olivia-joules-ou-limagination-hyperactive\/#breadcrumb","itemListElement":[{"@type":"ListItem","position":1,"name":"Accueil","item":"https:\/\/chtululu.be\/"},{"@type":"ListItem","position":2,"name":"Les livres","item":"https:\/\/chtululu.be\/index.php\/livres-doccasion\/"},{"@type":"ListItem","position":3,"name":"Olivia Joules ou l&rsquo;imagination hyperactive"}]},{"@type":"WebSite","@id":"https:\/\/chtululu.be\/#website","url":"https:\/\/chtululu.be\/","name":"Le Chtululu","description":"Votre librairie de seconde main \u00e0 Soignies","publisher":{"@id":"https:\/\/chtululu.be\/#organization"},"potentialAction":[{"@type":"SearchAction","target":{"@type":"EntryPoint","urlTemplate":"https:\/\/chtululu.be\/?s={search_term_string}"},"query-input":{"@type":"PropertyValueSpecification","valueRequired":true,"valueName":"search_term_string"}}],"inLanguage":"fr-FR"},{"@type":"Organization","@id":"https:\/\/chtululu.be\/#organization","name":"Le Chtululu","url":"https:\/\/chtululu.be\/","logo":{"@type":"ImageObject","inLanguage":"fr-FR","@id":"https:\/\/chtululu.be\/#\/schema\/logo\/image\/","url":"https:\/\/chtululu.be\/wp-content\/uploads\/2016\/05\/logo-def-blanc.jpg","contentUrl":"https:\/\/chtululu.be\/wp-content\/uploads\/2016\/05\/logo-def-blanc.jpg","width":2048,"height":1901,"caption":"Le Chtululu"},"image":{"@id":"https:\/\/chtululu.be\/#\/schema\/logo\/image\/"}}]}},"_links":{"self":[{"href":"https:\/\/chtululu.be\/index.php\/wp-json\/wp\/v2\/product\/953","targetHints":{"allow":["GET"]}}],"collection":[{"href":"https:\/\/chtululu.be\/index.php\/wp-json\/wp\/v2\/product"}],"about":[{"href":"https:\/\/chtululu.be\/index.php\/wp-json\/wp\/v2\/types\/product"}],"wp:featuredmedia":[{"embeddable":true,"href":"https:\/\/chtululu.be\/index.php\/wp-json\/wp\/v2\/media\/941"}],"wp:attachment":[{"href":"https:\/\/chtululu.be\/index.php\/wp-json\/wp\/v2\/media?parent=953"}],"wp:term":[{"taxonomy":"product_brand","embeddable":true,"href":"https:\/\/chtululu.be\/index.php\/wp-json\/wp\/v2\/product_brand?post=953"},{"taxonomy":"product_cat","embeddable":true,"href":"https:\/\/chtululu.be\/index.php\/wp-json\/wp\/v2\/product_cat?post=953"},{"taxonomy":"product_tag","embeddable":true,"href":"https:\/\/chtululu.be\/index.php\/wp-json\/wp\/v2\/product_tag?post=953"}],"curies":[{"name":"wp","href":"https:\/\/api.w.org\/{rel}","templated":true}]}}