{"id":950,"date":"2017-02-05T20:31:32","date_gmt":"2017-02-05T19:31:32","guid":{"rendered":"http:\/\/chtululu.be\/index.php\/produit\/pas-de-noel-cette-annee\/"},"modified":"2017-02-05T20:38:33","modified_gmt":"2017-02-05T19:38:33","slug":"pas-de-noel-cette-annee","status":"publish","type":"product","link":"https:\/\/chtululu.be\/index.php\/produit\/pas-de-noel-cette-annee\/","title":{"rendered":"Pas de No\u00ebl cette ann\u00e9e"},"content":{"rendered":"","protected":false},"excerpt":{"rendered":"<p><strong>Grisham John<\/strong><br \/>\nC&rsquo;est d\u00e9cid\u00e9 : Luther et Nora Krank ne f\u00eateront pas No\u00ebl cette ann\u00e9e. Leur fille Blair vient tout juste de quitter la maison, alors pourquoi ne pas s&rsquo;offrir un peu de bon temps ? Finies la cohue et les course effr\u00e9n\u00e9es la veille du r\u00e9veillon. Termin\u00e9s la dinde et le sapin. Sans oublier les sempiternelles guirlandes et l&rsquo;odieux bonhomme de neige synth\u00e9tique ! Le couple n&rsquo;a plus qu&rsquo;une id\u00e9e en t\u00eate : \u00e9conomiser pour faire une luxueuse croisi\u00e8re \u00e0 bord du Princesse des \u00celes, direction les Cara\u00efbes et les plages de sable fin.<br \/>\nSeul probl\u00e8me : les voisin qui, dans leur \u00e9lan de solidarit\u00e9 \u00abpro-no\u00ebl\u00bb, ne tardent pas \u00e0 organiser la r\u00e9sistance et transforment ce doux r\u00eave en authentique cauchemar\u0085<\/p>\n","protected":false},"featured_media":944,"template":"","meta":{"_acf_changed":false,"_exactmetrics_skip_tracking":false,"_exactmetrics_sitenote_active":false,"_exactmetrics_sitenote_note":"","_exactmetrics_sitenote_category":0},"product_brand":[],"product_cat":[24],"product_tag":[159],"class_list":{"0":"post-950","1":"product","2":"type-product","3":"status-publish","4":"has-post-thumbnail","6":"product_cat-roman","7":"product_tag-grisham-john","9":"first","10":"instock","11":"sold-individually","12":"taxable","13":"shipping-taxable","14":"purchasable","15":"product-type-simple"},"acf":[],"yoast_head":"<!-- This site is optimized with the Yoast SEO plugin v26.6 - https:\/\/yoast.com\/wordpress\/plugins\/seo\/ -->\n<title>Pas de No\u00ebl cette ann\u00e9e - Le Chtululu<\/title>\n<meta name=\"robots\" content=\"index, follow, max-snippet:-1, max-image-preview:large, max-video-preview:-1\" \/>\n<link rel=\"canonical\" href=\"https:\/\/chtululu.be\/index.php\/produit\/pas-de-noel-cette-annee\/\" \/>\n<meta property=\"og:locale\" content=\"fr_FR\" \/>\n<meta property=\"og:type\" content=\"article\" \/>\n<meta property=\"og:title\" content=\"Pas de No\u00ebl cette ann\u00e9e - Le Chtululu\" \/>\n<meta property=\"og:description\" content=\"Grisham John C&#039;est d\u00e9cid\u00e9 : Luther et Nora Krank ne f\u00eateront pas No\u00ebl cette ann\u00e9e. Leur fille Blair vient tout juste de quitter la maison, alors pourquoi ne pas s&#039;offrir un peu de bon temps ? Finies la cohue et les course effr\u00e9n\u00e9es la veille du r\u00e9veillon. Termin\u00e9s la dinde et le sapin. Sans oublier les sempiternelles guirlandes et l&#039;odieux bonhomme de neige synth\u00e9tique ! Le couple n&#039;a plus qu&#039;une id\u00e9e en t\u00eate : \u00e9conomiser pour faire une luxueuse croisi\u00e8re \u00e0 bord du Princesse des \u00celes, direction les Cara\u00efbes et les plages de sable fin. Seul probl\u00e8me : les voisin qui, dans leur \u00e9lan de solidarit\u00e9 \u00abpro-no\u00ebl\u00bb, ne tardent pas \u00e0 organiser la r\u00e9sistance et transforment ce doux r\u00eave en authentique cauchemar\u0085\" \/>\n<meta property=\"og:url\" content=\"https:\/\/chtululu.be\/index.php\/produit\/pas-de-noel-cette-annee\/\" \/>\n<meta property=\"og:site_name\" content=\"Le Chtululu\" \/>\n<meta property=\"article:modified_time\" content=\"2017-02-05T19:38:33+00:00\" \/>\n<meta property=\"og:image\" content=\"https:\/\/chtululu.be\/wp-content\/uploads\/2017\/02\/pasdenoel.jpg\" \/>\n\t<meta property=\"og:image:width\" content=\"200\" \/>\n\t<meta property=\"og:image:height\" content=\"302\" \/>\n\t<meta property=\"og:image:type\" content=\"image\/jpeg\" \/>\n<meta name=\"twitter:card\" content=\"summary_large_image\" \/>\n<script type=\"application\/ld+json\" class=\"yoast-schema-graph\">{\"@context\":\"https:\/\/schema.org\",\"@graph\":[{\"@type\":\"WebPage\",\"@id\":\"https:\/\/chtululu.be\/index.php\/produit\/pas-de-noel-cette-annee\/\",\"url\":\"https:\/\/chtululu.be\/index.php\/produit\/pas-de-noel-cette-annee\/\",\"name\":\"Pas de No\u00ebl cette ann\u00e9e - Le Chtululu\",\"isPartOf\":{\"@id\":\"https:\/\/chtululu.be\/#website\"},\"primaryImageOfPage\":{\"@id\":\"https:\/\/chtululu.be\/index.php\/produit\/pas-de-noel-cette-annee\/#primaryimage\"},\"image\":{\"@id\":\"https:\/\/chtululu.be\/index.php\/produit\/pas-de-noel-cette-annee\/#primaryimage\"},\"thumbnailUrl\":\"https:\/\/chtululu.be\/wp-content\/uploads\/2017\/02\/pasdenoel.jpg\",\"datePublished\":\"2017-02-05T19:31:32+00:00\",\"dateModified\":\"2017-02-05T19:38:33+00:00\",\"breadcrumb\":{\"@id\":\"https:\/\/chtululu.be\/index.php\/produit\/pas-de-noel-cette-annee\/#breadcrumb\"},\"inLanguage\":\"fr-FR\",\"potentialAction\":[{\"@type\":\"ReadAction\",\"target\":[\"https:\/\/chtululu.be\/index.php\/produit\/pas-de-noel-cette-annee\/\"]}]},{\"@type\":\"ImageObject\",\"inLanguage\":\"fr-FR\",\"@id\":\"https:\/\/chtululu.be\/index.php\/produit\/pas-de-noel-cette-annee\/#primaryimage\",\"url\":\"https:\/\/chtululu.be\/wp-content\/uploads\/2017\/02\/pasdenoel.jpg\",\"contentUrl\":\"https:\/\/chtululu.be\/wp-content\/uploads\/2017\/02\/pasdenoel.jpg\",\"width\":200,\"height\":302},{\"@type\":\"BreadcrumbList\",\"@id\":\"https:\/\/chtululu.be\/index.php\/produit\/pas-de-noel-cette-annee\/#breadcrumb\",\"itemListElement\":[{\"@type\":\"ListItem\",\"position\":1,\"name\":\"Accueil\",\"item\":\"https:\/\/chtululu.be\/\"},{\"@type\":\"ListItem\",\"position\":2,\"name\":\"Les livres\",\"item\":\"https:\/\/chtululu.be\/index.php\/livres-doccasion\/\"},{\"@type\":\"ListItem\",\"position\":3,\"name\":\"Pas de No\u00ebl cette ann\u00e9e\"}]},{\"@type\":\"WebSite\",\"@id\":\"https:\/\/chtululu.be\/#website\",\"url\":\"https:\/\/chtululu.be\/\",\"name\":\"Le Chtululu\",\"description\":\"Votre librairie de seconde main \u00e0 Soignies\",\"publisher\":{\"@id\":\"https:\/\/chtululu.be\/#organization\"},\"potentialAction\":[{\"@type\":\"SearchAction\",\"target\":{\"@type\":\"EntryPoint\",\"urlTemplate\":\"https:\/\/chtululu.be\/?s={search_term_string}\"},\"query-input\":{\"@type\":\"PropertyValueSpecification\",\"valueRequired\":true,\"valueName\":\"search_term_string\"}}],\"inLanguage\":\"fr-FR\"},{\"@type\":\"Organization\",\"@id\":\"https:\/\/chtululu.be\/#organization\",\"name\":\"Le Chtululu\",\"url\":\"https:\/\/chtululu.be\/\",\"logo\":{\"@type\":\"ImageObject\",\"inLanguage\":\"fr-FR\",\"@id\":\"https:\/\/chtululu.be\/#\/schema\/logo\/image\/\",\"url\":\"https:\/\/chtululu.be\/wp-content\/uploads\/2016\/05\/logo-def-blanc.jpg\",\"contentUrl\":\"https:\/\/chtululu.be\/wp-content\/uploads\/2016\/05\/logo-def-blanc.jpg\",\"width\":2048,\"height\":1901,\"caption\":\"Le Chtululu\"},\"image\":{\"@id\":\"https:\/\/chtululu.be\/#\/schema\/logo\/image\/\"}}]}<\/script>\n<!-- \/ Yoast SEO plugin. -->","yoast_head_json":{"title":"Pas de No\u00ebl cette ann\u00e9e - Le Chtululu","robots":{"index":"index","follow":"follow","max-snippet":"max-snippet:-1","max-image-preview":"max-image-preview:large","max-video-preview":"max-video-preview:-1"},"canonical":"https:\/\/chtululu.be\/index.php\/produit\/pas-de-noel-cette-annee\/","og_locale":"fr_FR","og_type":"article","og_title":"Pas de No\u00ebl cette ann\u00e9e - Le Chtululu","og_description":"Grisham John C'est d\u00e9cid\u00e9 : Luther et Nora Krank ne f\u00eateront pas No\u00ebl cette ann\u00e9e. Leur fille Blair vient tout juste de quitter la maison, alors pourquoi ne pas s'offrir un peu de bon temps ? Finies la cohue et les course effr\u00e9n\u00e9es la veille du r\u00e9veillon. Termin\u00e9s la dinde et le sapin. Sans oublier les sempiternelles guirlandes et l'odieux bonhomme de neige synth\u00e9tique ! Le couple n'a plus qu'une id\u00e9e en t\u00eate : \u00e9conomiser pour faire une luxueuse croisi\u00e8re \u00e0 bord du Princesse des \u00celes, direction les Cara\u00efbes et les plages de sable fin. Seul probl\u00e8me : les voisin qui, dans leur \u00e9lan de solidarit\u00e9 \u00abpro-no\u00ebl\u00bb, ne tardent pas \u00e0 organiser la r\u00e9sistance et transforment ce doux r\u00eave en authentique cauchemar\u0085","og_url":"https:\/\/chtululu.be\/index.php\/produit\/pas-de-noel-cette-annee\/","og_site_name":"Le Chtululu","article_modified_time":"2017-02-05T19:38:33+00:00","og_image":[{"width":200,"height":302,"url":"https:\/\/chtululu.be\/wp-content\/uploads\/2017\/02\/pasdenoel.jpg","type":"image\/jpeg"}],"twitter_card":"summary_large_image","schema":{"@context":"https:\/\/schema.org","@graph":[{"@type":"WebPage","@id":"https:\/\/chtululu.be\/index.php\/produit\/pas-de-noel-cette-annee\/","url":"https:\/\/chtululu.be\/index.php\/produit\/pas-de-noel-cette-annee\/","name":"Pas de No\u00ebl cette ann\u00e9e - Le Chtululu","isPartOf":{"@id":"https:\/\/chtululu.be\/#website"},"primaryImageOfPage":{"@id":"https:\/\/chtululu.be\/index.php\/produit\/pas-de-noel-cette-annee\/#primaryimage"},"image":{"@id":"https:\/\/chtululu.be\/index.php\/produit\/pas-de-noel-cette-annee\/#primaryimage"},"thumbnailUrl":"https:\/\/chtululu.be\/wp-content\/uploads\/2017\/02\/pasdenoel.jpg","datePublished":"2017-02-05T19:31:32+00:00","dateModified":"2017-02-05T19:38:33+00:00","breadcrumb":{"@id":"https:\/\/chtululu.be\/index.php\/produit\/pas-de-noel-cette-annee\/#breadcrumb"},"inLanguage":"fr-FR","potentialAction":[{"@type":"ReadAction","target":["https:\/\/chtululu.be\/index.php\/produit\/pas-de-noel-cette-annee\/"]}]},{"@type":"ImageObject","inLanguage":"fr-FR","@id":"https:\/\/chtululu.be\/index.php\/produit\/pas-de-noel-cette-annee\/#primaryimage","url":"https:\/\/chtululu.be\/wp-content\/uploads\/2017\/02\/pasdenoel.jpg","contentUrl":"https:\/\/chtululu.be\/wp-content\/uploads\/2017\/02\/pasdenoel.jpg","width":200,"height":302},{"@type":"BreadcrumbList","@id":"https:\/\/chtululu.be\/index.php\/produit\/pas-de-noel-cette-annee\/#breadcrumb","itemListElement":[{"@type":"ListItem","position":1,"name":"Accueil","item":"https:\/\/chtululu.be\/"},{"@type":"ListItem","position":2,"name":"Les livres","item":"https:\/\/chtululu.be\/index.php\/livres-doccasion\/"},{"@type":"ListItem","position":3,"name":"Pas de No\u00ebl cette ann\u00e9e"}]},{"@type":"WebSite","@id":"https:\/\/chtululu.be\/#website","url":"https:\/\/chtululu.be\/","name":"Le Chtululu","description":"Votre librairie de seconde main \u00e0 Soignies","publisher":{"@id":"https:\/\/chtululu.be\/#organization"},"potentialAction":[{"@type":"SearchAction","target":{"@type":"EntryPoint","urlTemplate":"https:\/\/chtululu.be\/?s={search_term_string}"},"query-input":{"@type":"PropertyValueSpecification","valueRequired":true,"valueName":"search_term_string"}}],"inLanguage":"fr-FR"},{"@type":"Organization","@id":"https:\/\/chtululu.be\/#organization","name":"Le Chtululu","url":"https:\/\/chtululu.be\/","logo":{"@type":"ImageObject","inLanguage":"fr-FR","@id":"https:\/\/chtululu.be\/#\/schema\/logo\/image\/","url":"https:\/\/chtululu.be\/wp-content\/uploads\/2016\/05\/logo-def-blanc.jpg","contentUrl":"https:\/\/chtululu.be\/wp-content\/uploads\/2016\/05\/logo-def-blanc.jpg","width":2048,"height":1901,"caption":"Le Chtululu"},"image":{"@id":"https:\/\/chtululu.be\/#\/schema\/logo\/image\/"}}]}},"_links":{"self":[{"href":"https:\/\/chtululu.be\/index.php\/wp-json\/wp\/v2\/product\/950","targetHints":{"allow":["GET"]}}],"collection":[{"href":"https:\/\/chtululu.be\/index.php\/wp-json\/wp\/v2\/product"}],"about":[{"href":"https:\/\/chtululu.be\/index.php\/wp-json\/wp\/v2\/types\/product"}],"wp:featuredmedia":[{"embeddable":true,"href":"https:\/\/chtululu.be\/index.php\/wp-json\/wp\/v2\/media\/944"}],"wp:attachment":[{"href":"https:\/\/chtululu.be\/index.php\/wp-json\/wp\/v2\/media?parent=950"}],"wp:term":[{"taxonomy":"product_brand","embeddable":true,"href":"https:\/\/chtululu.be\/index.php\/wp-json\/wp\/v2\/product_brand?post=950"},{"taxonomy":"product_cat","embeddable":true,"href":"https:\/\/chtululu.be\/index.php\/wp-json\/wp\/v2\/product_cat?post=950"},{"taxonomy":"product_tag","embeddable":true,"href":"https:\/\/chtululu.be\/index.php\/wp-json\/wp\/v2\/product_tag?post=950"}],"curies":[{"name":"wp","href":"https:\/\/api.w.org\/{rel}","templated":true}]}}