{"id":878,"date":"2017-01-22T17:51:07","date_gmt":"2017-01-22T16:51:07","guid":{"rendered":"http:\/\/chtululu.be\/index.php\/produit\/80-notes-de-blanc\/"},"modified":"2021-01-01T20:42:46","modified_gmt":"2021-01-01T19:42:46","slug":"80-notes-de-blanc","status":"publish","type":"product","link":"https:\/\/chtululu.be\/index.php\/produit\/80-notes-de-blanc\/","title":{"rendered":"80 Notes de blanc"},"content":{"rendered":"","protected":false},"excerpt":{"rendered":"<p><strong>Jackson Vina<\/strong><br \/>\nLily m\u00e8ne une vie d\u0092\u00e9tudiante paisible \u00e0 Brighton.<br \/>\nPourtant, elle se sent attir\u00e9e par une existence moins conventionnelle et voudrait laisser libre cours \u00e0 ses d\u00e9sirs les plus profonds. Quand elle d\u00e9cide de rejoindre son amie Liana \u00e0 Londres, celle-ci lui ouvre les portes d\u0092un monde grisant. Lily rencontre alors des hommes tr\u00e8s diff\u00e9rents qui vont r\u00e9v\u00e9ler en elle des penchants insoup\u00e7onn\u00e9s. La jeune femme a beau s\u0092abandonner avec ivresse \u00e0 ces nouvelles exp\u00e9riences, elle n\u0092attend rien d\u0092autre que l\u0092amour. Finira-t-elle par s\u0092apercevoir que ce qu\u0092elle cherche se trouve sous ses yeux ?<\/p>\n","protected":false},"featured_media":857,"template":"","meta":{"_acf_changed":false,"_exactmetrics_skip_tracking":false,"_exactmetrics_sitenote_active":false,"_exactmetrics_sitenote_note":"","_exactmetrics_sitenote_category":0},"product_brand":[],"product_cat":[368],"product_tag":[253,255],"class_list":{"0":"post-878","1":"product","2":"type-product","3":"status-publish","4":"has-post-thumbnail","6":"product_cat-erotique","7":"product_tag-erotique","8":"product_tag-jackson-vina","10":"first","11":"instock","12":"sold-individually","13":"taxable","14":"shipping-taxable","15":"purchasable","16":"product-type-simple"},"acf":[],"yoast_head":"<!-- This site is optimized with the Yoast SEO plugin v26.6 - https:\/\/yoast.com\/wordpress\/plugins\/seo\/ -->\n<title>80 Notes de blanc - Le Chtululu<\/title>\n<meta name=\"robots\" content=\"index, follow, max-snippet:-1, max-image-preview:large, max-video-preview:-1\" \/>\n<link rel=\"canonical\" href=\"https:\/\/chtululu.be\/index.php\/produit\/80-notes-de-blanc\/\" \/>\n<meta property=\"og:locale\" content=\"fr_FR\" \/>\n<meta property=\"og:type\" content=\"article\" \/>\n<meta property=\"og:title\" content=\"80 Notes de blanc - Le Chtululu\" \/>\n<meta property=\"og:description\" content=\"Jackson Vina Lily m\u00e8ne une vie d\u0092\u00e9tudiante paisible \u00e0 Brighton. Pourtant, elle se sent attir\u00e9e par une existence moins conventionnelle et voudrait laisser libre cours \u00e0 ses d\u00e9sirs les plus profonds. Quand elle d\u00e9cide de rejoindre son amie Liana \u00e0 Londres, celle-ci lui ouvre les portes d\u0092un monde grisant. Lily rencontre alors des hommes tr\u00e8s diff\u00e9rents qui vont r\u00e9v\u00e9ler en elle des penchants insoup\u00e7onn\u00e9s. La jeune femme a beau s\u0092abandonner avec ivresse \u00e0 ces nouvelles exp\u00e9riences, elle n\u0092attend rien d\u0092autre que l\u0092amour. Finira-t-elle par s\u0092apercevoir que ce qu\u0092elle cherche se trouve sous ses yeux ?\" \/>\n<meta property=\"og:url\" content=\"https:\/\/chtululu.be\/index.php\/produit\/80-notes-de-blanc\/\" \/>\n<meta property=\"og:site_name\" content=\"Le Chtululu\" \/>\n<meta property=\"article:modified_time\" content=\"2021-01-01T19:42:46+00:00\" \/>\n<meta property=\"og:image\" content=\"https:\/\/chtululu.be\/wp-content\/uploads\/2017\/01\/80-blanc.jpg\" \/>\n\t<meta property=\"og:image:width\" content=\"200\" \/>\n\t<meta property=\"og:image:height\" content=\"317\" \/>\n\t<meta property=\"og:image:type\" content=\"image\/jpeg\" \/>\n<meta name=\"twitter:card\" content=\"summary_large_image\" \/>\n<script type=\"application\/ld+json\" class=\"yoast-schema-graph\">{\"@context\":\"https:\/\/schema.org\",\"@graph\":[{\"@type\":\"WebPage\",\"@id\":\"https:\/\/chtululu.be\/index.php\/produit\/80-notes-de-blanc\/\",\"url\":\"https:\/\/chtululu.be\/index.php\/produit\/80-notes-de-blanc\/\",\"name\":\"80 Notes de blanc - Le Chtululu\",\"isPartOf\":{\"@id\":\"https:\/\/chtululu.be\/#website\"},\"primaryImageOfPage\":{\"@id\":\"https:\/\/chtululu.be\/index.php\/produit\/80-notes-de-blanc\/#primaryimage\"},\"image\":{\"@id\":\"https:\/\/chtululu.be\/index.php\/produit\/80-notes-de-blanc\/#primaryimage\"},\"thumbnailUrl\":\"https:\/\/chtululu.be\/wp-content\/uploads\/2017\/01\/80-blanc.jpg\",\"datePublished\":\"2017-01-22T16:51:07+00:00\",\"dateModified\":\"2021-01-01T19:42:46+00:00\",\"breadcrumb\":{\"@id\":\"https:\/\/chtululu.be\/index.php\/produit\/80-notes-de-blanc\/#breadcrumb\"},\"inLanguage\":\"fr-FR\",\"potentialAction\":[{\"@type\":\"ReadAction\",\"target\":[\"https:\/\/chtululu.be\/index.php\/produit\/80-notes-de-blanc\/\"]}]},{\"@type\":\"ImageObject\",\"inLanguage\":\"fr-FR\",\"@id\":\"https:\/\/chtululu.be\/index.php\/produit\/80-notes-de-blanc\/#primaryimage\",\"url\":\"https:\/\/chtululu.be\/wp-content\/uploads\/2017\/01\/80-blanc.jpg\",\"contentUrl\":\"https:\/\/chtululu.be\/wp-content\/uploads\/2017\/01\/80-blanc.jpg\",\"width\":200,\"height\":317},{\"@type\":\"BreadcrumbList\",\"@id\":\"https:\/\/chtululu.be\/index.php\/produit\/80-notes-de-blanc\/#breadcrumb\",\"itemListElement\":[{\"@type\":\"ListItem\",\"position\":1,\"name\":\"Accueil\",\"item\":\"https:\/\/chtululu.be\/\"},{\"@type\":\"ListItem\",\"position\":2,\"name\":\"Les livres\",\"item\":\"https:\/\/chtululu.be\/index.php\/livres-doccasion\/\"},{\"@type\":\"ListItem\",\"position\":3,\"name\":\"80 Notes de blanc\"}]},{\"@type\":\"WebSite\",\"@id\":\"https:\/\/chtululu.be\/#website\",\"url\":\"https:\/\/chtululu.be\/\",\"name\":\"Le Chtululu\",\"description\":\"Votre librairie de seconde main \u00e0 Soignies\",\"publisher\":{\"@id\":\"https:\/\/chtululu.be\/#organization\"},\"potentialAction\":[{\"@type\":\"SearchAction\",\"target\":{\"@type\":\"EntryPoint\",\"urlTemplate\":\"https:\/\/chtululu.be\/?s={search_term_string}\"},\"query-input\":{\"@type\":\"PropertyValueSpecification\",\"valueRequired\":true,\"valueName\":\"search_term_string\"}}],\"inLanguage\":\"fr-FR\"},{\"@type\":\"Organization\",\"@id\":\"https:\/\/chtululu.be\/#organization\",\"name\":\"Le Chtululu\",\"url\":\"https:\/\/chtululu.be\/\",\"logo\":{\"@type\":\"ImageObject\",\"inLanguage\":\"fr-FR\",\"@id\":\"https:\/\/chtululu.be\/#\/schema\/logo\/image\/\",\"url\":\"https:\/\/chtululu.be\/wp-content\/uploads\/2016\/05\/logo-def-blanc.jpg\",\"contentUrl\":\"https:\/\/chtululu.be\/wp-content\/uploads\/2016\/05\/logo-def-blanc.jpg\",\"width\":2048,\"height\":1901,\"caption\":\"Le Chtululu\"},\"image\":{\"@id\":\"https:\/\/chtululu.be\/#\/schema\/logo\/image\/\"}}]}<\/script>\n<!-- \/ Yoast SEO plugin. -->","yoast_head_json":{"title":"80 Notes de blanc - Le Chtululu","robots":{"index":"index","follow":"follow","max-snippet":"max-snippet:-1","max-image-preview":"max-image-preview:large","max-video-preview":"max-video-preview:-1"},"canonical":"https:\/\/chtululu.be\/index.php\/produit\/80-notes-de-blanc\/","og_locale":"fr_FR","og_type":"article","og_title":"80 Notes de blanc - Le Chtululu","og_description":"Jackson Vina Lily m\u00e8ne une vie d\u0092\u00e9tudiante paisible \u00e0 Brighton. Pourtant, elle se sent attir\u00e9e par une existence moins conventionnelle et voudrait laisser libre cours \u00e0 ses d\u00e9sirs les plus profonds. Quand elle d\u00e9cide de rejoindre son amie Liana \u00e0 Londres, celle-ci lui ouvre les portes d\u0092un monde grisant. Lily rencontre alors des hommes tr\u00e8s diff\u00e9rents qui vont r\u00e9v\u00e9ler en elle des penchants insoup\u00e7onn\u00e9s. La jeune femme a beau s\u0092abandonner avec ivresse \u00e0 ces nouvelles exp\u00e9riences, elle n\u0092attend rien d\u0092autre que l\u0092amour. Finira-t-elle par s\u0092apercevoir que ce qu\u0092elle cherche se trouve sous ses yeux ?","og_url":"https:\/\/chtululu.be\/index.php\/produit\/80-notes-de-blanc\/","og_site_name":"Le Chtululu","article_modified_time":"2021-01-01T19:42:46+00:00","og_image":[{"width":200,"height":317,"url":"https:\/\/chtululu.be\/wp-content\/uploads\/2017\/01\/80-blanc.jpg","type":"image\/jpeg"}],"twitter_card":"summary_large_image","schema":{"@context":"https:\/\/schema.org","@graph":[{"@type":"WebPage","@id":"https:\/\/chtululu.be\/index.php\/produit\/80-notes-de-blanc\/","url":"https:\/\/chtululu.be\/index.php\/produit\/80-notes-de-blanc\/","name":"80 Notes de blanc - Le Chtululu","isPartOf":{"@id":"https:\/\/chtululu.be\/#website"},"primaryImageOfPage":{"@id":"https:\/\/chtululu.be\/index.php\/produit\/80-notes-de-blanc\/#primaryimage"},"image":{"@id":"https:\/\/chtululu.be\/index.php\/produit\/80-notes-de-blanc\/#primaryimage"},"thumbnailUrl":"https:\/\/chtululu.be\/wp-content\/uploads\/2017\/01\/80-blanc.jpg","datePublished":"2017-01-22T16:51:07+00:00","dateModified":"2021-01-01T19:42:46+00:00","breadcrumb":{"@id":"https:\/\/chtululu.be\/index.php\/produit\/80-notes-de-blanc\/#breadcrumb"},"inLanguage":"fr-FR","potentialAction":[{"@type":"ReadAction","target":["https:\/\/chtululu.be\/index.php\/produit\/80-notes-de-blanc\/"]}]},{"@type":"ImageObject","inLanguage":"fr-FR","@id":"https:\/\/chtululu.be\/index.php\/produit\/80-notes-de-blanc\/#primaryimage","url":"https:\/\/chtululu.be\/wp-content\/uploads\/2017\/01\/80-blanc.jpg","contentUrl":"https:\/\/chtululu.be\/wp-content\/uploads\/2017\/01\/80-blanc.jpg","width":200,"height":317},{"@type":"BreadcrumbList","@id":"https:\/\/chtululu.be\/index.php\/produit\/80-notes-de-blanc\/#breadcrumb","itemListElement":[{"@type":"ListItem","position":1,"name":"Accueil","item":"https:\/\/chtululu.be\/"},{"@type":"ListItem","position":2,"name":"Les livres","item":"https:\/\/chtululu.be\/index.php\/livres-doccasion\/"},{"@type":"ListItem","position":3,"name":"80 Notes de blanc"}]},{"@type":"WebSite","@id":"https:\/\/chtululu.be\/#website","url":"https:\/\/chtululu.be\/","name":"Le Chtululu","description":"Votre librairie de seconde main \u00e0 Soignies","publisher":{"@id":"https:\/\/chtululu.be\/#organization"},"potentialAction":[{"@type":"SearchAction","target":{"@type":"EntryPoint","urlTemplate":"https:\/\/chtululu.be\/?s={search_term_string}"},"query-input":{"@type":"PropertyValueSpecification","valueRequired":true,"valueName":"search_term_string"}}],"inLanguage":"fr-FR"},{"@type":"Organization","@id":"https:\/\/chtululu.be\/#organization","name":"Le Chtululu","url":"https:\/\/chtululu.be\/","logo":{"@type":"ImageObject","inLanguage":"fr-FR","@id":"https:\/\/chtululu.be\/#\/schema\/logo\/image\/","url":"https:\/\/chtululu.be\/wp-content\/uploads\/2016\/05\/logo-def-blanc.jpg","contentUrl":"https:\/\/chtululu.be\/wp-content\/uploads\/2016\/05\/logo-def-blanc.jpg","width":2048,"height":1901,"caption":"Le Chtululu"},"image":{"@id":"https:\/\/chtululu.be\/#\/schema\/logo\/image\/"}}]}},"_links":{"self":[{"href":"https:\/\/chtululu.be\/index.php\/wp-json\/wp\/v2\/product\/878","targetHints":{"allow":["GET"]}}],"collection":[{"href":"https:\/\/chtululu.be\/index.php\/wp-json\/wp\/v2\/product"}],"about":[{"href":"https:\/\/chtululu.be\/index.php\/wp-json\/wp\/v2\/types\/product"}],"wp:featuredmedia":[{"embeddable":true,"href":"https:\/\/chtululu.be\/index.php\/wp-json\/wp\/v2\/media\/857"}],"wp:attachment":[{"href":"https:\/\/chtululu.be\/index.php\/wp-json\/wp\/v2\/media?parent=878"}],"wp:term":[{"taxonomy":"product_brand","embeddable":true,"href":"https:\/\/chtululu.be\/index.php\/wp-json\/wp\/v2\/product_brand?post=878"},{"taxonomy":"product_cat","embeddable":true,"href":"https:\/\/chtululu.be\/index.php\/wp-json\/wp\/v2\/product_cat?post=878"},{"taxonomy":"product_tag","embeddable":true,"href":"https:\/\/chtululu.be\/index.php\/wp-json\/wp\/v2\/product_tag?post=878"}],"curies":[{"name":"wp","href":"https:\/\/api.w.org\/{rel}","templated":true}]}}