{"id":836,"date":"2017-01-21T11:34:10","date_gmt":"2017-01-21T10:34:10","guid":{"rendered":"http:\/\/chtululu.be\/index.php\/produit\/ce-que-vivent-les-hommes-t-1-les-noels-blancs\/"},"modified":"2017-01-21T11:36:10","modified_gmt":"2017-01-21T10:36:10","slug":"ce-que-vivent-les-hommes-t-1-les-noels-blancs","status":"publish","type":"product","link":"https:\/\/chtululu.be\/index.php\/produit\/ce-que-vivent-les-hommes-t-1-les-noels-blancs\/","title":{"rendered":"Ce que vivent les hommes t.1 : Les No\u00ebls blancs"},"content":{"rendered":"","protected":false},"excerpt":{"rendered":"<p><strong>Signol Christian<\/strong><br \/>\nC&rsquo;est une saga du si\u00e8cle. C&rsquo;est aussi l&rsquo;\u00e9pop\u00e9e de trois enfants. Deux fr\u00e8res et une s\u009cur issus d&rsquo;une famille de paysans, les Barth\u00e9lemy. Des gens de peu. Simples, honn\u00eates, courageux. \u00c0 la mort des parents, les enfants doivent affronter la vie, ses petites joies comme ses grandes vacheries. Le destin va les s\u00e9parer, puis les r\u00e9unir. Entretemps, ils auront travers\u00e9 le si\u00e8cle. Et un monde sera mort : celui de leur jeunesse&#8230;<\/p>\n<p>Derri\u00e8re le r\u00e9cit de leurs histoires individuelles, on entend souffler le vent de l&rsquo;Histoire, la grande en train de se faire. Christian Signol, auteur \u00e0 succ\u00e8s de La Rivi\u00e8re Esp\u00e9rance &#8211; roman vendu \u00e0 plus de deux millions d&rsquo;exemplaires et adapt\u00e9 \u00e0 la t\u00e9l\u00e9vision &#8211; se fait le chroniqueur des m\u00e9tamorphoses v\u00e9cues par la France depuis 1900.<\/p>\n","protected":false},"featured_media":837,"template":"","meta":{"_acf_changed":false,"_exactmetrics_skip_tracking":false,"_exactmetrics_sitenote_active":false,"_exactmetrics_sitenote_note":"","_exactmetrics_sitenote_category":0},"product_brand":[],"product_cat":[24],"product_tag":[240],"class_list":{"0":"post-836","1":"product","2":"type-product","3":"status-publish","4":"has-post-thumbnail","6":"product_cat-roman","7":"product_tag-signol-christian","9":"first","10":"instock","11":"sold-individually","12":"taxable","13":"shipping-taxable","14":"purchasable","15":"product-type-simple"},"acf":[],"yoast_head":"<!-- This site is optimized with the Yoast SEO plugin v26.6 - https:\/\/yoast.com\/wordpress\/plugins\/seo\/ -->\n<title>Ce que vivent les hommes t.1 : Les No\u00ebls blancs - Le Chtululu<\/title>\n<meta name=\"robots\" content=\"index, follow, max-snippet:-1, max-image-preview:large, max-video-preview:-1\" \/>\n<link rel=\"canonical\" href=\"https:\/\/chtululu.be\/index.php\/produit\/ce-que-vivent-les-hommes-t-1-les-noels-blancs\/\" \/>\n<meta property=\"og:locale\" content=\"fr_FR\" \/>\n<meta property=\"og:type\" content=\"article\" \/>\n<meta property=\"og:title\" content=\"Ce que vivent les hommes t.1 : Les No\u00ebls blancs - Le Chtululu\" \/>\n<meta property=\"og:description\" content=\"Signol Christian C&#039;est une saga du si\u00e8cle. C&#039;est aussi l&#039;\u00e9pop\u00e9e de trois enfants. Deux fr\u00e8res et une s\u009cur issus d&#039;une famille de paysans, les Barth\u00e9lemy. Des gens de peu. Simples, honn\u00eates, courageux. \u00c0 la mort des parents, les enfants doivent affronter la vie, ses petites joies comme ses grandes vacheries. Le destin va les s\u00e9parer, puis les r\u00e9unir. Entretemps, ils auront travers\u00e9 le si\u00e8cle. Et un monde sera mort : celui de leur jeunesse...  Derri\u00e8re le r\u00e9cit de leurs histoires individuelles, on entend souffler le vent de l&#039;Histoire, la grande en train de se faire. Christian Signol, auteur \u00e0 succ\u00e8s de La Rivi\u00e8re Esp\u00e9rance - roman vendu \u00e0 plus de deux millions d&#039;exemplaires et adapt\u00e9 \u00e0 la t\u00e9l\u00e9vision - se fait le chroniqueur des m\u00e9tamorphoses v\u00e9cues par la France depuis 1900.\" \/>\n<meta property=\"og:url\" content=\"https:\/\/chtululu.be\/index.php\/produit\/ce-que-vivent-les-hommes-t-1-les-noels-blancs\/\" \/>\n<meta property=\"og:site_name\" content=\"Le Chtululu\" \/>\n<meta property=\"article:modified_time\" content=\"2017-01-21T10:36:10+00:00\" \/>\n<meta property=\"og:image\" content=\"https:\/\/chtululu.be\/wp-content\/uploads\/2017\/01\/Noels_blancs.jpg\" \/>\n\t<meta property=\"og:image:width\" content=\"200\" \/>\n\t<meta property=\"og:image:height\" content=\"304\" \/>\n\t<meta property=\"og:image:type\" content=\"image\/jpeg\" \/>\n<meta name=\"twitter:card\" content=\"summary_large_image\" \/>\n<script type=\"application\/ld+json\" class=\"yoast-schema-graph\">{\"@context\":\"https:\/\/schema.org\",\"@graph\":[{\"@type\":\"WebPage\",\"@id\":\"https:\/\/chtululu.be\/index.php\/produit\/ce-que-vivent-les-hommes-t-1-les-noels-blancs\/\",\"url\":\"https:\/\/chtululu.be\/index.php\/produit\/ce-que-vivent-les-hommes-t-1-les-noels-blancs\/\",\"name\":\"Ce que vivent les hommes t.1 : Les No\u00ebls blancs - Le Chtululu\",\"isPartOf\":{\"@id\":\"https:\/\/chtululu.be\/#website\"},\"primaryImageOfPage\":{\"@id\":\"https:\/\/chtululu.be\/index.php\/produit\/ce-que-vivent-les-hommes-t-1-les-noels-blancs\/#primaryimage\"},\"image\":{\"@id\":\"https:\/\/chtululu.be\/index.php\/produit\/ce-que-vivent-les-hommes-t-1-les-noels-blancs\/#primaryimage\"},\"thumbnailUrl\":\"https:\/\/chtululu.be\/wp-content\/uploads\/2017\/01\/Noels_blancs.jpg\",\"datePublished\":\"2017-01-21T10:34:10+00:00\",\"dateModified\":\"2017-01-21T10:36:10+00:00\",\"breadcrumb\":{\"@id\":\"https:\/\/chtululu.be\/index.php\/produit\/ce-que-vivent-les-hommes-t-1-les-noels-blancs\/#breadcrumb\"},\"inLanguage\":\"fr-FR\",\"potentialAction\":[{\"@type\":\"ReadAction\",\"target\":[\"https:\/\/chtululu.be\/index.php\/produit\/ce-que-vivent-les-hommes-t-1-les-noels-blancs\/\"]}]},{\"@type\":\"ImageObject\",\"inLanguage\":\"fr-FR\",\"@id\":\"https:\/\/chtululu.be\/index.php\/produit\/ce-que-vivent-les-hommes-t-1-les-noels-blancs\/#primaryimage\",\"url\":\"https:\/\/chtululu.be\/wp-content\/uploads\/2017\/01\/Noels_blancs.jpg\",\"contentUrl\":\"https:\/\/chtululu.be\/wp-content\/uploads\/2017\/01\/Noels_blancs.jpg\",\"width\":200,\"height\":304},{\"@type\":\"BreadcrumbList\",\"@id\":\"https:\/\/chtululu.be\/index.php\/produit\/ce-que-vivent-les-hommes-t-1-les-noels-blancs\/#breadcrumb\",\"itemListElement\":[{\"@type\":\"ListItem\",\"position\":1,\"name\":\"Accueil\",\"item\":\"https:\/\/chtululu.be\/\"},{\"@type\":\"ListItem\",\"position\":2,\"name\":\"Les livres\",\"item\":\"https:\/\/chtululu.be\/index.php\/livres-doccasion\/\"},{\"@type\":\"ListItem\",\"position\":3,\"name\":\"Ce que vivent les hommes t.1 : Les No\u00ebls blancs\"}]},{\"@type\":\"WebSite\",\"@id\":\"https:\/\/chtululu.be\/#website\",\"url\":\"https:\/\/chtululu.be\/\",\"name\":\"Le Chtululu\",\"description\":\"Votre librairie de seconde main \u00e0 Soignies\",\"publisher\":{\"@id\":\"https:\/\/chtululu.be\/#organization\"},\"potentialAction\":[{\"@type\":\"SearchAction\",\"target\":{\"@type\":\"EntryPoint\",\"urlTemplate\":\"https:\/\/chtululu.be\/?s={search_term_string}\"},\"query-input\":{\"@type\":\"PropertyValueSpecification\",\"valueRequired\":true,\"valueName\":\"search_term_string\"}}],\"inLanguage\":\"fr-FR\"},{\"@type\":\"Organization\",\"@id\":\"https:\/\/chtululu.be\/#organization\",\"name\":\"Le Chtululu\",\"url\":\"https:\/\/chtululu.be\/\",\"logo\":{\"@type\":\"ImageObject\",\"inLanguage\":\"fr-FR\",\"@id\":\"https:\/\/chtululu.be\/#\/schema\/logo\/image\/\",\"url\":\"https:\/\/chtululu.be\/wp-content\/uploads\/2016\/05\/logo-def-blanc.jpg\",\"contentUrl\":\"https:\/\/chtululu.be\/wp-content\/uploads\/2016\/05\/logo-def-blanc.jpg\",\"width\":2048,\"height\":1901,\"caption\":\"Le Chtululu\"},\"image\":{\"@id\":\"https:\/\/chtululu.be\/#\/schema\/logo\/image\/\"}}]}<\/script>\n<!-- \/ Yoast SEO plugin. -->","yoast_head_json":{"title":"Ce que vivent les hommes t.1 : Les No\u00ebls blancs - Le Chtululu","robots":{"index":"index","follow":"follow","max-snippet":"max-snippet:-1","max-image-preview":"max-image-preview:large","max-video-preview":"max-video-preview:-1"},"canonical":"https:\/\/chtululu.be\/index.php\/produit\/ce-que-vivent-les-hommes-t-1-les-noels-blancs\/","og_locale":"fr_FR","og_type":"article","og_title":"Ce que vivent les hommes t.1 : Les No\u00ebls blancs - Le Chtululu","og_description":"Signol Christian C'est une saga du si\u00e8cle. C'est aussi l'\u00e9pop\u00e9e de trois enfants. Deux fr\u00e8res et une s\u009cur issus d'une famille de paysans, les Barth\u00e9lemy. Des gens de peu. Simples, honn\u00eates, courageux. \u00c0 la mort des parents, les enfants doivent affronter la vie, ses petites joies comme ses grandes vacheries. Le destin va les s\u00e9parer, puis les r\u00e9unir. Entretemps, ils auront travers\u00e9 le si\u00e8cle. Et un monde sera mort : celui de leur jeunesse...  Derri\u00e8re le r\u00e9cit de leurs histoires individuelles, on entend souffler le vent de l'Histoire, la grande en train de se faire. Christian Signol, auteur \u00e0 succ\u00e8s de La Rivi\u00e8re Esp\u00e9rance - roman vendu \u00e0 plus de deux millions d'exemplaires et adapt\u00e9 \u00e0 la t\u00e9l\u00e9vision - se fait le chroniqueur des m\u00e9tamorphoses v\u00e9cues par la France depuis 1900.","og_url":"https:\/\/chtululu.be\/index.php\/produit\/ce-que-vivent-les-hommes-t-1-les-noels-blancs\/","og_site_name":"Le Chtululu","article_modified_time":"2017-01-21T10:36:10+00:00","og_image":[{"width":200,"height":304,"url":"https:\/\/chtululu.be\/wp-content\/uploads\/2017\/01\/Noels_blancs.jpg","type":"image\/jpeg"}],"twitter_card":"summary_large_image","schema":{"@context":"https:\/\/schema.org","@graph":[{"@type":"WebPage","@id":"https:\/\/chtululu.be\/index.php\/produit\/ce-que-vivent-les-hommes-t-1-les-noels-blancs\/","url":"https:\/\/chtululu.be\/index.php\/produit\/ce-que-vivent-les-hommes-t-1-les-noels-blancs\/","name":"Ce que vivent les hommes t.1 : Les No\u00ebls blancs - Le Chtululu","isPartOf":{"@id":"https:\/\/chtululu.be\/#website"},"primaryImageOfPage":{"@id":"https:\/\/chtululu.be\/index.php\/produit\/ce-que-vivent-les-hommes-t-1-les-noels-blancs\/#primaryimage"},"image":{"@id":"https:\/\/chtululu.be\/index.php\/produit\/ce-que-vivent-les-hommes-t-1-les-noels-blancs\/#primaryimage"},"thumbnailUrl":"https:\/\/chtululu.be\/wp-content\/uploads\/2017\/01\/Noels_blancs.jpg","datePublished":"2017-01-21T10:34:10+00:00","dateModified":"2017-01-21T10:36:10+00:00","breadcrumb":{"@id":"https:\/\/chtululu.be\/index.php\/produit\/ce-que-vivent-les-hommes-t-1-les-noels-blancs\/#breadcrumb"},"inLanguage":"fr-FR","potentialAction":[{"@type":"ReadAction","target":["https:\/\/chtululu.be\/index.php\/produit\/ce-que-vivent-les-hommes-t-1-les-noels-blancs\/"]}]},{"@type":"ImageObject","inLanguage":"fr-FR","@id":"https:\/\/chtululu.be\/index.php\/produit\/ce-que-vivent-les-hommes-t-1-les-noels-blancs\/#primaryimage","url":"https:\/\/chtululu.be\/wp-content\/uploads\/2017\/01\/Noels_blancs.jpg","contentUrl":"https:\/\/chtululu.be\/wp-content\/uploads\/2017\/01\/Noels_blancs.jpg","width":200,"height":304},{"@type":"BreadcrumbList","@id":"https:\/\/chtululu.be\/index.php\/produit\/ce-que-vivent-les-hommes-t-1-les-noels-blancs\/#breadcrumb","itemListElement":[{"@type":"ListItem","position":1,"name":"Accueil","item":"https:\/\/chtululu.be\/"},{"@type":"ListItem","position":2,"name":"Les livres","item":"https:\/\/chtululu.be\/index.php\/livres-doccasion\/"},{"@type":"ListItem","position":3,"name":"Ce que vivent les hommes t.1 : Les No\u00ebls blancs"}]},{"@type":"WebSite","@id":"https:\/\/chtululu.be\/#website","url":"https:\/\/chtululu.be\/","name":"Le Chtululu","description":"Votre librairie de seconde main \u00e0 Soignies","publisher":{"@id":"https:\/\/chtululu.be\/#organization"},"potentialAction":[{"@type":"SearchAction","target":{"@type":"EntryPoint","urlTemplate":"https:\/\/chtululu.be\/?s={search_term_string}"},"query-input":{"@type":"PropertyValueSpecification","valueRequired":true,"valueName":"search_term_string"}}],"inLanguage":"fr-FR"},{"@type":"Organization","@id":"https:\/\/chtululu.be\/#organization","name":"Le Chtululu","url":"https:\/\/chtululu.be\/","logo":{"@type":"ImageObject","inLanguage":"fr-FR","@id":"https:\/\/chtululu.be\/#\/schema\/logo\/image\/","url":"https:\/\/chtululu.be\/wp-content\/uploads\/2016\/05\/logo-def-blanc.jpg","contentUrl":"https:\/\/chtululu.be\/wp-content\/uploads\/2016\/05\/logo-def-blanc.jpg","width":2048,"height":1901,"caption":"Le Chtululu"},"image":{"@id":"https:\/\/chtululu.be\/#\/schema\/logo\/image\/"}}]}},"_links":{"self":[{"href":"https:\/\/chtululu.be\/index.php\/wp-json\/wp\/v2\/product\/836","targetHints":{"allow":["GET"]}}],"collection":[{"href":"https:\/\/chtululu.be\/index.php\/wp-json\/wp\/v2\/product"}],"about":[{"href":"https:\/\/chtululu.be\/index.php\/wp-json\/wp\/v2\/types\/product"}],"wp:featuredmedia":[{"embeddable":true,"href":"https:\/\/chtululu.be\/index.php\/wp-json\/wp\/v2\/media\/837"}],"wp:attachment":[{"href":"https:\/\/chtululu.be\/index.php\/wp-json\/wp\/v2\/media?parent=836"}],"wp:term":[{"taxonomy":"product_brand","embeddable":true,"href":"https:\/\/chtululu.be\/index.php\/wp-json\/wp\/v2\/product_brand?post=836"},{"taxonomy":"product_cat","embeddable":true,"href":"https:\/\/chtululu.be\/index.php\/wp-json\/wp\/v2\/product_cat?post=836"},{"taxonomy":"product_tag","embeddable":true,"href":"https:\/\/chtululu.be\/index.php\/wp-json\/wp\/v2\/product_tag?post=836"}],"curies":[{"name":"wp","href":"https:\/\/api.w.org\/{rel}","templated":true}]}}