{"id":834,"date":"2017-01-21T11:34:08","date_gmt":"2017-01-21T10:34:08","guid":{"rendered":"http:\/\/chtululu.be\/index.php\/produit\/ce-que-vivent-les-hommes-t2-les-printemps-de-ce-monde\/"},"modified":"2017-01-21T11:38:58","modified_gmt":"2017-01-21T10:38:58","slug":"ce-que-vivent-les-hommes-t2-les-printemps-de-ce-monde","status":"publish","type":"product","link":"https:\/\/chtululu.be\/index.php\/produit\/ce-que-vivent-les-hommes-t2-les-printemps-de-ce-monde\/","title":{"rendered":"Ce que vivent les hommes t.2 : Les Printemps de ce monde"},"content":{"rendered":"","protected":false},"excerpt":{"rendered":"<p><strong>Signol Christian<\/strong><br \/>\n\u00c9t\u00e9 1939. Au Pradel, Fran\u00e7ois et Alo\u00efse Barth\u00e9lemy, aid\u00e9s de leur fils ain\u00e9, continuent de travailler la terre familiale. Depuis longtemps, les cadets se sont dispers\u00e9s : Mathieu fait prosp\u00e9rer un domaine en Alg\u00e9rie avec femme et enfants. En Suisse, Lucie tremble pour son \u00e9poux allemand et pour leur fils. Charles et sa fianc\u00e9e Mathilde, tous deux instituteurs, ont \u00e9t\u00e9 nomm\u00e9s \u00e0 quelques kilom\u00e8tres. Quant \u00e0 Louise, la benjamine, elle r\u00eave de devenir missionnaire en Afrique. Il est bien loin le temps heureux de leur enfance o\u00f9 ils accueillaient des \u00ab cherche-pains \u00bb pour leur faire partager le peu qu&rsquo;ils avaient&#8230;<\/p>\n<p>Mais une m\u00eame force continue de les porter chaque No\u00ebl vers cette terre du Pradel o\u00f9 on se ressource, dont on r\u00eave lorsque la r\u00e9alit\u00e9 est trop douloureuse et o\u00f9 l&rsquo;on vient mourir.<br \/>\nLa guerre arrive, qui va infl\u00e9chir le cours de leur vie comme elle a infl\u00e9chi celui de tous ces Fran\u00e7ais qui ont travers\u00e9 le XXe si\u00e8cle.<\/p>\n","protected":false},"featured_media":0,"template":"","meta":{"_acf_changed":false,"_exactmetrics_skip_tracking":false,"_exactmetrics_sitenote_active":false,"_exactmetrics_sitenote_note":"","_exactmetrics_sitenote_category":0},"product_brand":[],"product_cat":[24],"product_tag":[240],"class_list":{"0":"post-834","1":"product","2":"type-product","3":"status-publish","5":"product_cat-roman","6":"product_tag-signol-christian","8":"first","9":"instock","10":"sold-individually","11":"taxable","12":"shipping-taxable","13":"purchasable","14":"product-type-simple"},"acf":[],"yoast_head":"<!-- This site is optimized with the Yoast SEO plugin v26.6 - https:\/\/yoast.com\/wordpress\/plugins\/seo\/ -->\n<title>Ce que vivent les hommes t.2 : Les Printemps de ce monde - Le Chtululu<\/title>\n<meta name=\"robots\" content=\"index, follow, max-snippet:-1, max-image-preview:large, max-video-preview:-1\" \/>\n<link rel=\"canonical\" href=\"https:\/\/chtululu.be\/index.php\/produit\/ce-que-vivent-les-hommes-t2-les-printemps-de-ce-monde\/\" \/>\n<meta property=\"og:locale\" content=\"fr_FR\" \/>\n<meta property=\"og:type\" content=\"article\" \/>\n<meta property=\"og:title\" content=\"Ce que vivent les hommes t.2 : Les Printemps de ce monde - Le Chtululu\" \/>\n<meta property=\"og:description\" content=\"Signol Christian \u00c9t\u00e9 1939. Au Pradel, Fran\u00e7ois et Alo\u00efse Barth\u00e9lemy, aid\u00e9s de leur fils ain\u00e9, continuent de travailler la terre familiale. Depuis longtemps, les cadets se sont dispers\u00e9s : Mathieu fait prosp\u00e9rer un domaine en Alg\u00e9rie avec femme et enfants. En Suisse, Lucie tremble pour son \u00e9poux allemand et pour leur fils. Charles et sa fianc\u00e9e Mathilde, tous deux instituteurs, ont \u00e9t\u00e9 nomm\u00e9s \u00e0 quelques kilom\u00e8tres. Quant \u00e0 Louise, la benjamine, elle r\u00eave de devenir missionnaire en Afrique. Il est bien loin le temps heureux de leur enfance o\u00f9 ils accueillaient des \u00ab cherche-pains \u00bb pour leur faire partager le peu qu&#039;ils avaient...  Mais une m\u00eame force continue de les porter chaque No\u00ebl vers cette terre du Pradel o\u00f9 on se ressource, dont on r\u00eave lorsque la r\u00e9alit\u00e9 est trop douloureuse et o\u00f9 l&#039;on vient mourir. La guerre arrive, qui va infl\u00e9chir le cours de leur vie comme elle a infl\u00e9chi celui de tous ces Fran\u00e7ais qui ont travers\u00e9 le XXe si\u00e8cle.\" \/>\n<meta property=\"og:url\" content=\"https:\/\/chtululu.be\/index.php\/produit\/ce-que-vivent-les-hommes-t2-les-printemps-de-ce-monde\/\" \/>\n<meta property=\"og:site_name\" content=\"Le Chtululu\" \/>\n<meta property=\"article:modified_time\" content=\"2017-01-21T10:38:58+00:00\" \/>\n<meta name=\"twitter:card\" content=\"summary_large_image\" \/>\n<script type=\"application\/ld+json\" class=\"yoast-schema-graph\">{\"@context\":\"https:\/\/schema.org\",\"@graph\":[{\"@type\":\"WebPage\",\"@id\":\"https:\/\/chtululu.be\/index.php\/produit\/ce-que-vivent-les-hommes-t2-les-printemps-de-ce-monde\/\",\"url\":\"https:\/\/chtululu.be\/index.php\/produit\/ce-que-vivent-les-hommes-t2-les-printemps-de-ce-monde\/\",\"name\":\"Ce que vivent les hommes t.2 : Les Printemps de ce monde - Le Chtululu\",\"isPartOf\":{\"@id\":\"https:\/\/chtululu.be\/#website\"},\"datePublished\":\"2017-01-21T10:34:08+00:00\",\"dateModified\":\"2017-01-21T10:38:58+00:00\",\"breadcrumb\":{\"@id\":\"https:\/\/chtululu.be\/index.php\/produit\/ce-que-vivent-les-hommes-t2-les-printemps-de-ce-monde\/#breadcrumb\"},\"inLanguage\":\"fr-FR\",\"potentialAction\":[{\"@type\":\"ReadAction\",\"target\":[\"https:\/\/chtululu.be\/index.php\/produit\/ce-que-vivent-les-hommes-t2-les-printemps-de-ce-monde\/\"]}]},{\"@type\":\"BreadcrumbList\",\"@id\":\"https:\/\/chtululu.be\/index.php\/produit\/ce-que-vivent-les-hommes-t2-les-printemps-de-ce-monde\/#breadcrumb\",\"itemListElement\":[{\"@type\":\"ListItem\",\"position\":1,\"name\":\"Accueil\",\"item\":\"https:\/\/chtululu.be\/\"},{\"@type\":\"ListItem\",\"position\":2,\"name\":\"Les livres\",\"item\":\"https:\/\/chtululu.be\/index.php\/livres-doccasion\/\"},{\"@type\":\"ListItem\",\"position\":3,\"name\":\"Ce que vivent les hommes t.2 : Les Printemps de ce monde\"}]},{\"@type\":\"WebSite\",\"@id\":\"https:\/\/chtululu.be\/#website\",\"url\":\"https:\/\/chtululu.be\/\",\"name\":\"Le Chtululu\",\"description\":\"Votre librairie de seconde main \u00e0 Soignies\",\"publisher\":{\"@id\":\"https:\/\/chtululu.be\/#organization\"},\"potentialAction\":[{\"@type\":\"SearchAction\",\"target\":{\"@type\":\"EntryPoint\",\"urlTemplate\":\"https:\/\/chtululu.be\/?s={search_term_string}\"},\"query-input\":{\"@type\":\"PropertyValueSpecification\",\"valueRequired\":true,\"valueName\":\"search_term_string\"}}],\"inLanguage\":\"fr-FR\"},{\"@type\":\"Organization\",\"@id\":\"https:\/\/chtululu.be\/#organization\",\"name\":\"Le Chtululu\",\"url\":\"https:\/\/chtululu.be\/\",\"logo\":{\"@type\":\"ImageObject\",\"inLanguage\":\"fr-FR\",\"@id\":\"https:\/\/chtululu.be\/#\/schema\/logo\/image\/\",\"url\":\"https:\/\/chtululu.be\/wp-content\/uploads\/2016\/05\/logo-def-blanc.jpg\",\"contentUrl\":\"https:\/\/chtululu.be\/wp-content\/uploads\/2016\/05\/logo-def-blanc.jpg\",\"width\":2048,\"height\":1901,\"caption\":\"Le Chtululu\"},\"image\":{\"@id\":\"https:\/\/chtululu.be\/#\/schema\/logo\/image\/\"}}]}<\/script>\n<!-- \/ Yoast SEO plugin. -->","yoast_head_json":{"title":"Ce que vivent les hommes t.2 : Les Printemps de ce monde - Le Chtululu","robots":{"index":"index","follow":"follow","max-snippet":"max-snippet:-1","max-image-preview":"max-image-preview:large","max-video-preview":"max-video-preview:-1"},"canonical":"https:\/\/chtululu.be\/index.php\/produit\/ce-que-vivent-les-hommes-t2-les-printemps-de-ce-monde\/","og_locale":"fr_FR","og_type":"article","og_title":"Ce que vivent les hommes t.2 : Les Printemps de ce monde - Le Chtululu","og_description":"Signol Christian \u00c9t\u00e9 1939. Au Pradel, Fran\u00e7ois et Alo\u00efse Barth\u00e9lemy, aid\u00e9s de leur fils ain\u00e9, continuent de travailler la terre familiale. Depuis longtemps, les cadets se sont dispers\u00e9s : Mathieu fait prosp\u00e9rer un domaine en Alg\u00e9rie avec femme et enfants. En Suisse, Lucie tremble pour son \u00e9poux allemand et pour leur fils. Charles et sa fianc\u00e9e Mathilde, tous deux instituteurs, ont \u00e9t\u00e9 nomm\u00e9s \u00e0 quelques kilom\u00e8tres. Quant \u00e0 Louise, la benjamine, elle r\u00eave de devenir missionnaire en Afrique. Il est bien loin le temps heureux de leur enfance o\u00f9 ils accueillaient des \u00ab cherche-pains \u00bb pour leur faire partager le peu qu'ils avaient...  Mais une m\u00eame force continue de les porter chaque No\u00ebl vers cette terre du Pradel o\u00f9 on se ressource, dont on r\u00eave lorsque la r\u00e9alit\u00e9 est trop douloureuse et o\u00f9 l'on vient mourir. La guerre arrive, qui va infl\u00e9chir le cours de leur vie comme elle a infl\u00e9chi celui de tous ces Fran\u00e7ais qui ont travers\u00e9 le XXe si\u00e8cle.","og_url":"https:\/\/chtululu.be\/index.php\/produit\/ce-que-vivent-les-hommes-t2-les-printemps-de-ce-monde\/","og_site_name":"Le Chtululu","article_modified_time":"2017-01-21T10:38:58+00:00","twitter_card":"summary_large_image","schema":{"@context":"https:\/\/schema.org","@graph":[{"@type":"WebPage","@id":"https:\/\/chtululu.be\/index.php\/produit\/ce-que-vivent-les-hommes-t2-les-printemps-de-ce-monde\/","url":"https:\/\/chtululu.be\/index.php\/produit\/ce-que-vivent-les-hommes-t2-les-printemps-de-ce-monde\/","name":"Ce que vivent les hommes t.2 : Les Printemps de ce monde - Le Chtululu","isPartOf":{"@id":"https:\/\/chtululu.be\/#website"},"datePublished":"2017-01-21T10:34:08+00:00","dateModified":"2017-01-21T10:38:58+00:00","breadcrumb":{"@id":"https:\/\/chtululu.be\/index.php\/produit\/ce-que-vivent-les-hommes-t2-les-printemps-de-ce-monde\/#breadcrumb"},"inLanguage":"fr-FR","potentialAction":[{"@type":"ReadAction","target":["https:\/\/chtululu.be\/index.php\/produit\/ce-que-vivent-les-hommes-t2-les-printemps-de-ce-monde\/"]}]},{"@type":"BreadcrumbList","@id":"https:\/\/chtululu.be\/index.php\/produit\/ce-que-vivent-les-hommes-t2-les-printemps-de-ce-monde\/#breadcrumb","itemListElement":[{"@type":"ListItem","position":1,"name":"Accueil","item":"https:\/\/chtululu.be\/"},{"@type":"ListItem","position":2,"name":"Les livres","item":"https:\/\/chtululu.be\/index.php\/livres-doccasion\/"},{"@type":"ListItem","position":3,"name":"Ce que vivent les hommes t.2 : Les Printemps de ce monde"}]},{"@type":"WebSite","@id":"https:\/\/chtululu.be\/#website","url":"https:\/\/chtululu.be\/","name":"Le Chtululu","description":"Votre librairie de seconde main \u00e0 Soignies","publisher":{"@id":"https:\/\/chtululu.be\/#organization"},"potentialAction":[{"@type":"SearchAction","target":{"@type":"EntryPoint","urlTemplate":"https:\/\/chtululu.be\/?s={search_term_string}"},"query-input":{"@type":"PropertyValueSpecification","valueRequired":true,"valueName":"search_term_string"}}],"inLanguage":"fr-FR"},{"@type":"Organization","@id":"https:\/\/chtululu.be\/#organization","name":"Le Chtululu","url":"https:\/\/chtululu.be\/","logo":{"@type":"ImageObject","inLanguage":"fr-FR","@id":"https:\/\/chtululu.be\/#\/schema\/logo\/image\/","url":"https:\/\/chtululu.be\/wp-content\/uploads\/2016\/05\/logo-def-blanc.jpg","contentUrl":"https:\/\/chtululu.be\/wp-content\/uploads\/2016\/05\/logo-def-blanc.jpg","width":2048,"height":1901,"caption":"Le Chtululu"},"image":{"@id":"https:\/\/chtululu.be\/#\/schema\/logo\/image\/"}}]}},"_links":{"self":[{"href":"https:\/\/chtululu.be\/index.php\/wp-json\/wp\/v2\/product\/834","targetHints":{"allow":["GET"]}}],"collection":[{"href":"https:\/\/chtululu.be\/index.php\/wp-json\/wp\/v2\/product"}],"about":[{"href":"https:\/\/chtululu.be\/index.php\/wp-json\/wp\/v2\/types\/product"}],"wp:attachment":[{"href":"https:\/\/chtululu.be\/index.php\/wp-json\/wp\/v2\/media?parent=834"}],"wp:term":[{"taxonomy":"product_brand","embeddable":true,"href":"https:\/\/chtululu.be\/index.php\/wp-json\/wp\/v2\/product_brand?post=834"},{"taxonomy":"product_cat","embeddable":true,"href":"https:\/\/chtululu.be\/index.php\/wp-json\/wp\/v2\/product_cat?post=834"},{"taxonomy":"product_tag","embeddable":true,"href":"https:\/\/chtululu.be\/index.php\/wp-json\/wp\/v2\/product_tag?post=834"}],"curies":[{"name":"wp","href":"https:\/\/api.w.org\/{rel}","templated":true}]}}