{"id":827,"date":"2017-01-21T11:10:37","date_gmt":"2017-01-21T10:10:37","guid":{"rendered":"http:\/\/chtululu.be\/?post_type=product&#038;p=827"},"modified":"2017-01-21T11:10:37","modified_gmt":"2017-01-21T10:10:37","slug":"mercy-thompson-t-2-liens-sang","status":"publish","type":"product","link":"https:\/\/chtululu.be\/index.php\/produit\/mercy-thompson-t-2-liens-sang\/","title":{"rendered":"Mercy Thompson t.2 : Les liens du sang"},"content":{"rendered":"","protected":false},"excerpt":{"rendered":"<p><strong>Briggs Patricia<\/strong><\/p>\n<p>\u00ab Gr\u00e2ce \u00e0 la science, les b\u00fbchers de sorci\u00e8res, ordalies et autres lynchages publics appartiennent au pass\u00e9. En contrepartie, le citoyen mod\u00e8le, rationnel et respectueux de la loi, n\u2019a pas \u00e0 s\u2019inqui\u00e9ter des cr\u00e9atures qui errent dans la nuit. Je voudrais parfois \u00eatre l\u2019un de ces citoyens mod\u00e8les\u2026 \u00bb<\/p>\n<p>La m\u00e9canicienne auto Mercedes Thompson a des amis un peu partout\u2026 y compris dans des tombeaux. Et elle doit une faveur \u00e0 l\u2019un d\u2019entre eux. Pouvant changer de forme \u00e0 volont\u00e9, elle accepte de pr\u00eater main-forte \u00e0 son ami vampire Stefan pour remettre un message \u00e0 un autre mort-vivant.<br \/>\nMais ce vampire inconnu est loin d\u2019\u00eatre ordinaire\u2026 tout comme le d\u00e9mon qui le poss\u00e8de.<\/p>\n","protected":false},"featured_media":829,"template":"","meta":{"_acf_changed":false,"_exactmetrics_skip_tracking":false,"_exactmetrics_sitenote_active":false,"_exactmetrics_sitenote_note":"","_exactmetrics_sitenote_category":0},"product_brand":[],"product_cat":[24],"product_tag":[226,238],"class_list":{"0":"post-827","1":"product","2":"type-product","3":"status-publish","4":"has-post-thumbnail","6":"product_cat-roman","7":"product_tag-bit-lit","8":"product_tag-briggs-patricia","10":"first","11":"instock","12":"sold-individually","13":"taxable","14":"shipping-taxable","15":"purchasable","16":"product-type-simple"},"acf":[],"yoast_head":"<!-- This site is optimized with the Yoast SEO plugin v26.6 - https:\/\/yoast.com\/wordpress\/plugins\/seo\/ -->\n<title>Mercy Thompson t.2 : Les liens du sang - Le Chtululu<\/title>\n<meta name=\"robots\" content=\"index, follow, max-snippet:-1, max-image-preview:large, max-video-preview:-1\" \/>\n<link rel=\"canonical\" href=\"https:\/\/chtululu.be\/index.php\/produit\/mercy-thompson-t-2-liens-sang\/\" \/>\n<meta property=\"og:locale\" content=\"fr_FR\" \/>\n<meta property=\"og:type\" content=\"article\" \/>\n<meta property=\"og:title\" content=\"Mercy Thompson t.2 : Les liens du sang - Le Chtululu\" \/>\n<meta property=\"og:description\" content=\"Briggs Patricia  \u00ab Gr\u00e2ce \u00e0 la science, les b\u00fbchers de sorci\u00e8res, ordalies et autres lynchages publics appartiennent au pass\u00e9. En contrepartie, le citoyen mod\u00e8le, rationnel et respectueux de la loi, n\u2019a pas \u00e0 s\u2019inqui\u00e9ter des cr\u00e9atures qui errent dans la nuit. Je voudrais parfois \u00eatre l\u2019un de ces citoyens mod\u00e8les\u2026 \u00bb  La m\u00e9canicienne auto Mercedes Thompson a des amis un peu partout\u2026 y compris dans des tombeaux. Et elle doit une faveur \u00e0 l\u2019un d\u2019entre eux. Pouvant changer de forme \u00e0 volont\u00e9, elle accepte de pr\u00eater main-forte \u00e0 son ami vampire Stefan pour remettre un message \u00e0 un autre mort-vivant. Mais ce vampire inconnu est loin d\u2019\u00eatre ordinaire\u2026 tout comme le d\u00e9mon qui le poss\u00e8de.\" \/>\n<meta property=\"og:url\" content=\"https:\/\/chtululu.be\/index.php\/produit\/mercy-thompson-t-2-liens-sang\/\" \/>\n<meta property=\"og:site_name\" content=\"Le Chtululu\" \/>\n<meta property=\"og:image\" content=\"https:\/\/chtululu.be\/wp-content\/uploads\/2017\/01\/briggs.jpg\" \/>\n\t<meta property=\"og:image:width\" content=\"200\" \/>\n\t<meta property=\"og:image:height\" content=\"323\" \/>\n\t<meta property=\"og:image:type\" content=\"image\/jpeg\" \/>\n<meta name=\"twitter:card\" content=\"summary_large_image\" \/>\n<script type=\"application\/ld+json\" class=\"yoast-schema-graph\">{\"@context\":\"https:\/\/schema.org\",\"@graph\":[{\"@type\":\"WebPage\",\"@id\":\"https:\/\/chtululu.be\/index.php\/produit\/mercy-thompson-t-2-liens-sang\/\",\"url\":\"https:\/\/chtululu.be\/index.php\/produit\/mercy-thompson-t-2-liens-sang\/\",\"name\":\"Mercy Thompson t.2 : Les liens du sang - Le Chtululu\",\"isPartOf\":{\"@id\":\"https:\/\/chtululu.be\/#website\"},\"primaryImageOfPage\":{\"@id\":\"https:\/\/chtululu.be\/index.php\/produit\/mercy-thompson-t-2-liens-sang\/#primaryimage\"},\"image\":{\"@id\":\"https:\/\/chtululu.be\/index.php\/produit\/mercy-thompson-t-2-liens-sang\/#primaryimage\"},\"thumbnailUrl\":\"https:\/\/chtululu.be\/wp-content\/uploads\/2017\/01\/briggs.jpg\",\"datePublished\":\"2017-01-21T10:10:37+00:00\",\"breadcrumb\":{\"@id\":\"https:\/\/chtululu.be\/index.php\/produit\/mercy-thompson-t-2-liens-sang\/#breadcrumb\"},\"inLanguage\":\"fr-FR\",\"potentialAction\":[{\"@type\":\"ReadAction\",\"target\":[\"https:\/\/chtululu.be\/index.php\/produit\/mercy-thompson-t-2-liens-sang\/\"]}]},{\"@type\":\"ImageObject\",\"inLanguage\":\"fr-FR\",\"@id\":\"https:\/\/chtululu.be\/index.php\/produit\/mercy-thompson-t-2-liens-sang\/#primaryimage\",\"url\":\"https:\/\/chtululu.be\/wp-content\/uploads\/2017\/01\/briggs.jpg\",\"contentUrl\":\"https:\/\/chtululu.be\/wp-content\/uploads\/2017\/01\/briggs.jpg\",\"width\":200,\"height\":323},{\"@type\":\"BreadcrumbList\",\"@id\":\"https:\/\/chtululu.be\/index.php\/produit\/mercy-thompson-t-2-liens-sang\/#breadcrumb\",\"itemListElement\":[{\"@type\":\"ListItem\",\"position\":1,\"name\":\"Accueil\",\"item\":\"https:\/\/chtululu.be\/\"},{\"@type\":\"ListItem\",\"position\":2,\"name\":\"Les livres\",\"item\":\"https:\/\/chtululu.be\/index.php\/livres-doccasion\/\"},{\"@type\":\"ListItem\",\"position\":3,\"name\":\"Mercy Thompson t.2 : Les liens du sang\"}]},{\"@type\":\"WebSite\",\"@id\":\"https:\/\/chtululu.be\/#website\",\"url\":\"https:\/\/chtululu.be\/\",\"name\":\"Le Chtululu\",\"description\":\"Votre librairie de seconde main \u00e0 Soignies\",\"publisher\":{\"@id\":\"https:\/\/chtululu.be\/#organization\"},\"potentialAction\":[{\"@type\":\"SearchAction\",\"target\":{\"@type\":\"EntryPoint\",\"urlTemplate\":\"https:\/\/chtululu.be\/?s={search_term_string}\"},\"query-input\":{\"@type\":\"PropertyValueSpecification\",\"valueRequired\":true,\"valueName\":\"search_term_string\"}}],\"inLanguage\":\"fr-FR\"},{\"@type\":\"Organization\",\"@id\":\"https:\/\/chtululu.be\/#organization\",\"name\":\"Le Chtululu\",\"url\":\"https:\/\/chtululu.be\/\",\"logo\":{\"@type\":\"ImageObject\",\"inLanguage\":\"fr-FR\",\"@id\":\"https:\/\/chtululu.be\/#\/schema\/logo\/image\/\",\"url\":\"https:\/\/chtululu.be\/wp-content\/uploads\/2016\/05\/logo-def-blanc.jpg\",\"contentUrl\":\"https:\/\/chtululu.be\/wp-content\/uploads\/2016\/05\/logo-def-blanc.jpg\",\"width\":2048,\"height\":1901,\"caption\":\"Le Chtululu\"},\"image\":{\"@id\":\"https:\/\/chtululu.be\/#\/schema\/logo\/image\/\"}}]}<\/script>\n<!-- \/ Yoast SEO plugin. -->","yoast_head_json":{"title":"Mercy Thompson t.2 : Les liens du sang - Le Chtululu","robots":{"index":"index","follow":"follow","max-snippet":"max-snippet:-1","max-image-preview":"max-image-preview:large","max-video-preview":"max-video-preview:-1"},"canonical":"https:\/\/chtululu.be\/index.php\/produit\/mercy-thompson-t-2-liens-sang\/","og_locale":"fr_FR","og_type":"article","og_title":"Mercy Thompson t.2 : Les liens du sang - Le Chtululu","og_description":"Briggs Patricia  \u00ab Gr\u00e2ce \u00e0 la science, les b\u00fbchers de sorci\u00e8res, ordalies et autres lynchages publics appartiennent au pass\u00e9. En contrepartie, le citoyen mod\u00e8le, rationnel et respectueux de la loi, n\u2019a pas \u00e0 s\u2019inqui\u00e9ter des cr\u00e9atures qui errent dans la nuit. Je voudrais parfois \u00eatre l\u2019un de ces citoyens mod\u00e8les\u2026 \u00bb  La m\u00e9canicienne auto Mercedes Thompson a des amis un peu partout\u2026 y compris dans des tombeaux. Et elle doit une faveur \u00e0 l\u2019un d\u2019entre eux. Pouvant changer de forme \u00e0 volont\u00e9, elle accepte de pr\u00eater main-forte \u00e0 son ami vampire Stefan pour remettre un message \u00e0 un autre mort-vivant. Mais ce vampire inconnu est loin d\u2019\u00eatre ordinaire\u2026 tout comme le d\u00e9mon qui le poss\u00e8de.","og_url":"https:\/\/chtululu.be\/index.php\/produit\/mercy-thompson-t-2-liens-sang\/","og_site_name":"Le Chtululu","og_image":[{"width":200,"height":323,"url":"https:\/\/chtululu.be\/wp-content\/uploads\/2017\/01\/briggs.jpg","type":"image\/jpeg"}],"twitter_card":"summary_large_image","schema":{"@context":"https:\/\/schema.org","@graph":[{"@type":"WebPage","@id":"https:\/\/chtululu.be\/index.php\/produit\/mercy-thompson-t-2-liens-sang\/","url":"https:\/\/chtululu.be\/index.php\/produit\/mercy-thompson-t-2-liens-sang\/","name":"Mercy Thompson t.2 : Les liens du sang - Le Chtululu","isPartOf":{"@id":"https:\/\/chtululu.be\/#website"},"primaryImageOfPage":{"@id":"https:\/\/chtululu.be\/index.php\/produit\/mercy-thompson-t-2-liens-sang\/#primaryimage"},"image":{"@id":"https:\/\/chtululu.be\/index.php\/produit\/mercy-thompson-t-2-liens-sang\/#primaryimage"},"thumbnailUrl":"https:\/\/chtululu.be\/wp-content\/uploads\/2017\/01\/briggs.jpg","datePublished":"2017-01-21T10:10:37+00:00","breadcrumb":{"@id":"https:\/\/chtululu.be\/index.php\/produit\/mercy-thompson-t-2-liens-sang\/#breadcrumb"},"inLanguage":"fr-FR","potentialAction":[{"@type":"ReadAction","target":["https:\/\/chtululu.be\/index.php\/produit\/mercy-thompson-t-2-liens-sang\/"]}]},{"@type":"ImageObject","inLanguage":"fr-FR","@id":"https:\/\/chtululu.be\/index.php\/produit\/mercy-thompson-t-2-liens-sang\/#primaryimage","url":"https:\/\/chtululu.be\/wp-content\/uploads\/2017\/01\/briggs.jpg","contentUrl":"https:\/\/chtululu.be\/wp-content\/uploads\/2017\/01\/briggs.jpg","width":200,"height":323},{"@type":"BreadcrumbList","@id":"https:\/\/chtululu.be\/index.php\/produit\/mercy-thompson-t-2-liens-sang\/#breadcrumb","itemListElement":[{"@type":"ListItem","position":1,"name":"Accueil","item":"https:\/\/chtululu.be\/"},{"@type":"ListItem","position":2,"name":"Les livres","item":"https:\/\/chtululu.be\/index.php\/livres-doccasion\/"},{"@type":"ListItem","position":3,"name":"Mercy Thompson t.2 : Les liens du sang"}]},{"@type":"WebSite","@id":"https:\/\/chtululu.be\/#website","url":"https:\/\/chtululu.be\/","name":"Le Chtululu","description":"Votre librairie de seconde main \u00e0 Soignies","publisher":{"@id":"https:\/\/chtululu.be\/#organization"},"potentialAction":[{"@type":"SearchAction","target":{"@type":"EntryPoint","urlTemplate":"https:\/\/chtululu.be\/?s={search_term_string}"},"query-input":{"@type":"PropertyValueSpecification","valueRequired":true,"valueName":"search_term_string"}}],"inLanguage":"fr-FR"},{"@type":"Organization","@id":"https:\/\/chtululu.be\/#organization","name":"Le Chtululu","url":"https:\/\/chtululu.be\/","logo":{"@type":"ImageObject","inLanguage":"fr-FR","@id":"https:\/\/chtululu.be\/#\/schema\/logo\/image\/","url":"https:\/\/chtululu.be\/wp-content\/uploads\/2016\/05\/logo-def-blanc.jpg","contentUrl":"https:\/\/chtululu.be\/wp-content\/uploads\/2016\/05\/logo-def-blanc.jpg","width":2048,"height":1901,"caption":"Le Chtululu"},"image":{"@id":"https:\/\/chtululu.be\/#\/schema\/logo\/image\/"}}]}},"_links":{"self":[{"href":"https:\/\/chtululu.be\/index.php\/wp-json\/wp\/v2\/product\/827","targetHints":{"allow":["GET"]}}],"collection":[{"href":"https:\/\/chtululu.be\/index.php\/wp-json\/wp\/v2\/product"}],"about":[{"href":"https:\/\/chtululu.be\/index.php\/wp-json\/wp\/v2\/types\/product"}],"wp:featuredmedia":[{"embeddable":true,"href":"https:\/\/chtululu.be\/index.php\/wp-json\/wp\/v2\/media\/829"}],"wp:attachment":[{"href":"https:\/\/chtululu.be\/index.php\/wp-json\/wp\/v2\/media?parent=827"}],"wp:term":[{"taxonomy":"product_brand","embeddable":true,"href":"https:\/\/chtululu.be\/index.php\/wp-json\/wp\/v2\/product_brand?post=827"},{"taxonomy":"product_cat","embeddable":true,"href":"https:\/\/chtululu.be\/index.php\/wp-json\/wp\/v2\/product_cat?post=827"},{"taxonomy":"product_tag","embeddable":true,"href":"https:\/\/chtululu.be\/index.php\/wp-json\/wp\/v2\/product_tag?post=827"}],"curies":[{"name":"wp","href":"https:\/\/api.w.org\/{rel}","templated":true}]}}