{"id":821,"date":"2017-01-21T10:57:36","date_gmt":"2017-01-21T09:57:36","guid":{"rendered":"http:\/\/chtululu.be\/?post_type=product&#038;p=821"},"modified":"2017-01-21T11:03:16","modified_gmt":"2017-01-21T10:03:16","slug":"lamant-vengeur-t-7-confrerie-de-dague-noire","status":"publish","type":"product","link":"https:\/\/chtululu.be\/index.php\/produit\/lamant-vengeur-t-7-confrerie-de-dague-noire\/","title":{"rendered":"L&rsquo;Amant vengeur t.7 : La confr\u00e9rie de la dague noire"},"content":{"rendered":"","protected":false},"excerpt":{"rendered":"<p><strong>Ward J.R.<\/strong><\/p>\n<p>Vhengeance vit dans l\u2019ombre depuis toujours. Mais lorsque le vent de la r\u00e9bellion se met \u00e0 souff ler sur la soci\u00e9t\u00e9 des vampires, son intr\u00e9pidit\u00e9 fait de lui l\u2019homme de la situation pour assassiner Kolher, le roi. Son c\u00f4t\u00e9 sombre meurt d\u2019envie de profiter de l\u2019occasion, cependant Vhengeance a d\u2019autres probl\u00e8mes, car son identit\u00e9 de symphathe est sur le point d\u2019\u00eatre d\u00e9voil\u00e9e. C\u2019est alors qu\u2019il se tournera vers l\u2019unique lumi\u00e8re de son univers inqui\u00e9tant : une femelle vampire ignorant tout de la corruption. Ehlena. Le seul \u00eatre qui pourrait le sauver de la damnation \u00e9ternelle\u2026<\/p>\n","protected":false},"featured_media":825,"template":"","meta":{"_acf_changed":false,"_exactmetrics_skip_tracking":false,"_exactmetrics_sitenote_active":false,"_exactmetrics_sitenote_note":"","_exactmetrics_sitenote_category":0},"product_brand":[],"product_cat":[24],"product_tag":[226,236],"class_list":{"0":"post-821","1":"product","2":"type-product","3":"status-publish","4":"has-post-thumbnail","6":"product_cat-roman","7":"product_tag-bit-lit","8":"product_tag-ward-j-r","10":"first","11":"instock","12":"sold-individually","13":"taxable","14":"shipping-taxable","15":"purchasable","16":"product-type-simple"},"acf":[],"yoast_head":"<!-- This site is optimized with the Yoast SEO plugin v26.6 - https:\/\/yoast.com\/wordpress\/plugins\/seo\/ -->\n<title>L&#039;Amant vengeur t.7 : La confr\u00e9rie de la dague noire - Le Chtululu<\/title>\n<meta name=\"robots\" content=\"index, follow, max-snippet:-1, max-image-preview:large, max-video-preview:-1\" \/>\n<link rel=\"canonical\" href=\"https:\/\/chtululu.be\/index.php\/produit\/lamant-vengeur-t-7-confrerie-de-dague-noire\/\" \/>\n<meta property=\"og:locale\" content=\"fr_FR\" \/>\n<meta property=\"og:type\" content=\"article\" \/>\n<meta property=\"og:title\" content=\"L&#039;Amant vengeur t.7 : La confr\u00e9rie de la dague noire - Le Chtululu\" \/>\n<meta property=\"og:description\" content=\"Ward J.R.  Vhengeance vit dans l\u2019ombre depuis toujours. Mais lorsque le vent de la r\u00e9bellion se met \u00e0 souff ler sur la soci\u00e9t\u00e9 des vampires, son intr\u00e9pidit\u00e9 fait de lui l\u2019homme de la situation pour assassiner Kolher, le roi. Son c\u00f4t\u00e9 sombre meurt d\u2019envie de profiter de l\u2019occasion, cependant Vhengeance a d\u2019autres probl\u00e8mes, car son identit\u00e9 de symphathe est sur le point d\u2019\u00eatre d\u00e9voil\u00e9e. C\u2019est alors qu\u2019il se tournera vers l\u2019unique lumi\u00e8re de son univers inqui\u00e9tant : une femelle vampire ignorant tout de la corruption. Ehlena. Le seul \u00eatre qui pourrait le sauver de la damnation \u00e9ternelle\u2026\" \/>\n<meta property=\"og:url\" content=\"https:\/\/chtululu.be\/index.php\/produit\/lamant-vengeur-t-7-confrerie-de-dague-noire\/\" \/>\n<meta property=\"og:site_name\" content=\"Le Chtululu\" \/>\n<meta property=\"article:modified_time\" content=\"2017-01-21T10:03:16+00:00\" \/>\n<meta property=\"og:image\" content=\"https:\/\/chtululu.be\/wp-content\/uploads\/2017\/01\/L_amant_vengeur_La_Confrerie_de_la_dague_noire_tome_7-1.jpg\" \/>\n\t<meta property=\"og:image:width\" content=\"200\" \/>\n\t<meta property=\"og:image:height\" content=\"273\" \/>\n\t<meta property=\"og:image:type\" content=\"image\/jpeg\" \/>\n<meta name=\"twitter:card\" content=\"summary_large_image\" \/>\n<script type=\"application\/ld+json\" class=\"yoast-schema-graph\">{\"@context\":\"https:\/\/schema.org\",\"@graph\":[{\"@type\":\"WebPage\",\"@id\":\"https:\/\/chtululu.be\/index.php\/produit\/lamant-vengeur-t-7-confrerie-de-dague-noire\/\",\"url\":\"https:\/\/chtululu.be\/index.php\/produit\/lamant-vengeur-t-7-confrerie-de-dague-noire\/\",\"name\":\"L'Amant vengeur t.7 : La confr\u00e9rie de la dague noire - Le Chtululu\",\"isPartOf\":{\"@id\":\"https:\/\/chtululu.be\/#website\"},\"primaryImageOfPage\":{\"@id\":\"https:\/\/chtululu.be\/index.php\/produit\/lamant-vengeur-t-7-confrerie-de-dague-noire\/#primaryimage\"},\"image\":{\"@id\":\"https:\/\/chtululu.be\/index.php\/produit\/lamant-vengeur-t-7-confrerie-de-dague-noire\/#primaryimage\"},\"thumbnailUrl\":\"https:\/\/chtululu.be\/wp-content\/uploads\/2017\/01\/L_amant_vengeur_La_Confrerie_de_la_dague_noire_tome_7-1.jpg\",\"datePublished\":\"2017-01-21T09:57:36+00:00\",\"dateModified\":\"2017-01-21T10:03:16+00:00\",\"breadcrumb\":{\"@id\":\"https:\/\/chtululu.be\/index.php\/produit\/lamant-vengeur-t-7-confrerie-de-dague-noire\/#breadcrumb\"},\"inLanguage\":\"fr-FR\",\"potentialAction\":[{\"@type\":\"ReadAction\",\"target\":[\"https:\/\/chtululu.be\/index.php\/produit\/lamant-vengeur-t-7-confrerie-de-dague-noire\/\"]}]},{\"@type\":\"ImageObject\",\"inLanguage\":\"fr-FR\",\"@id\":\"https:\/\/chtululu.be\/index.php\/produit\/lamant-vengeur-t-7-confrerie-de-dague-noire\/#primaryimage\",\"url\":\"https:\/\/chtululu.be\/wp-content\/uploads\/2017\/01\/L_amant_vengeur_La_Confrerie_de_la_dague_noire_tome_7-1.jpg\",\"contentUrl\":\"https:\/\/chtululu.be\/wp-content\/uploads\/2017\/01\/L_amant_vengeur_La_Confrerie_de_la_dague_noire_tome_7-1.jpg\",\"width\":200,\"height\":273},{\"@type\":\"BreadcrumbList\",\"@id\":\"https:\/\/chtululu.be\/index.php\/produit\/lamant-vengeur-t-7-confrerie-de-dague-noire\/#breadcrumb\",\"itemListElement\":[{\"@type\":\"ListItem\",\"position\":1,\"name\":\"Accueil\",\"item\":\"https:\/\/chtululu.be\/\"},{\"@type\":\"ListItem\",\"position\":2,\"name\":\"Les livres\",\"item\":\"https:\/\/chtululu.be\/index.php\/livres-doccasion\/\"},{\"@type\":\"ListItem\",\"position\":3,\"name\":\"L&rsquo;Amant vengeur t.7 : La confr\u00e9rie de la dague noire\"}]},{\"@type\":\"WebSite\",\"@id\":\"https:\/\/chtululu.be\/#website\",\"url\":\"https:\/\/chtululu.be\/\",\"name\":\"Le Chtululu\",\"description\":\"Votre librairie de seconde main \u00e0 Soignies\",\"publisher\":{\"@id\":\"https:\/\/chtululu.be\/#organization\"},\"potentialAction\":[{\"@type\":\"SearchAction\",\"target\":{\"@type\":\"EntryPoint\",\"urlTemplate\":\"https:\/\/chtululu.be\/?s={search_term_string}\"},\"query-input\":{\"@type\":\"PropertyValueSpecification\",\"valueRequired\":true,\"valueName\":\"search_term_string\"}}],\"inLanguage\":\"fr-FR\"},{\"@type\":\"Organization\",\"@id\":\"https:\/\/chtululu.be\/#organization\",\"name\":\"Le Chtululu\",\"url\":\"https:\/\/chtululu.be\/\",\"logo\":{\"@type\":\"ImageObject\",\"inLanguage\":\"fr-FR\",\"@id\":\"https:\/\/chtululu.be\/#\/schema\/logo\/image\/\",\"url\":\"https:\/\/chtululu.be\/wp-content\/uploads\/2016\/05\/logo-def-blanc.jpg\",\"contentUrl\":\"https:\/\/chtululu.be\/wp-content\/uploads\/2016\/05\/logo-def-blanc.jpg\",\"width\":2048,\"height\":1901,\"caption\":\"Le Chtululu\"},\"image\":{\"@id\":\"https:\/\/chtululu.be\/#\/schema\/logo\/image\/\"}}]}<\/script>\n<!-- \/ Yoast SEO plugin. -->","yoast_head_json":{"title":"L'Amant vengeur t.7 : La confr\u00e9rie de la dague noire - Le Chtululu","robots":{"index":"index","follow":"follow","max-snippet":"max-snippet:-1","max-image-preview":"max-image-preview:large","max-video-preview":"max-video-preview:-1"},"canonical":"https:\/\/chtululu.be\/index.php\/produit\/lamant-vengeur-t-7-confrerie-de-dague-noire\/","og_locale":"fr_FR","og_type":"article","og_title":"L'Amant vengeur t.7 : La confr\u00e9rie de la dague noire - Le Chtululu","og_description":"Ward J.R.  Vhengeance vit dans l\u2019ombre depuis toujours. Mais lorsque le vent de la r\u00e9bellion se met \u00e0 souff ler sur la soci\u00e9t\u00e9 des vampires, son intr\u00e9pidit\u00e9 fait de lui l\u2019homme de la situation pour assassiner Kolher, le roi. Son c\u00f4t\u00e9 sombre meurt d\u2019envie de profiter de l\u2019occasion, cependant Vhengeance a d\u2019autres probl\u00e8mes, car son identit\u00e9 de symphathe est sur le point d\u2019\u00eatre d\u00e9voil\u00e9e. C\u2019est alors qu\u2019il se tournera vers l\u2019unique lumi\u00e8re de son univers inqui\u00e9tant : une femelle vampire ignorant tout de la corruption. Ehlena. Le seul \u00eatre qui pourrait le sauver de la damnation \u00e9ternelle\u2026","og_url":"https:\/\/chtululu.be\/index.php\/produit\/lamant-vengeur-t-7-confrerie-de-dague-noire\/","og_site_name":"Le Chtululu","article_modified_time":"2017-01-21T10:03:16+00:00","og_image":[{"width":200,"height":273,"url":"https:\/\/chtululu.be\/wp-content\/uploads\/2017\/01\/L_amant_vengeur_La_Confrerie_de_la_dague_noire_tome_7-1.jpg","type":"image\/jpeg"}],"twitter_card":"summary_large_image","schema":{"@context":"https:\/\/schema.org","@graph":[{"@type":"WebPage","@id":"https:\/\/chtululu.be\/index.php\/produit\/lamant-vengeur-t-7-confrerie-de-dague-noire\/","url":"https:\/\/chtululu.be\/index.php\/produit\/lamant-vengeur-t-7-confrerie-de-dague-noire\/","name":"L'Amant vengeur t.7 : La confr\u00e9rie de la dague noire - Le Chtululu","isPartOf":{"@id":"https:\/\/chtululu.be\/#website"},"primaryImageOfPage":{"@id":"https:\/\/chtululu.be\/index.php\/produit\/lamant-vengeur-t-7-confrerie-de-dague-noire\/#primaryimage"},"image":{"@id":"https:\/\/chtululu.be\/index.php\/produit\/lamant-vengeur-t-7-confrerie-de-dague-noire\/#primaryimage"},"thumbnailUrl":"https:\/\/chtululu.be\/wp-content\/uploads\/2017\/01\/L_amant_vengeur_La_Confrerie_de_la_dague_noire_tome_7-1.jpg","datePublished":"2017-01-21T09:57:36+00:00","dateModified":"2017-01-21T10:03:16+00:00","breadcrumb":{"@id":"https:\/\/chtululu.be\/index.php\/produit\/lamant-vengeur-t-7-confrerie-de-dague-noire\/#breadcrumb"},"inLanguage":"fr-FR","potentialAction":[{"@type":"ReadAction","target":["https:\/\/chtululu.be\/index.php\/produit\/lamant-vengeur-t-7-confrerie-de-dague-noire\/"]}]},{"@type":"ImageObject","inLanguage":"fr-FR","@id":"https:\/\/chtululu.be\/index.php\/produit\/lamant-vengeur-t-7-confrerie-de-dague-noire\/#primaryimage","url":"https:\/\/chtululu.be\/wp-content\/uploads\/2017\/01\/L_amant_vengeur_La_Confrerie_de_la_dague_noire_tome_7-1.jpg","contentUrl":"https:\/\/chtululu.be\/wp-content\/uploads\/2017\/01\/L_amant_vengeur_La_Confrerie_de_la_dague_noire_tome_7-1.jpg","width":200,"height":273},{"@type":"BreadcrumbList","@id":"https:\/\/chtululu.be\/index.php\/produit\/lamant-vengeur-t-7-confrerie-de-dague-noire\/#breadcrumb","itemListElement":[{"@type":"ListItem","position":1,"name":"Accueil","item":"https:\/\/chtululu.be\/"},{"@type":"ListItem","position":2,"name":"Les livres","item":"https:\/\/chtululu.be\/index.php\/livres-doccasion\/"},{"@type":"ListItem","position":3,"name":"L&rsquo;Amant vengeur t.7 : La confr\u00e9rie de la dague noire"}]},{"@type":"WebSite","@id":"https:\/\/chtululu.be\/#website","url":"https:\/\/chtululu.be\/","name":"Le Chtululu","description":"Votre librairie de seconde main \u00e0 Soignies","publisher":{"@id":"https:\/\/chtululu.be\/#organization"},"potentialAction":[{"@type":"SearchAction","target":{"@type":"EntryPoint","urlTemplate":"https:\/\/chtululu.be\/?s={search_term_string}"},"query-input":{"@type":"PropertyValueSpecification","valueRequired":true,"valueName":"search_term_string"}}],"inLanguage":"fr-FR"},{"@type":"Organization","@id":"https:\/\/chtululu.be\/#organization","name":"Le Chtululu","url":"https:\/\/chtululu.be\/","logo":{"@type":"ImageObject","inLanguage":"fr-FR","@id":"https:\/\/chtululu.be\/#\/schema\/logo\/image\/","url":"https:\/\/chtululu.be\/wp-content\/uploads\/2016\/05\/logo-def-blanc.jpg","contentUrl":"https:\/\/chtululu.be\/wp-content\/uploads\/2016\/05\/logo-def-blanc.jpg","width":2048,"height":1901,"caption":"Le Chtululu"},"image":{"@id":"https:\/\/chtululu.be\/#\/schema\/logo\/image\/"}}]}},"_links":{"self":[{"href":"https:\/\/chtululu.be\/index.php\/wp-json\/wp\/v2\/product\/821","targetHints":{"allow":["GET"]}}],"collection":[{"href":"https:\/\/chtululu.be\/index.php\/wp-json\/wp\/v2\/product"}],"about":[{"href":"https:\/\/chtululu.be\/index.php\/wp-json\/wp\/v2\/types\/product"}],"wp:featuredmedia":[{"embeddable":true,"href":"https:\/\/chtululu.be\/index.php\/wp-json\/wp\/v2\/media\/825"}],"wp:attachment":[{"href":"https:\/\/chtululu.be\/index.php\/wp-json\/wp\/v2\/media?parent=821"}],"wp:term":[{"taxonomy":"product_brand","embeddable":true,"href":"https:\/\/chtululu.be\/index.php\/wp-json\/wp\/v2\/product_brand?post=821"},{"taxonomy":"product_cat","embeddable":true,"href":"https:\/\/chtululu.be\/index.php\/wp-json\/wp\/v2\/product_cat?post=821"},{"taxonomy":"product_tag","embeddable":true,"href":"https:\/\/chtululu.be\/index.php\/wp-json\/wp\/v2\/product_tag?post=821"}],"curies":[{"name":"wp","href":"https:\/\/api.w.org\/{rel}","templated":true}]}}