{"id":811,"date":"2017-01-19T22:31:49","date_gmt":"2017-01-19T21:31:49","guid":{"rendered":"http:\/\/chtululu.be\/?post_type=product&#038;p=811"},"modified":"2017-01-19T22:31:49","modified_gmt":"2017-01-19T21:31:49","slug":"jeu-interdit-trilogie","status":"publish","type":"product","link":"https:\/\/chtululu.be\/index.php\/produit\/jeu-interdit-trilogie\/","title":{"rendered":"Un jeu interdit (la trilogie)"},"content":{"rendered":"","protected":false},"excerpt":{"rendered":"<p><strong>Smith L. J.\u00a0<\/strong><\/p>\n<p>Jenny a toujours men\u00e9 une vie de r\u00eave : des parents aimants, plein d\u2019amis, et l\u2019opportunit\u00e9 de faire tout ce qu\u2019elle veut. Afin d\u2019organiser la f\u00eate d\u2019anniversaire la plus \u00e9blouissante de l\u2019ann\u00e9e pour son amoureux, elle d\u00e9cide d\u2019offrir \u00e0 ses invit\u00e9s une aventure dont ils se souviendront. Dans le nouveau magasin d\u2019un quartier obscur, l\u2019\u00e9nigmatique vendeur aux yeux bleus la dirige imm\u00e9diatement vers \u00ab le Jeu \u00bb, une exp\u00e9rience unique\u2026<\/p>\n<p>Alors qu\u2019elle construit le plateau avec ses camarades, Jenny en comprend, trop tard, les v\u00e9ritables r\u00e8gles. Ils vont devoir franchir une par une les pi\u00e8ces d\u2019une demeure mal\u00e9fique, affrontant au cours de ce voyage infernal leurs pires cauchemars. S\u2019ils n\u2019y parviennent pas avant l\u2019aube, ils resteront emprisonn\u00e9s dans la maison pour toujours.<\/p>\n<p>Rester ma\u00eetre du jeu ou perdre la vie\u2026<\/p>\n","protected":false},"featured_media":812,"template":"","meta":{"_acf_changed":false,"_exactmetrics_skip_tracking":false,"_exactmetrics_sitenote_active":false,"_exactmetrics_sitenote_note":"","_exactmetrics_sitenote_category":0},"product_brand":[],"product_cat":[24],"product_tag":[226,230],"class_list":{"0":"post-811","1":"product","2":"type-product","3":"status-publish","4":"has-post-thumbnail","6":"product_cat-roman","7":"product_tag-bit-lit","8":"product_tag-smith-l-j","10":"first","11":"instock","12":"sold-individually","13":"taxable","14":"shipping-taxable","15":"purchasable","16":"product-type-simple"},"acf":[],"yoast_head":"<!-- This site is optimized with the Yoast SEO plugin v26.6 - https:\/\/yoast.com\/wordpress\/plugins\/seo\/ -->\n<title>Un jeu interdit (la trilogie) - Le Chtululu<\/title>\n<meta name=\"robots\" content=\"index, follow, max-snippet:-1, max-image-preview:large, max-video-preview:-1\" \/>\n<link rel=\"canonical\" href=\"https:\/\/chtululu.be\/index.php\/produit\/jeu-interdit-trilogie\/\" \/>\n<meta property=\"og:locale\" content=\"fr_FR\" \/>\n<meta property=\"og:type\" content=\"article\" \/>\n<meta property=\"og:title\" content=\"Un jeu interdit (la trilogie) - Le Chtululu\" \/>\n<meta property=\"og:description\" content=\"Smith L. J.\u00a0  Jenny a toujours men\u00e9 une vie de r\u00eave : des parents aimants, plein d\u2019amis, et l\u2019opportunit\u00e9 de faire tout ce qu\u2019elle veut. Afin d\u2019organiser la f\u00eate d\u2019anniversaire la plus \u00e9blouissante de l\u2019ann\u00e9e pour son amoureux, elle d\u00e9cide d\u2019offrir \u00e0 ses invit\u00e9s une aventure dont ils se souviendront. Dans le nouveau magasin d\u2019un quartier obscur, l\u2019\u00e9nigmatique vendeur aux yeux bleus la dirige imm\u00e9diatement vers \u00ab le Jeu \u00bb, une exp\u00e9rience unique\u2026  Alors qu\u2019elle construit le plateau avec ses camarades, Jenny en comprend, trop tard, les v\u00e9ritables r\u00e8gles. Ils vont devoir franchir une par une les pi\u00e8ces d\u2019une demeure mal\u00e9fique, affrontant au cours de ce voyage infernal leurs pires cauchemars. S\u2019ils n\u2019y parviennent pas avant l\u2019aube, ils resteront emprisonn\u00e9s dans la maison pour toujours.  Rester ma\u00eetre du jeu ou perdre la vie\u2026\" \/>\n<meta property=\"og:url\" content=\"https:\/\/chtululu.be\/index.php\/produit\/jeu-interdit-trilogie\/\" \/>\n<meta property=\"og:site_name\" content=\"Le Chtululu\" \/>\n<meta property=\"og:image\" content=\"https:\/\/chtululu.be\/wp-content\/uploads\/2017\/01\/9782749914299FS.gif\" \/>\n\t<meta property=\"og:image:width\" content=\"200\" \/>\n\t<meta property=\"og:image:height\" content=\"316\" \/>\n\t<meta property=\"og:image:type\" content=\"image\/gif\" \/>\n<meta name=\"twitter:card\" content=\"summary_large_image\" \/>\n<script type=\"application\/ld+json\" class=\"yoast-schema-graph\">{\"@context\":\"https:\/\/schema.org\",\"@graph\":[{\"@type\":\"WebPage\",\"@id\":\"https:\/\/chtululu.be\/index.php\/produit\/jeu-interdit-trilogie\/\",\"url\":\"https:\/\/chtululu.be\/index.php\/produit\/jeu-interdit-trilogie\/\",\"name\":\"Un jeu interdit (la trilogie) - Le Chtululu\",\"isPartOf\":{\"@id\":\"https:\/\/chtululu.be\/#website\"},\"primaryImageOfPage\":{\"@id\":\"https:\/\/chtululu.be\/index.php\/produit\/jeu-interdit-trilogie\/#primaryimage\"},\"image\":{\"@id\":\"https:\/\/chtululu.be\/index.php\/produit\/jeu-interdit-trilogie\/#primaryimage\"},\"thumbnailUrl\":\"https:\/\/chtululu.be\/wp-content\/uploads\/2017\/01\/9782749914299FS.gif\",\"datePublished\":\"2017-01-19T21:31:49+00:00\",\"breadcrumb\":{\"@id\":\"https:\/\/chtululu.be\/index.php\/produit\/jeu-interdit-trilogie\/#breadcrumb\"},\"inLanguage\":\"fr-FR\",\"potentialAction\":[{\"@type\":\"ReadAction\",\"target\":[\"https:\/\/chtululu.be\/index.php\/produit\/jeu-interdit-trilogie\/\"]}]},{\"@type\":\"ImageObject\",\"inLanguage\":\"fr-FR\",\"@id\":\"https:\/\/chtululu.be\/index.php\/produit\/jeu-interdit-trilogie\/#primaryimage\",\"url\":\"https:\/\/chtululu.be\/wp-content\/uploads\/2017\/01\/9782749914299FS.gif\",\"contentUrl\":\"https:\/\/chtululu.be\/wp-content\/uploads\/2017\/01\/9782749914299FS.gif\",\"width\":200,\"height\":316},{\"@type\":\"BreadcrumbList\",\"@id\":\"https:\/\/chtululu.be\/index.php\/produit\/jeu-interdit-trilogie\/#breadcrumb\",\"itemListElement\":[{\"@type\":\"ListItem\",\"position\":1,\"name\":\"Accueil\",\"item\":\"https:\/\/chtululu.be\/\"},{\"@type\":\"ListItem\",\"position\":2,\"name\":\"Les livres\",\"item\":\"https:\/\/chtululu.be\/index.php\/livres-doccasion\/\"},{\"@type\":\"ListItem\",\"position\":3,\"name\":\"Un jeu interdit (la trilogie)\"}]},{\"@type\":\"WebSite\",\"@id\":\"https:\/\/chtululu.be\/#website\",\"url\":\"https:\/\/chtululu.be\/\",\"name\":\"Le Chtululu\",\"description\":\"Votre librairie de seconde main \u00e0 Soignies\",\"publisher\":{\"@id\":\"https:\/\/chtululu.be\/#organization\"},\"potentialAction\":[{\"@type\":\"SearchAction\",\"target\":{\"@type\":\"EntryPoint\",\"urlTemplate\":\"https:\/\/chtululu.be\/?s={search_term_string}\"},\"query-input\":{\"@type\":\"PropertyValueSpecification\",\"valueRequired\":true,\"valueName\":\"search_term_string\"}}],\"inLanguage\":\"fr-FR\"},{\"@type\":\"Organization\",\"@id\":\"https:\/\/chtululu.be\/#organization\",\"name\":\"Le Chtululu\",\"url\":\"https:\/\/chtululu.be\/\",\"logo\":{\"@type\":\"ImageObject\",\"inLanguage\":\"fr-FR\",\"@id\":\"https:\/\/chtululu.be\/#\/schema\/logo\/image\/\",\"url\":\"https:\/\/chtululu.be\/wp-content\/uploads\/2016\/05\/logo-def-blanc.jpg\",\"contentUrl\":\"https:\/\/chtululu.be\/wp-content\/uploads\/2016\/05\/logo-def-blanc.jpg\",\"width\":2048,\"height\":1901,\"caption\":\"Le Chtululu\"},\"image\":{\"@id\":\"https:\/\/chtululu.be\/#\/schema\/logo\/image\/\"}}]}<\/script>\n<!-- \/ Yoast SEO plugin. -->","yoast_head_json":{"title":"Un jeu interdit (la trilogie) - Le Chtululu","robots":{"index":"index","follow":"follow","max-snippet":"max-snippet:-1","max-image-preview":"max-image-preview:large","max-video-preview":"max-video-preview:-1"},"canonical":"https:\/\/chtululu.be\/index.php\/produit\/jeu-interdit-trilogie\/","og_locale":"fr_FR","og_type":"article","og_title":"Un jeu interdit (la trilogie) - Le Chtululu","og_description":"Smith L. J.\u00a0  Jenny a toujours men\u00e9 une vie de r\u00eave : des parents aimants, plein d\u2019amis, et l\u2019opportunit\u00e9 de faire tout ce qu\u2019elle veut. Afin d\u2019organiser la f\u00eate d\u2019anniversaire la plus \u00e9blouissante de l\u2019ann\u00e9e pour son amoureux, elle d\u00e9cide d\u2019offrir \u00e0 ses invit\u00e9s une aventure dont ils se souviendront. Dans le nouveau magasin d\u2019un quartier obscur, l\u2019\u00e9nigmatique vendeur aux yeux bleus la dirige imm\u00e9diatement vers \u00ab le Jeu \u00bb, une exp\u00e9rience unique\u2026  Alors qu\u2019elle construit le plateau avec ses camarades, Jenny en comprend, trop tard, les v\u00e9ritables r\u00e8gles. Ils vont devoir franchir une par une les pi\u00e8ces d\u2019une demeure mal\u00e9fique, affrontant au cours de ce voyage infernal leurs pires cauchemars. S\u2019ils n\u2019y parviennent pas avant l\u2019aube, ils resteront emprisonn\u00e9s dans la maison pour toujours.  Rester ma\u00eetre du jeu ou perdre la vie\u2026","og_url":"https:\/\/chtululu.be\/index.php\/produit\/jeu-interdit-trilogie\/","og_site_name":"Le Chtululu","og_image":[{"width":200,"height":316,"url":"https:\/\/chtululu.be\/wp-content\/uploads\/2017\/01\/9782749914299FS.gif","type":"image\/gif"}],"twitter_card":"summary_large_image","schema":{"@context":"https:\/\/schema.org","@graph":[{"@type":"WebPage","@id":"https:\/\/chtululu.be\/index.php\/produit\/jeu-interdit-trilogie\/","url":"https:\/\/chtululu.be\/index.php\/produit\/jeu-interdit-trilogie\/","name":"Un jeu interdit (la trilogie) - Le Chtululu","isPartOf":{"@id":"https:\/\/chtululu.be\/#website"},"primaryImageOfPage":{"@id":"https:\/\/chtululu.be\/index.php\/produit\/jeu-interdit-trilogie\/#primaryimage"},"image":{"@id":"https:\/\/chtululu.be\/index.php\/produit\/jeu-interdit-trilogie\/#primaryimage"},"thumbnailUrl":"https:\/\/chtululu.be\/wp-content\/uploads\/2017\/01\/9782749914299FS.gif","datePublished":"2017-01-19T21:31:49+00:00","breadcrumb":{"@id":"https:\/\/chtululu.be\/index.php\/produit\/jeu-interdit-trilogie\/#breadcrumb"},"inLanguage":"fr-FR","potentialAction":[{"@type":"ReadAction","target":["https:\/\/chtululu.be\/index.php\/produit\/jeu-interdit-trilogie\/"]}]},{"@type":"ImageObject","inLanguage":"fr-FR","@id":"https:\/\/chtululu.be\/index.php\/produit\/jeu-interdit-trilogie\/#primaryimage","url":"https:\/\/chtululu.be\/wp-content\/uploads\/2017\/01\/9782749914299FS.gif","contentUrl":"https:\/\/chtululu.be\/wp-content\/uploads\/2017\/01\/9782749914299FS.gif","width":200,"height":316},{"@type":"BreadcrumbList","@id":"https:\/\/chtululu.be\/index.php\/produit\/jeu-interdit-trilogie\/#breadcrumb","itemListElement":[{"@type":"ListItem","position":1,"name":"Accueil","item":"https:\/\/chtululu.be\/"},{"@type":"ListItem","position":2,"name":"Les livres","item":"https:\/\/chtululu.be\/index.php\/livres-doccasion\/"},{"@type":"ListItem","position":3,"name":"Un jeu interdit (la trilogie)"}]},{"@type":"WebSite","@id":"https:\/\/chtululu.be\/#website","url":"https:\/\/chtululu.be\/","name":"Le Chtululu","description":"Votre librairie de seconde main \u00e0 Soignies","publisher":{"@id":"https:\/\/chtululu.be\/#organization"},"potentialAction":[{"@type":"SearchAction","target":{"@type":"EntryPoint","urlTemplate":"https:\/\/chtululu.be\/?s={search_term_string}"},"query-input":{"@type":"PropertyValueSpecification","valueRequired":true,"valueName":"search_term_string"}}],"inLanguage":"fr-FR"},{"@type":"Organization","@id":"https:\/\/chtululu.be\/#organization","name":"Le Chtululu","url":"https:\/\/chtululu.be\/","logo":{"@type":"ImageObject","inLanguage":"fr-FR","@id":"https:\/\/chtululu.be\/#\/schema\/logo\/image\/","url":"https:\/\/chtululu.be\/wp-content\/uploads\/2016\/05\/logo-def-blanc.jpg","contentUrl":"https:\/\/chtululu.be\/wp-content\/uploads\/2016\/05\/logo-def-blanc.jpg","width":2048,"height":1901,"caption":"Le Chtululu"},"image":{"@id":"https:\/\/chtululu.be\/#\/schema\/logo\/image\/"}}]}},"_links":{"self":[{"href":"https:\/\/chtululu.be\/index.php\/wp-json\/wp\/v2\/product\/811","targetHints":{"allow":["GET"]}}],"collection":[{"href":"https:\/\/chtululu.be\/index.php\/wp-json\/wp\/v2\/product"}],"about":[{"href":"https:\/\/chtululu.be\/index.php\/wp-json\/wp\/v2\/types\/product"}],"wp:featuredmedia":[{"embeddable":true,"href":"https:\/\/chtululu.be\/index.php\/wp-json\/wp\/v2\/media\/812"}],"wp:attachment":[{"href":"https:\/\/chtululu.be\/index.php\/wp-json\/wp\/v2\/media?parent=811"}],"wp:term":[{"taxonomy":"product_brand","embeddable":true,"href":"https:\/\/chtululu.be\/index.php\/wp-json\/wp\/v2\/product_brand?post=811"},{"taxonomy":"product_cat","embeddable":true,"href":"https:\/\/chtululu.be\/index.php\/wp-json\/wp\/v2\/product_cat?post=811"},{"taxonomy":"product_tag","embeddable":true,"href":"https:\/\/chtululu.be\/index.php\/wp-json\/wp\/v2\/product_tag?post=811"}],"curies":[{"name":"wp","href":"https:\/\/api.w.org\/{rel}","templated":true}]}}