{"id":807,"date":"2017-01-19T22:21:38","date_gmt":"2017-01-19T21:21:38","guid":{"rendered":"http:\/\/chtululu.be\/?post_type=product&#038;p=807"},"modified":"2017-01-19T22:22:09","modified_gmt":"2017-01-19T21:22:09","slug":"succubus-dreams","status":"publish","type":"product","link":"https:\/\/chtululu.be\/index.php\/produit\/succubus-dreams\/","title":{"rendered":"Succubus Dreams"},"content":{"rendered":"","protected":false},"excerpt":{"rendered":"<p><strong>Mead Richelle<\/strong><\/p>\n<p>Rien ne va plus pour Georgina, m\u00eame sa liaison avec le c\u00e9l\u00e8bre Seth Mortensen ! D\u00e9j\u00e0, pas de sexe entre eux: Georgina \u00e9tant un succube, elle &lsquo; pourrait tuer son amant par m\u00e9garde. \u00c7a calme les ardeurs les plus motiv\u00e9es ! En plus, m\u00eame se voir devient difficile: Seth est obs\u00e9d\u00e9 par son dernier roman, et Georgina doit jouer les mentors pour une nouvelle recrue vraiment pas dou\u00e9e. Et enfin, il y a Dante, cet interpr\u00e8te de r\u00eaves bien enj\u00f4leur que Georgina est oblig\u00e9e de consulter, car une entit\u00e9 malveillante s&rsquo;en prend \u00e0 elle durant son sommeil. Du coup notre succube fait face \u00e0 un double d\u00e9fi : reprendre le contr\u00f4le de sa vie amoureuse, et lutter contre un terrible ennemi. Si elle venait \u00e0 \u00e9chouer, le monde des mortels pourrait bien ne plus jamais conna\u00eetre le sommeil !<\/p>\n","protected":false},"featured_media":808,"template":"","meta":{"_acf_changed":false,"_exactmetrics_skip_tracking":false,"_exactmetrics_sitenote_active":false,"_exactmetrics_sitenote_note":"","_exactmetrics_sitenote_category":0},"product_brand":[],"product_cat":[24],"product_tag":[226,233],"class_list":{"0":"post-807","1":"product","2":"type-product","3":"status-publish","4":"has-post-thumbnail","6":"product_cat-roman","7":"product_tag-bit-lit","8":"product_tag-mead-richelle","10":"first","11":"instock","12":"sold-individually","13":"taxable","14":"shipping-taxable","15":"purchasable","16":"product-type-simple"},"acf":[],"yoast_head":"<!-- This site is optimized with the Yoast SEO plugin v26.6 - https:\/\/yoast.com\/wordpress\/plugins\/seo\/ -->\n<title>Succubus Dreams - Le Chtululu<\/title>\n<meta name=\"robots\" content=\"index, follow, max-snippet:-1, max-image-preview:large, max-video-preview:-1\" \/>\n<link rel=\"canonical\" href=\"https:\/\/chtululu.be\/index.php\/produit\/succubus-dreams\/\" \/>\n<meta property=\"og:locale\" content=\"fr_FR\" \/>\n<meta property=\"og:type\" content=\"article\" \/>\n<meta property=\"og:title\" content=\"Succubus Dreams - Le Chtululu\" \/>\n<meta property=\"og:description\" content=\"Mead Richelle  Rien ne va plus pour Georgina, m\u00eame sa liaison avec le c\u00e9l\u00e8bre Seth Mortensen ! D\u00e9j\u00e0, pas de sexe entre eux: Georgina \u00e9tant un succube, elle &#039; pourrait tuer son amant par m\u00e9garde. \u00c7a calme les ardeurs les plus motiv\u00e9es ! En plus, m\u00eame se voir devient difficile: Seth est obs\u00e9d\u00e9 par son dernier roman, et Georgina doit jouer les mentors pour une nouvelle recrue vraiment pas dou\u00e9e. Et enfin, il y a Dante, cet interpr\u00e8te de r\u00eaves bien enj\u00f4leur que Georgina est oblig\u00e9e de consulter, car une entit\u00e9 malveillante s&#039;en prend \u00e0 elle durant son sommeil. Du coup notre succube fait face \u00e0 un double d\u00e9fi : reprendre le contr\u00f4le de sa vie amoureuse, et lutter contre un terrible ennemi. Si elle venait \u00e0 \u00e9chouer, le monde des mortels pourrait bien ne plus jamais conna\u00eetre le sommeil !\" \/>\n<meta property=\"og:url\" content=\"https:\/\/chtululu.be\/index.php\/produit\/succubus-dreams\/\" \/>\n<meta property=\"og:site_name\" content=\"Le Chtululu\" \/>\n<meta property=\"article:modified_time\" content=\"2017-01-19T21:22:09+00:00\" \/>\n<meta property=\"og:image\" content=\"https:\/\/chtululu.be\/wp-content\/uploads\/2017\/01\/0911-succubus3.jpg\" \/>\n\t<meta property=\"og:image:width\" content=\"200\" \/>\n\t<meta property=\"og:image:height\" content=\"309\" \/>\n\t<meta property=\"og:image:type\" content=\"image\/jpeg\" \/>\n<meta name=\"twitter:card\" content=\"summary_large_image\" \/>\n<script type=\"application\/ld+json\" class=\"yoast-schema-graph\">{\"@context\":\"https:\/\/schema.org\",\"@graph\":[{\"@type\":\"WebPage\",\"@id\":\"https:\/\/chtululu.be\/index.php\/produit\/succubus-dreams\/\",\"url\":\"https:\/\/chtululu.be\/index.php\/produit\/succubus-dreams\/\",\"name\":\"Succubus Dreams - Le Chtululu\",\"isPartOf\":{\"@id\":\"https:\/\/chtululu.be\/#website\"},\"primaryImageOfPage\":{\"@id\":\"https:\/\/chtululu.be\/index.php\/produit\/succubus-dreams\/#primaryimage\"},\"image\":{\"@id\":\"https:\/\/chtululu.be\/index.php\/produit\/succubus-dreams\/#primaryimage\"},\"thumbnailUrl\":\"https:\/\/chtululu.be\/wp-content\/uploads\/2017\/01\/0911-succubus3.jpg\",\"datePublished\":\"2017-01-19T21:21:38+00:00\",\"dateModified\":\"2017-01-19T21:22:09+00:00\",\"breadcrumb\":{\"@id\":\"https:\/\/chtululu.be\/index.php\/produit\/succubus-dreams\/#breadcrumb\"},\"inLanguage\":\"fr-FR\",\"potentialAction\":[{\"@type\":\"ReadAction\",\"target\":[\"https:\/\/chtululu.be\/index.php\/produit\/succubus-dreams\/\"]}]},{\"@type\":\"ImageObject\",\"inLanguage\":\"fr-FR\",\"@id\":\"https:\/\/chtululu.be\/index.php\/produit\/succubus-dreams\/#primaryimage\",\"url\":\"https:\/\/chtululu.be\/wp-content\/uploads\/2017\/01\/0911-succubus3.jpg\",\"contentUrl\":\"https:\/\/chtululu.be\/wp-content\/uploads\/2017\/01\/0911-succubus3.jpg\",\"width\":200,\"height\":309},{\"@type\":\"BreadcrumbList\",\"@id\":\"https:\/\/chtululu.be\/index.php\/produit\/succubus-dreams\/#breadcrumb\",\"itemListElement\":[{\"@type\":\"ListItem\",\"position\":1,\"name\":\"Accueil\",\"item\":\"https:\/\/chtululu.be\/\"},{\"@type\":\"ListItem\",\"position\":2,\"name\":\"Les livres\",\"item\":\"https:\/\/chtululu.be\/index.php\/livres-doccasion\/\"},{\"@type\":\"ListItem\",\"position\":3,\"name\":\"Succubus Dreams\"}]},{\"@type\":\"WebSite\",\"@id\":\"https:\/\/chtululu.be\/#website\",\"url\":\"https:\/\/chtululu.be\/\",\"name\":\"Le Chtululu\",\"description\":\"Votre librairie de seconde main \u00e0 Soignies\",\"publisher\":{\"@id\":\"https:\/\/chtululu.be\/#organization\"},\"potentialAction\":[{\"@type\":\"SearchAction\",\"target\":{\"@type\":\"EntryPoint\",\"urlTemplate\":\"https:\/\/chtululu.be\/?s={search_term_string}\"},\"query-input\":{\"@type\":\"PropertyValueSpecification\",\"valueRequired\":true,\"valueName\":\"search_term_string\"}}],\"inLanguage\":\"fr-FR\"},{\"@type\":\"Organization\",\"@id\":\"https:\/\/chtululu.be\/#organization\",\"name\":\"Le Chtululu\",\"url\":\"https:\/\/chtululu.be\/\",\"logo\":{\"@type\":\"ImageObject\",\"inLanguage\":\"fr-FR\",\"@id\":\"https:\/\/chtululu.be\/#\/schema\/logo\/image\/\",\"url\":\"https:\/\/chtululu.be\/wp-content\/uploads\/2016\/05\/logo-def-blanc.jpg\",\"contentUrl\":\"https:\/\/chtululu.be\/wp-content\/uploads\/2016\/05\/logo-def-blanc.jpg\",\"width\":2048,\"height\":1901,\"caption\":\"Le Chtululu\"},\"image\":{\"@id\":\"https:\/\/chtululu.be\/#\/schema\/logo\/image\/\"}}]}<\/script>\n<!-- \/ Yoast SEO plugin. -->","yoast_head_json":{"title":"Succubus Dreams - Le Chtululu","robots":{"index":"index","follow":"follow","max-snippet":"max-snippet:-1","max-image-preview":"max-image-preview:large","max-video-preview":"max-video-preview:-1"},"canonical":"https:\/\/chtululu.be\/index.php\/produit\/succubus-dreams\/","og_locale":"fr_FR","og_type":"article","og_title":"Succubus Dreams - Le Chtululu","og_description":"Mead Richelle  Rien ne va plus pour Georgina, m\u00eame sa liaison avec le c\u00e9l\u00e8bre Seth Mortensen ! D\u00e9j\u00e0, pas de sexe entre eux: Georgina \u00e9tant un succube, elle ' pourrait tuer son amant par m\u00e9garde. \u00c7a calme les ardeurs les plus motiv\u00e9es ! En plus, m\u00eame se voir devient difficile: Seth est obs\u00e9d\u00e9 par son dernier roman, et Georgina doit jouer les mentors pour une nouvelle recrue vraiment pas dou\u00e9e. Et enfin, il y a Dante, cet interpr\u00e8te de r\u00eaves bien enj\u00f4leur que Georgina est oblig\u00e9e de consulter, car une entit\u00e9 malveillante s'en prend \u00e0 elle durant son sommeil. Du coup notre succube fait face \u00e0 un double d\u00e9fi : reprendre le contr\u00f4le de sa vie amoureuse, et lutter contre un terrible ennemi. Si elle venait \u00e0 \u00e9chouer, le monde des mortels pourrait bien ne plus jamais conna\u00eetre le sommeil !","og_url":"https:\/\/chtululu.be\/index.php\/produit\/succubus-dreams\/","og_site_name":"Le Chtululu","article_modified_time":"2017-01-19T21:22:09+00:00","og_image":[{"width":200,"height":309,"url":"https:\/\/chtululu.be\/wp-content\/uploads\/2017\/01\/0911-succubus3.jpg","type":"image\/jpeg"}],"twitter_card":"summary_large_image","schema":{"@context":"https:\/\/schema.org","@graph":[{"@type":"WebPage","@id":"https:\/\/chtululu.be\/index.php\/produit\/succubus-dreams\/","url":"https:\/\/chtululu.be\/index.php\/produit\/succubus-dreams\/","name":"Succubus Dreams - Le Chtululu","isPartOf":{"@id":"https:\/\/chtululu.be\/#website"},"primaryImageOfPage":{"@id":"https:\/\/chtululu.be\/index.php\/produit\/succubus-dreams\/#primaryimage"},"image":{"@id":"https:\/\/chtululu.be\/index.php\/produit\/succubus-dreams\/#primaryimage"},"thumbnailUrl":"https:\/\/chtululu.be\/wp-content\/uploads\/2017\/01\/0911-succubus3.jpg","datePublished":"2017-01-19T21:21:38+00:00","dateModified":"2017-01-19T21:22:09+00:00","breadcrumb":{"@id":"https:\/\/chtululu.be\/index.php\/produit\/succubus-dreams\/#breadcrumb"},"inLanguage":"fr-FR","potentialAction":[{"@type":"ReadAction","target":["https:\/\/chtululu.be\/index.php\/produit\/succubus-dreams\/"]}]},{"@type":"ImageObject","inLanguage":"fr-FR","@id":"https:\/\/chtululu.be\/index.php\/produit\/succubus-dreams\/#primaryimage","url":"https:\/\/chtululu.be\/wp-content\/uploads\/2017\/01\/0911-succubus3.jpg","contentUrl":"https:\/\/chtululu.be\/wp-content\/uploads\/2017\/01\/0911-succubus3.jpg","width":200,"height":309},{"@type":"BreadcrumbList","@id":"https:\/\/chtululu.be\/index.php\/produit\/succubus-dreams\/#breadcrumb","itemListElement":[{"@type":"ListItem","position":1,"name":"Accueil","item":"https:\/\/chtululu.be\/"},{"@type":"ListItem","position":2,"name":"Les livres","item":"https:\/\/chtululu.be\/index.php\/livres-doccasion\/"},{"@type":"ListItem","position":3,"name":"Succubus Dreams"}]},{"@type":"WebSite","@id":"https:\/\/chtululu.be\/#website","url":"https:\/\/chtululu.be\/","name":"Le Chtululu","description":"Votre librairie de seconde main \u00e0 Soignies","publisher":{"@id":"https:\/\/chtululu.be\/#organization"},"potentialAction":[{"@type":"SearchAction","target":{"@type":"EntryPoint","urlTemplate":"https:\/\/chtululu.be\/?s={search_term_string}"},"query-input":{"@type":"PropertyValueSpecification","valueRequired":true,"valueName":"search_term_string"}}],"inLanguage":"fr-FR"},{"@type":"Organization","@id":"https:\/\/chtululu.be\/#organization","name":"Le Chtululu","url":"https:\/\/chtululu.be\/","logo":{"@type":"ImageObject","inLanguage":"fr-FR","@id":"https:\/\/chtululu.be\/#\/schema\/logo\/image\/","url":"https:\/\/chtululu.be\/wp-content\/uploads\/2016\/05\/logo-def-blanc.jpg","contentUrl":"https:\/\/chtululu.be\/wp-content\/uploads\/2016\/05\/logo-def-blanc.jpg","width":2048,"height":1901,"caption":"Le Chtululu"},"image":{"@id":"https:\/\/chtululu.be\/#\/schema\/logo\/image\/"}}]}},"_links":{"self":[{"href":"https:\/\/chtululu.be\/index.php\/wp-json\/wp\/v2\/product\/807","targetHints":{"allow":["GET"]}}],"collection":[{"href":"https:\/\/chtululu.be\/index.php\/wp-json\/wp\/v2\/product"}],"about":[{"href":"https:\/\/chtululu.be\/index.php\/wp-json\/wp\/v2\/types\/product"}],"wp:featuredmedia":[{"embeddable":true,"href":"https:\/\/chtululu.be\/index.php\/wp-json\/wp\/v2\/media\/808"}],"wp:attachment":[{"href":"https:\/\/chtululu.be\/index.php\/wp-json\/wp\/v2\/media?parent=807"}],"wp:term":[{"taxonomy":"product_brand","embeddable":true,"href":"https:\/\/chtululu.be\/index.php\/wp-json\/wp\/v2\/product_brand?post=807"},{"taxonomy":"product_cat","embeddable":true,"href":"https:\/\/chtululu.be\/index.php\/wp-json\/wp\/v2\/product_cat?post=807"},{"taxonomy":"product_tag","embeddable":true,"href":"https:\/\/chtululu.be\/index.php\/wp-json\/wp\/v2\/product_tag?post=807"}],"curies":[{"name":"wp","href":"https:\/\/api.w.org\/{rel}","templated":true}]}}