{"id":757,"date":"2017-01-09T21:18:41","date_gmt":"2017-01-09T20:18:41","guid":{"rendered":"http:\/\/chtululu.be\/index.php\/produit\/la-baleine-blanche\/"},"modified":"2017-01-09T21:38:33","modified_gmt":"2017-01-09T20:38:33","slug":"la-baleine-blanche","status":"publish","type":"product","link":"https:\/\/chtululu.be\/index.php\/produit\/la-baleine-blanche\/","title":{"rendered":"La baleine blanche"},"content":{"rendered":"","protected":false},"excerpt":{"rendered":"<p><strong>Lanzmann Jacques<\/strong><br \/>\nNe cherchez pas de baleines aux royaumes de l&rsquo;Himalaya : vous n&rsquo;en trouverez pas davantage que de y\u00e9tis. Les baleines auxquelles l&rsquo;auteur fait allusion sont obsessionnelles, ce sont celles que l&rsquo;on poursuit toute sa vie, telle la fabuleuse Moby Dick du capitaine Achab. La baleine blanche du petit Alex, le nouveau h\u00e9ros de Jacques Lanzmann, n&rsquo;est autre que Vince, son propre p\u00e8re, parti \u00ab\u00a0faire une marche\u00a0\u00bb d&rsquo;un mois au N\u00e9pal et qui, trois ans plus tard, n&rsquo;est toujours pas revenu.<br \/>\nAlex, treize ans, fascin\u00e9 par ce p\u00e8re devenu mythique, partira donc pour le N\u00e9pal accompagn\u00e9 de L\u00e9on, quatre-vingt-deux ans, son grand-p\u00e8re qui, faute de jambes et de souffle, poss\u00e8de un coeur grand comme le monde.<br \/>\n\u00ab\u00a0La baleine blanche\u00a0\u00bb conte avec une verve incomparable l&rsquo;extraordinaire aventure de ce gosse et de ce vieillard li\u00e9s \u00e0 la vie \u00e0 la mort, qui n&rsquo;arr\u00eatent pas de s&rsquo;\u00e9pater, de se jouer la com\u00e9die et qui s&rsquo;aiment&#8230;<br \/>\nOn rit et on pleure d&rsquo;une page \u00e0 l&rsquo;autre, sans m\u00eame y prendre garde. Mais ne vous y tropez pas : derri\u00e8re ce r\u00e9cit hors du commun ou, l&rsquo;on va de surprise en surprise, se dressent en toile de fond les plus hauts sommets du monde, vers lesquels ce diable de Lanzmann nous entra\u00eene au pas de charge.<br \/>\nUn roman haletant que tout marcheur devrait avoir lu et avec lequel tout lecteur devrait marcher.<br \/>\nQuatri\u00e8me de couverture de l&rsquo;\u00e9dition de 1982.<\/p>\n<p>Sur les pentes de l&rsquo;Himalaya, l&rsquo;extraordinaire aventure d&rsquo;un gosse et d&rsquo;un vieillard li\u00e9s \u00e0 la vie \u00e0 la mort, qui n&rsquo;arr\u00eatent pas de s&rsquo;\u00e9pater, de se jouer la com\u00e9die, et qui s&rsquo;aiment &#8230;<\/p>\n","protected":false},"featured_media":745,"template":"","meta":{"_acf_changed":false,"_exactmetrics_skip_tracking":false,"_exactmetrics_sitenote_active":false,"_exactmetrics_sitenote_note":"","_exactmetrics_sitenote_category":0},"product_brand":[],"product_cat":[24],"product_tag":[202,203],"class_list":{"0":"post-757","1":"product","2":"type-product","3":"status-publish","4":"has-post-thumbnail","6":"product_cat-roman","7":"product_tag-lanzmann-jacques","8":"product_tag-voyage","10":"first","11":"instock","12":"sold-individually","13":"taxable","14":"shipping-taxable","15":"purchasable","16":"product-type-simple"},"acf":[],"yoast_head":"<!-- This site is optimized with the Yoast SEO plugin v26.6 - https:\/\/yoast.com\/wordpress\/plugins\/seo\/ -->\n<title>La baleine blanche - Le Chtululu<\/title>\n<meta name=\"robots\" content=\"index, follow, max-snippet:-1, max-image-preview:large, max-video-preview:-1\" \/>\n<link rel=\"canonical\" href=\"https:\/\/chtululu.be\/index.php\/produit\/la-baleine-blanche\/\" \/>\n<meta property=\"og:locale\" content=\"fr_FR\" \/>\n<meta property=\"og:type\" content=\"article\" \/>\n<meta property=\"og:title\" content=\"La baleine blanche - Le Chtululu\" \/>\n<meta property=\"og:description\" content=\"Lanzmann Jacques Ne cherchez pas de baleines aux royaumes de l&#039;Himalaya : vous n&#039;en trouverez pas davantage que de y\u00e9tis. Les baleines auxquelles l&#039;auteur fait allusion sont obsessionnelles, ce sont celles que l&#039;on poursuit toute sa vie, telle la fabuleuse Moby Dick du capitaine Achab. La baleine blanche du petit Alex, le nouveau h\u00e9ros de Jacques Lanzmann, n&#039;est autre que Vince, son propre p\u00e8re, parti &quot;faire une marche&quot; d&#039;un mois au N\u00e9pal et qui, trois ans plus tard, n&#039;est toujours pas revenu. Alex, treize ans, fascin\u00e9 par ce p\u00e8re devenu mythique, partira donc pour le N\u00e9pal accompagn\u00e9 de L\u00e9on, quatre-vingt-deux ans, son grand-p\u00e8re qui, faute de jambes et de souffle, poss\u00e8de un coeur grand comme le monde. &quot;La baleine blanche&quot; conte avec une verve incomparable l&#039;extraordinaire aventure de ce gosse et de ce vieillard li\u00e9s \u00e0 la vie \u00e0 la mort, qui n&#039;arr\u00eatent pas de s&#039;\u00e9pater, de se jouer la com\u00e9die et qui s&#039;aiment... On rit et on pleure d&#039;une page \u00e0 l&#039;autre, sans m\u00eame y prendre garde. Mais ne vous y tropez pas : derri\u00e8re ce r\u00e9cit hors du commun ou, l&#039;on va de surprise en surprise, se dressent en toile de fond les plus hauts sommets du monde, vers lesquels ce diable de Lanzmann nous entra\u00eene au pas de charge. Un roman haletant que tout marcheur devrait avoir lu et avec lequel tout lecteur devrait marcher. Quatri\u00e8me de couverture de l&#039;\u00e9dition de 1982.  Sur les pentes de l&#039;Himalaya, l&#039;extraordinaire aventure d&#039;un gosse et d&#039;un vieillard li\u00e9s \u00e0 la vie \u00e0 la mort, qui n&#039;arr\u00eatent pas de s&#039;\u00e9pater, de se jouer la com\u00e9die, et qui s&#039;aiment ...\" \/>\n<meta property=\"og:url\" content=\"https:\/\/chtululu.be\/index.php\/produit\/la-baleine-blanche\/\" \/>\n<meta property=\"og:site_name\" content=\"Le Chtululu\" \/>\n<meta property=\"article:modified_time\" content=\"2017-01-09T20:38:33+00:00\" \/>\n<meta property=\"og:image\" content=\"https:\/\/chtululu.be\/wp-content\/uploads\/2017\/01\/baleine_blanche.jpg\" \/>\n\t<meta property=\"og:image:width\" content=\"200\" \/>\n\t<meta property=\"og:image:height\" content=\"290\" \/>\n\t<meta property=\"og:image:type\" content=\"image\/jpeg\" \/>\n<meta name=\"twitter:card\" content=\"summary_large_image\" \/>\n<script type=\"application\/ld+json\" class=\"yoast-schema-graph\">{\"@context\":\"https:\/\/schema.org\",\"@graph\":[{\"@type\":\"WebPage\",\"@id\":\"https:\/\/chtululu.be\/index.php\/produit\/la-baleine-blanche\/\",\"url\":\"https:\/\/chtululu.be\/index.php\/produit\/la-baleine-blanche\/\",\"name\":\"La baleine blanche - Le Chtululu\",\"isPartOf\":{\"@id\":\"https:\/\/chtululu.be\/#website\"},\"primaryImageOfPage\":{\"@id\":\"https:\/\/chtululu.be\/index.php\/produit\/la-baleine-blanche\/#primaryimage\"},\"image\":{\"@id\":\"https:\/\/chtululu.be\/index.php\/produit\/la-baleine-blanche\/#primaryimage\"},\"thumbnailUrl\":\"https:\/\/chtululu.be\/wp-content\/uploads\/2017\/01\/baleine_blanche.jpg\",\"datePublished\":\"2017-01-09T20:18:41+00:00\",\"dateModified\":\"2017-01-09T20:38:33+00:00\",\"breadcrumb\":{\"@id\":\"https:\/\/chtululu.be\/index.php\/produit\/la-baleine-blanche\/#breadcrumb\"},\"inLanguage\":\"fr-FR\",\"potentialAction\":[{\"@type\":\"ReadAction\",\"target\":[\"https:\/\/chtululu.be\/index.php\/produit\/la-baleine-blanche\/\"]}]},{\"@type\":\"ImageObject\",\"inLanguage\":\"fr-FR\",\"@id\":\"https:\/\/chtululu.be\/index.php\/produit\/la-baleine-blanche\/#primaryimage\",\"url\":\"https:\/\/chtululu.be\/wp-content\/uploads\/2017\/01\/baleine_blanche.jpg\",\"contentUrl\":\"https:\/\/chtululu.be\/wp-content\/uploads\/2017\/01\/baleine_blanche.jpg\",\"width\":200,\"height\":290},{\"@type\":\"BreadcrumbList\",\"@id\":\"https:\/\/chtululu.be\/index.php\/produit\/la-baleine-blanche\/#breadcrumb\",\"itemListElement\":[{\"@type\":\"ListItem\",\"position\":1,\"name\":\"Accueil\",\"item\":\"https:\/\/chtululu.be\/\"},{\"@type\":\"ListItem\",\"position\":2,\"name\":\"Les livres\",\"item\":\"https:\/\/chtululu.be\/index.php\/livres-doccasion\/\"},{\"@type\":\"ListItem\",\"position\":3,\"name\":\"La baleine blanche\"}]},{\"@type\":\"WebSite\",\"@id\":\"https:\/\/chtululu.be\/#website\",\"url\":\"https:\/\/chtululu.be\/\",\"name\":\"Le Chtululu\",\"description\":\"Votre librairie de seconde main \u00e0 Soignies\",\"publisher\":{\"@id\":\"https:\/\/chtululu.be\/#organization\"},\"potentialAction\":[{\"@type\":\"SearchAction\",\"target\":{\"@type\":\"EntryPoint\",\"urlTemplate\":\"https:\/\/chtululu.be\/?s={search_term_string}\"},\"query-input\":{\"@type\":\"PropertyValueSpecification\",\"valueRequired\":true,\"valueName\":\"search_term_string\"}}],\"inLanguage\":\"fr-FR\"},{\"@type\":\"Organization\",\"@id\":\"https:\/\/chtululu.be\/#organization\",\"name\":\"Le Chtululu\",\"url\":\"https:\/\/chtululu.be\/\",\"logo\":{\"@type\":\"ImageObject\",\"inLanguage\":\"fr-FR\",\"@id\":\"https:\/\/chtululu.be\/#\/schema\/logo\/image\/\",\"url\":\"https:\/\/chtululu.be\/wp-content\/uploads\/2016\/05\/logo-def-blanc.jpg\",\"contentUrl\":\"https:\/\/chtululu.be\/wp-content\/uploads\/2016\/05\/logo-def-blanc.jpg\",\"width\":2048,\"height\":1901,\"caption\":\"Le Chtululu\"},\"image\":{\"@id\":\"https:\/\/chtululu.be\/#\/schema\/logo\/image\/\"}}]}<\/script>\n<!-- \/ Yoast SEO plugin. -->","yoast_head_json":{"title":"La baleine blanche - Le Chtululu","robots":{"index":"index","follow":"follow","max-snippet":"max-snippet:-1","max-image-preview":"max-image-preview:large","max-video-preview":"max-video-preview:-1"},"canonical":"https:\/\/chtululu.be\/index.php\/produit\/la-baleine-blanche\/","og_locale":"fr_FR","og_type":"article","og_title":"La baleine blanche - Le Chtululu","og_description":"Lanzmann Jacques Ne cherchez pas de baleines aux royaumes de l'Himalaya : vous n'en trouverez pas davantage que de y\u00e9tis. Les baleines auxquelles l'auteur fait allusion sont obsessionnelles, ce sont celles que l'on poursuit toute sa vie, telle la fabuleuse Moby Dick du capitaine Achab. La baleine blanche du petit Alex, le nouveau h\u00e9ros de Jacques Lanzmann, n'est autre que Vince, son propre p\u00e8re, parti \"faire une marche\" d'un mois au N\u00e9pal et qui, trois ans plus tard, n'est toujours pas revenu. Alex, treize ans, fascin\u00e9 par ce p\u00e8re devenu mythique, partira donc pour le N\u00e9pal accompagn\u00e9 de L\u00e9on, quatre-vingt-deux ans, son grand-p\u00e8re qui, faute de jambes et de souffle, poss\u00e8de un coeur grand comme le monde. \"La baleine blanche\" conte avec une verve incomparable l'extraordinaire aventure de ce gosse et de ce vieillard li\u00e9s \u00e0 la vie \u00e0 la mort, qui n'arr\u00eatent pas de s'\u00e9pater, de se jouer la com\u00e9die et qui s'aiment... On rit et on pleure d'une page \u00e0 l'autre, sans m\u00eame y prendre garde. Mais ne vous y tropez pas : derri\u00e8re ce r\u00e9cit hors du commun ou, l'on va de surprise en surprise, se dressent en toile de fond les plus hauts sommets du monde, vers lesquels ce diable de Lanzmann nous entra\u00eene au pas de charge. Un roman haletant que tout marcheur devrait avoir lu et avec lequel tout lecteur devrait marcher. Quatri\u00e8me de couverture de l'\u00e9dition de 1982.  Sur les pentes de l'Himalaya, l'extraordinaire aventure d'un gosse et d'un vieillard li\u00e9s \u00e0 la vie \u00e0 la mort, qui n'arr\u00eatent pas de s'\u00e9pater, de se jouer la com\u00e9die, et qui s'aiment ...","og_url":"https:\/\/chtululu.be\/index.php\/produit\/la-baleine-blanche\/","og_site_name":"Le Chtululu","article_modified_time":"2017-01-09T20:38:33+00:00","og_image":[{"width":200,"height":290,"url":"https:\/\/chtululu.be\/wp-content\/uploads\/2017\/01\/baleine_blanche.jpg","type":"image\/jpeg"}],"twitter_card":"summary_large_image","schema":{"@context":"https:\/\/schema.org","@graph":[{"@type":"WebPage","@id":"https:\/\/chtululu.be\/index.php\/produit\/la-baleine-blanche\/","url":"https:\/\/chtululu.be\/index.php\/produit\/la-baleine-blanche\/","name":"La baleine blanche - Le Chtululu","isPartOf":{"@id":"https:\/\/chtululu.be\/#website"},"primaryImageOfPage":{"@id":"https:\/\/chtululu.be\/index.php\/produit\/la-baleine-blanche\/#primaryimage"},"image":{"@id":"https:\/\/chtululu.be\/index.php\/produit\/la-baleine-blanche\/#primaryimage"},"thumbnailUrl":"https:\/\/chtululu.be\/wp-content\/uploads\/2017\/01\/baleine_blanche.jpg","datePublished":"2017-01-09T20:18:41+00:00","dateModified":"2017-01-09T20:38:33+00:00","breadcrumb":{"@id":"https:\/\/chtululu.be\/index.php\/produit\/la-baleine-blanche\/#breadcrumb"},"inLanguage":"fr-FR","potentialAction":[{"@type":"ReadAction","target":["https:\/\/chtululu.be\/index.php\/produit\/la-baleine-blanche\/"]}]},{"@type":"ImageObject","inLanguage":"fr-FR","@id":"https:\/\/chtululu.be\/index.php\/produit\/la-baleine-blanche\/#primaryimage","url":"https:\/\/chtululu.be\/wp-content\/uploads\/2017\/01\/baleine_blanche.jpg","contentUrl":"https:\/\/chtululu.be\/wp-content\/uploads\/2017\/01\/baleine_blanche.jpg","width":200,"height":290},{"@type":"BreadcrumbList","@id":"https:\/\/chtululu.be\/index.php\/produit\/la-baleine-blanche\/#breadcrumb","itemListElement":[{"@type":"ListItem","position":1,"name":"Accueil","item":"https:\/\/chtululu.be\/"},{"@type":"ListItem","position":2,"name":"Les livres","item":"https:\/\/chtululu.be\/index.php\/livres-doccasion\/"},{"@type":"ListItem","position":3,"name":"La baleine blanche"}]},{"@type":"WebSite","@id":"https:\/\/chtululu.be\/#website","url":"https:\/\/chtululu.be\/","name":"Le Chtululu","description":"Votre librairie de seconde main \u00e0 Soignies","publisher":{"@id":"https:\/\/chtululu.be\/#organization"},"potentialAction":[{"@type":"SearchAction","target":{"@type":"EntryPoint","urlTemplate":"https:\/\/chtululu.be\/?s={search_term_string}"},"query-input":{"@type":"PropertyValueSpecification","valueRequired":true,"valueName":"search_term_string"}}],"inLanguage":"fr-FR"},{"@type":"Organization","@id":"https:\/\/chtululu.be\/#organization","name":"Le Chtululu","url":"https:\/\/chtululu.be\/","logo":{"@type":"ImageObject","inLanguage":"fr-FR","@id":"https:\/\/chtululu.be\/#\/schema\/logo\/image\/","url":"https:\/\/chtululu.be\/wp-content\/uploads\/2016\/05\/logo-def-blanc.jpg","contentUrl":"https:\/\/chtululu.be\/wp-content\/uploads\/2016\/05\/logo-def-blanc.jpg","width":2048,"height":1901,"caption":"Le Chtululu"},"image":{"@id":"https:\/\/chtululu.be\/#\/schema\/logo\/image\/"}}]}},"_links":{"self":[{"href":"https:\/\/chtululu.be\/index.php\/wp-json\/wp\/v2\/product\/757","targetHints":{"allow":["GET"]}}],"collection":[{"href":"https:\/\/chtululu.be\/index.php\/wp-json\/wp\/v2\/product"}],"about":[{"href":"https:\/\/chtululu.be\/index.php\/wp-json\/wp\/v2\/types\/product"}],"wp:featuredmedia":[{"embeddable":true,"href":"https:\/\/chtululu.be\/index.php\/wp-json\/wp\/v2\/media\/745"}],"wp:attachment":[{"href":"https:\/\/chtululu.be\/index.php\/wp-json\/wp\/v2\/media?parent=757"}],"wp:term":[{"taxonomy":"product_brand","embeddable":true,"href":"https:\/\/chtululu.be\/index.php\/wp-json\/wp\/v2\/product_brand?post=757"},{"taxonomy":"product_cat","embeddable":true,"href":"https:\/\/chtululu.be\/index.php\/wp-json\/wp\/v2\/product_cat?post=757"},{"taxonomy":"product_tag","embeddable":true,"href":"https:\/\/chtululu.be\/index.php\/wp-json\/wp\/v2\/product_tag?post=757"}],"curies":[{"name":"wp","href":"https:\/\/api.w.org\/{rel}","templated":true}]}}