{"id":687,"date":"2017-01-07T20:21:55","date_gmt":"2017-01-07T19:21:55","guid":{"rendered":"http:\/\/chtululu.be\/index.php\/produit\/ca-ne-peut-plus-durer\/"},"modified":"2017-01-07T20:48:54","modified_gmt":"2017-01-07T19:48:54","slug":"ca-ne-peut-plus-durer","status":"publish","type":"product","link":"https:\/\/chtululu.be\/index.php\/produit\/ca-ne-peut-plus-durer\/","title":{"rendered":"\u00e7a ne peut plus durer"},"content":{"rendered":"","protected":false},"excerpt":{"rendered":"<p><strong>Connolly Joseph<\/strong><br \/>\n&#8211; Pourquoi Anne met-elle \u00e0 la porte son mari, Jeremy, et Nan, la baby-sitter ? Parce qu&rsquo;il a pass\u00e9 la nuit dehors.<br \/>\nEt qu&rsquo;il a probablement eu aussi une aventure avec la baby-sitter.<\/p>\n<p>&#8211; Pourquoi Marsha annonce-t-elle \u00e0 Max que tout est fini entre eux ? Parce qu&rsquo;elle vient &#8211; justement &#8211; de passer la nuit avec Jeremy.<\/p>\n<p>&#8211; Pourquoi Susie fait-elle une sc\u00e8ne \u00e0 Jake ? Parce qu&rsquo;elle l&rsquo;a trouv\u00e9 au lit avec Nan (oui, la baby-sitter) et que \u00e7a tombe mal. Tr\u00e8s mal. Tony, l&rsquo;ex-petit ami de Nan, a-t-il vraiment braqu\u00e9 une banque ?<\/p>\n<p>&#8211; Et George, le chauffeur du taxi dans lequel il a laiss\u00e9 l&rsquo;argent, va-t-il donner 5 000 \u00a3 \u00e0 la caissi\u00e8re du supermarch\u00e9 ? Il faut faire quelque chose.<br \/>\n\u00c7a ne peut plus durer !<\/p>\n<p>Comme toujours, chez Joseph Connolly, un \u00e9v\u00e9nement insignifiant provoque une r\u00e9action en cha\u00eene. Une ronde infernale commence, que personne ne sait arr\u00eater.<\/p>\n","protected":false},"featured_media":671,"template":"","meta":{"_acf_changed":false,"_exactmetrics_skip_tracking":false,"_exactmetrics_sitenote_active":false,"_exactmetrics_sitenote_note":"","_exactmetrics_sitenote_category":0},"product_brand":[],"product_cat":[24],"product_tag":[103],"class_list":{"0":"post-687","1":"product","2":"type-product","3":"status-publish","4":"has-post-thumbnail","6":"product_cat-roman","7":"product_tag-connolly-joseph","9":"first","10":"instock","11":"sold-individually","12":"taxable","13":"shipping-taxable","14":"purchasable","15":"product-type-simple"},"acf":[],"yoast_head":"<!-- This site is optimized with the Yoast SEO plugin v26.6 - https:\/\/yoast.com\/wordpress\/plugins\/seo\/ -->\n<title>\u00e7a ne peut plus durer - Le Chtululu<\/title>\n<meta name=\"robots\" content=\"index, follow, max-snippet:-1, max-image-preview:large, max-video-preview:-1\" \/>\n<link rel=\"canonical\" href=\"https:\/\/chtululu.be\/index.php\/produit\/ca-ne-peut-plus-durer\/\" \/>\n<meta property=\"og:locale\" content=\"fr_FR\" \/>\n<meta property=\"og:type\" content=\"article\" \/>\n<meta property=\"og:title\" content=\"\u00e7a ne peut plus durer - Le Chtululu\" \/>\n<meta property=\"og:description\" content=\"Connolly Joseph - Pourquoi Anne met-elle \u00e0 la porte son mari, Jeremy, et Nan, la baby-sitter ? Parce qu&#039;il a pass\u00e9 la nuit dehors. Et qu&#039;il a probablement eu aussi une aventure avec la baby-sitter.  - Pourquoi Marsha annonce-t-elle \u00e0 Max que tout est fini entre eux ? Parce qu&#039;elle vient - justement - de passer la nuit avec Jeremy.  - Pourquoi Susie fait-elle une sc\u00e8ne \u00e0 Jake ? Parce qu&#039;elle l&#039;a trouv\u00e9 au lit avec Nan (oui, la baby-sitter) et que \u00e7a tombe mal. Tr\u00e8s mal. Tony, l&#039;ex-petit ami de Nan, a-t-il vraiment braqu\u00e9 une banque ?  - Et George, le chauffeur du taxi dans lequel il a laiss\u00e9 l&#039;argent, va-t-il donner 5 000 \u00a3 \u00e0 la caissi\u00e8re du supermarch\u00e9 ? Il faut faire quelque chose. \u00c7a ne peut plus durer !  Comme toujours, chez Joseph Connolly, un \u00e9v\u00e9nement insignifiant provoque une r\u00e9action en cha\u00eene. Une ronde infernale commence, que personne ne sait arr\u00eater.\" \/>\n<meta property=\"og:url\" content=\"https:\/\/chtululu.be\/index.php\/produit\/ca-ne-peut-plus-durer\/\" \/>\n<meta property=\"og:site_name\" content=\"Le Chtululu\" \/>\n<meta property=\"article:modified_time\" content=\"2017-01-07T19:48:54+00:00\" \/>\n<meta property=\"og:image\" content=\"https:\/\/chtululu.be\/wp-content\/uploads\/2017\/01\/ca-ne-peut-plus-durer.jpg\" \/>\n\t<meta property=\"og:image:width\" content=\"200\" \/>\n\t<meta property=\"og:image:height\" content=\"303\" \/>\n\t<meta property=\"og:image:type\" content=\"image\/jpeg\" \/>\n<meta name=\"twitter:card\" content=\"summary_large_image\" \/>\n<script type=\"application\/ld+json\" class=\"yoast-schema-graph\">{\"@context\":\"https:\/\/schema.org\",\"@graph\":[{\"@type\":\"WebPage\",\"@id\":\"https:\/\/chtululu.be\/index.php\/produit\/ca-ne-peut-plus-durer\/\",\"url\":\"https:\/\/chtululu.be\/index.php\/produit\/ca-ne-peut-plus-durer\/\",\"name\":\"\u00e7a ne peut plus durer - Le Chtululu\",\"isPartOf\":{\"@id\":\"https:\/\/chtululu.be\/#website\"},\"primaryImageOfPage\":{\"@id\":\"https:\/\/chtululu.be\/index.php\/produit\/ca-ne-peut-plus-durer\/#primaryimage\"},\"image\":{\"@id\":\"https:\/\/chtululu.be\/index.php\/produit\/ca-ne-peut-plus-durer\/#primaryimage\"},\"thumbnailUrl\":\"https:\/\/chtululu.be\/wp-content\/uploads\/2017\/01\/ca-ne-peut-plus-durer.jpg\",\"datePublished\":\"2017-01-07T19:21:55+00:00\",\"dateModified\":\"2017-01-07T19:48:54+00:00\",\"breadcrumb\":{\"@id\":\"https:\/\/chtululu.be\/index.php\/produit\/ca-ne-peut-plus-durer\/#breadcrumb\"},\"inLanguage\":\"fr-FR\",\"potentialAction\":[{\"@type\":\"ReadAction\",\"target\":[\"https:\/\/chtululu.be\/index.php\/produit\/ca-ne-peut-plus-durer\/\"]}]},{\"@type\":\"ImageObject\",\"inLanguage\":\"fr-FR\",\"@id\":\"https:\/\/chtululu.be\/index.php\/produit\/ca-ne-peut-plus-durer\/#primaryimage\",\"url\":\"https:\/\/chtululu.be\/wp-content\/uploads\/2017\/01\/ca-ne-peut-plus-durer.jpg\",\"contentUrl\":\"https:\/\/chtululu.be\/wp-content\/uploads\/2017\/01\/ca-ne-peut-plus-durer.jpg\",\"width\":200,\"height\":303},{\"@type\":\"BreadcrumbList\",\"@id\":\"https:\/\/chtululu.be\/index.php\/produit\/ca-ne-peut-plus-durer\/#breadcrumb\",\"itemListElement\":[{\"@type\":\"ListItem\",\"position\":1,\"name\":\"Accueil\",\"item\":\"https:\/\/chtululu.be\/\"},{\"@type\":\"ListItem\",\"position\":2,\"name\":\"Les livres\",\"item\":\"https:\/\/chtululu.be\/index.php\/livres-doccasion\/\"},{\"@type\":\"ListItem\",\"position\":3,\"name\":\"\u00e7a ne peut plus durer\"}]},{\"@type\":\"WebSite\",\"@id\":\"https:\/\/chtululu.be\/#website\",\"url\":\"https:\/\/chtululu.be\/\",\"name\":\"Le Chtululu\",\"description\":\"Votre librairie de seconde main \u00e0 Soignies\",\"publisher\":{\"@id\":\"https:\/\/chtululu.be\/#organization\"},\"potentialAction\":[{\"@type\":\"SearchAction\",\"target\":{\"@type\":\"EntryPoint\",\"urlTemplate\":\"https:\/\/chtululu.be\/?s={search_term_string}\"},\"query-input\":{\"@type\":\"PropertyValueSpecification\",\"valueRequired\":true,\"valueName\":\"search_term_string\"}}],\"inLanguage\":\"fr-FR\"},{\"@type\":\"Organization\",\"@id\":\"https:\/\/chtululu.be\/#organization\",\"name\":\"Le Chtululu\",\"url\":\"https:\/\/chtululu.be\/\",\"logo\":{\"@type\":\"ImageObject\",\"inLanguage\":\"fr-FR\",\"@id\":\"https:\/\/chtululu.be\/#\/schema\/logo\/image\/\",\"url\":\"https:\/\/chtululu.be\/wp-content\/uploads\/2016\/05\/logo-def-blanc.jpg\",\"contentUrl\":\"https:\/\/chtululu.be\/wp-content\/uploads\/2016\/05\/logo-def-blanc.jpg\",\"width\":2048,\"height\":1901,\"caption\":\"Le Chtululu\"},\"image\":{\"@id\":\"https:\/\/chtululu.be\/#\/schema\/logo\/image\/\"}}]}<\/script>\n<!-- \/ Yoast SEO plugin. -->","yoast_head_json":{"title":"\u00e7a ne peut plus durer - Le Chtululu","robots":{"index":"index","follow":"follow","max-snippet":"max-snippet:-1","max-image-preview":"max-image-preview:large","max-video-preview":"max-video-preview:-1"},"canonical":"https:\/\/chtululu.be\/index.php\/produit\/ca-ne-peut-plus-durer\/","og_locale":"fr_FR","og_type":"article","og_title":"\u00e7a ne peut plus durer - Le Chtululu","og_description":"Connolly Joseph - Pourquoi Anne met-elle \u00e0 la porte son mari, Jeremy, et Nan, la baby-sitter ? Parce qu'il a pass\u00e9 la nuit dehors. Et qu'il a probablement eu aussi une aventure avec la baby-sitter.  - Pourquoi Marsha annonce-t-elle \u00e0 Max que tout est fini entre eux ? Parce qu'elle vient - justement - de passer la nuit avec Jeremy.  - Pourquoi Susie fait-elle une sc\u00e8ne \u00e0 Jake ? Parce qu'elle l'a trouv\u00e9 au lit avec Nan (oui, la baby-sitter) et que \u00e7a tombe mal. Tr\u00e8s mal. Tony, l'ex-petit ami de Nan, a-t-il vraiment braqu\u00e9 une banque ?  - Et George, le chauffeur du taxi dans lequel il a laiss\u00e9 l'argent, va-t-il donner 5 000 \u00a3 \u00e0 la caissi\u00e8re du supermarch\u00e9 ? Il faut faire quelque chose. \u00c7a ne peut plus durer !  Comme toujours, chez Joseph Connolly, un \u00e9v\u00e9nement insignifiant provoque une r\u00e9action en cha\u00eene. Une ronde infernale commence, que personne ne sait arr\u00eater.","og_url":"https:\/\/chtululu.be\/index.php\/produit\/ca-ne-peut-plus-durer\/","og_site_name":"Le Chtululu","article_modified_time":"2017-01-07T19:48:54+00:00","og_image":[{"width":200,"height":303,"url":"https:\/\/chtululu.be\/wp-content\/uploads\/2017\/01\/ca-ne-peut-plus-durer.jpg","type":"image\/jpeg"}],"twitter_card":"summary_large_image","schema":{"@context":"https:\/\/schema.org","@graph":[{"@type":"WebPage","@id":"https:\/\/chtululu.be\/index.php\/produit\/ca-ne-peut-plus-durer\/","url":"https:\/\/chtululu.be\/index.php\/produit\/ca-ne-peut-plus-durer\/","name":"\u00e7a ne peut plus durer - Le Chtululu","isPartOf":{"@id":"https:\/\/chtululu.be\/#website"},"primaryImageOfPage":{"@id":"https:\/\/chtululu.be\/index.php\/produit\/ca-ne-peut-plus-durer\/#primaryimage"},"image":{"@id":"https:\/\/chtululu.be\/index.php\/produit\/ca-ne-peut-plus-durer\/#primaryimage"},"thumbnailUrl":"https:\/\/chtululu.be\/wp-content\/uploads\/2017\/01\/ca-ne-peut-plus-durer.jpg","datePublished":"2017-01-07T19:21:55+00:00","dateModified":"2017-01-07T19:48:54+00:00","breadcrumb":{"@id":"https:\/\/chtululu.be\/index.php\/produit\/ca-ne-peut-plus-durer\/#breadcrumb"},"inLanguage":"fr-FR","potentialAction":[{"@type":"ReadAction","target":["https:\/\/chtululu.be\/index.php\/produit\/ca-ne-peut-plus-durer\/"]}]},{"@type":"ImageObject","inLanguage":"fr-FR","@id":"https:\/\/chtululu.be\/index.php\/produit\/ca-ne-peut-plus-durer\/#primaryimage","url":"https:\/\/chtululu.be\/wp-content\/uploads\/2017\/01\/ca-ne-peut-plus-durer.jpg","contentUrl":"https:\/\/chtululu.be\/wp-content\/uploads\/2017\/01\/ca-ne-peut-plus-durer.jpg","width":200,"height":303},{"@type":"BreadcrumbList","@id":"https:\/\/chtululu.be\/index.php\/produit\/ca-ne-peut-plus-durer\/#breadcrumb","itemListElement":[{"@type":"ListItem","position":1,"name":"Accueil","item":"https:\/\/chtululu.be\/"},{"@type":"ListItem","position":2,"name":"Les livres","item":"https:\/\/chtululu.be\/index.php\/livres-doccasion\/"},{"@type":"ListItem","position":3,"name":"\u00e7a ne peut plus durer"}]},{"@type":"WebSite","@id":"https:\/\/chtululu.be\/#website","url":"https:\/\/chtululu.be\/","name":"Le Chtululu","description":"Votre librairie de seconde main \u00e0 Soignies","publisher":{"@id":"https:\/\/chtululu.be\/#organization"},"potentialAction":[{"@type":"SearchAction","target":{"@type":"EntryPoint","urlTemplate":"https:\/\/chtululu.be\/?s={search_term_string}"},"query-input":{"@type":"PropertyValueSpecification","valueRequired":true,"valueName":"search_term_string"}}],"inLanguage":"fr-FR"},{"@type":"Organization","@id":"https:\/\/chtululu.be\/#organization","name":"Le Chtululu","url":"https:\/\/chtululu.be\/","logo":{"@type":"ImageObject","inLanguage":"fr-FR","@id":"https:\/\/chtululu.be\/#\/schema\/logo\/image\/","url":"https:\/\/chtululu.be\/wp-content\/uploads\/2016\/05\/logo-def-blanc.jpg","contentUrl":"https:\/\/chtululu.be\/wp-content\/uploads\/2016\/05\/logo-def-blanc.jpg","width":2048,"height":1901,"caption":"Le Chtululu"},"image":{"@id":"https:\/\/chtululu.be\/#\/schema\/logo\/image\/"}}]}},"_links":{"self":[{"href":"https:\/\/chtululu.be\/index.php\/wp-json\/wp\/v2\/product\/687","targetHints":{"allow":["GET"]}}],"collection":[{"href":"https:\/\/chtululu.be\/index.php\/wp-json\/wp\/v2\/product"}],"about":[{"href":"https:\/\/chtululu.be\/index.php\/wp-json\/wp\/v2\/types\/product"}],"wp:featuredmedia":[{"embeddable":true,"href":"https:\/\/chtululu.be\/index.php\/wp-json\/wp\/v2\/media\/671"}],"wp:attachment":[{"href":"https:\/\/chtululu.be\/index.php\/wp-json\/wp\/v2\/media?parent=687"}],"wp:term":[{"taxonomy":"product_brand","embeddable":true,"href":"https:\/\/chtululu.be\/index.php\/wp-json\/wp\/v2\/product_brand?post=687"},{"taxonomy":"product_cat","embeddable":true,"href":"https:\/\/chtululu.be\/index.php\/wp-json\/wp\/v2\/product_cat?post=687"},{"taxonomy":"product_tag","embeddable":true,"href":"https:\/\/chtululu.be\/index.php\/wp-json\/wp\/v2\/product_tag?post=687"}],"curies":[{"name":"wp","href":"https:\/\/api.w.org\/{rel}","templated":true}]}}