{"id":648,"date":"2017-01-07T16:59:25","date_gmt":"2017-01-07T15:59:25","guid":{"rendered":"http:\/\/chtululu.be\/index.php\/produit\/la-nuit-du-renard\/"},"modified":"2021-01-30T22:07:34","modified_gmt":"2021-01-30T21:07:34","slug":"la-nuit-du-renard","status":"publish","type":"product","link":"https:\/\/chtululu.be\/index.php\/produit\/la-nuit-du-renard\/","title":{"rendered":"La nuit du renard"},"content":{"rendered":"","protected":false},"excerpt":{"rendered":"<p><strong>Clark Mary Higgins<\/strong><br \/>\nRonald Thompson doit mourir sur la chaise \u00e9lectrique. T\u00e9moin terroris\u00e9, le petit Neil a affirm\u00e9, au cours du proc\u00e8s, le reconna\u00eetre comme le meurtrier de sa m\u00e8re. Mais Ronald a toujours clam\u00e9 son innocence. \u00c0 quelques heures de la sentence, l&rsquo;enfant est enlev\u00e9 avec une jeune journaliste amie de son p\u00e8re, par un d\u00e9s\u00e9quilibr\u00e9 qui se fait appeler Renard. Il les s\u00e9questre dans la gare centrale de New York. Le kidnappeur menace de faire sauter une bombe au moment pr\u00e9cis o\u00f9 le condamn\u00e9 sera ex\u00e9cut\u00e9. Existe-t-il un lien entre ces deux terribles faits divers ? Un innocent va-t-il payer pour le crime d&rsquo;un autre ? Une course contre la montre s&rsquo;est engag\u00e9e&#8230; Ce roman a r\u00e9v\u00e9l\u00e9 les talents d&rsquo;un v\u00e9ritable ma\u00eetre du suspense. L&rsquo;intrigue est un d\u00e9licieux cocktail, cors\u00e9 d&rsquo;angoisse et de cruaut\u00e9, men\u00e9 \u00e0 un rythme tambour battant qui maintient la tension jusqu&rsquo;\u00e0 la derni\u00e8re page. Personne n&rsquo;en sort indemne, pas m\u00eame le lecteur. Mary Higgins Clark a re\u00e7u pour ce best-seller international le Grand Prix de litt\u00e9rature polici\u00e8re 1980. Claude Mespl\u00e8de<\/p>\n","protected":false},"featured_media":668,"template":"","meta":{"_acf_changed":false,"_exactmetrics_skip_tracking":false,"_exactmetrics_sitenote_active":false,"_exactmetrics_sitenote_note":"","_exactmetrics_sitenote_category":0},"product_brand":[],"product_cat":[385],"product_tag":[84],"class_list":{"0":"post-648","1":"product","2":"type-product","3":"status-publish","4":"has-post-thumbnail","6":"product_cat-thrillers-policiers","7":"product_tag-clark-mary-higgins","9":"first","10":"instock","11":"sold-individually","12":"taxable","13":"shipping-taxable","14":"purchasable","15":"product-type-simple"},"acf":[],"yoast_head":"<!-- This site is optimized with the Yoast SEO plugin v26.6 - https:\/\/yoast.com\/wordpress\/plugins\/seo\/ -->\n<title>La nuit du renard - Le Chtululu<\/title>\n<meta name=\"robots\" content=\"index, follow, max-snippet:-1, max-image-preview:large, max-video-preview:-1\" \/>\n<link rel=\"canonical\" href=\"https:\/\/chtululu.be\/index.php\/produit\/la-nuit-du-renard\/\" \/>\n<meta property=\"og:locale\" content=\"fr_FR\" \/>\n<meta property=\"og:type\" content=\"article\" \/>\n<meta property=\"og:title\" content=\"La nuit du renard - Le Chtululu\" \/>\n<meta property=\"og:description\" content=\"Clark Mary Higgins Ronald Thompson doit mourir sur la chaise \u00e9lectrique. T\u00e9moin terroris\u00e9, le petit Neil a affirm\u00e9, au cours du proc\u00e8s, le reconna\u00eetre comme le meurtrier de sa m\u00e8re. Mais Ronald a toujours clam\u00e9 son innocence. \u00c0 quelques heures de la sentence, l&#039;enfant est enlev\u00e9 avec une jeune journaliste amie de son p\u00e8re, par un d\u00e9s\u00e9quilibr\u00e9 qui se fait appeler Renard. Il les s\u00e9questre dans la gare centrale de New York. Le kidnappeur menace de faire sauter une bombe au moment pr\u00e9cis o\u00f9 le condamn\u00e9 sera ex\u00e9cut\u00e9. Existe-t-il un lien entre ces deux terribles faits divers ? Un innocent va-t-il payer pour le crime d&#039;un autre ? Une course contre la montre s&#039;est engag\u00e9e... Ce roman a r\u00e9v\u00e9l\u00e9 les talents d&#039;un v\u00e9ritable ma\u00eetre du suspense. L&#039;intrigue est un d\u00e9licieux cocktail, cors\u00e9 d&#039;angoisse et de cruaut\u00e9, men\u00e9 \u00e0 un rythme tambour battant qui maintient la tension jusqu&#039;\u00e0 la derni\u00e8re page. Personne n&#039;en sort indemne, pas m\u00eame le lecteur. Mary Higgins Clark a re\u00e7u pour ce best-seller international le Grand Prix de litt\u00e9rature polici\u00e8re 1980. Claude Mespl\u00e8de\" \/>\n<meta property=\"og:url\" content=\"https:\/\/chtululu.be\/index.php\/produit\/la-nuit-du-renard\/\" \/>\n<meta property=\"og:site_name\" content=\"Le Chtululu\" \/>\n<meta property=\"article:modified_time\" content=\"2021-01-30T21:07:34+00:00\" \/>\n<meta property=\"og:image\" content=\"https:\/\/chtululu.be\/wp-content\/uploads\/2017\/01\/la-nuit-du-renard-794692.jpg\" \/>\n\t<meta property=\"og:image:width\" content=\"200\" \/>\n\t<meta property=\"og:image:height\" content=\"314\" \/>\n\t<meta property=\"og:image:type\" content=\"image\/jpeg\" \/>\n<meta name=\"twitter:card\" content=\"summary_large_image\" \/>\n<script type=\"application\/ld+json\" class=\"yoast-schema-graph\">{\"@context\":\"https:\/\/schema.org\",\"@graph\":[{\"@type\":\"WebPage\",\"@id\":\"https:\/\/chtululu.be\/index.php\/produit\/la-nuit-du-renard\/\",\"url\":\"https:\/\/chtululu.be\/index.php\/produit\/la-nuit-du-renard\/\",\"name\":\"La nuit du renard - Le Chtululu\",\"isPartOf\":{\"@id\":\"https:\/\/chtululu.be\/#website\"},\"primaryImageOfPage\":{\"@id\":\"https:\/\/chtululu.be\/index.php\/produit\/la-nuit-du-renard\/#primaryimage\"},\"image\":{\"@id\":\"https:\/\/chtululu.be\/index.php\/produit\/la-nuit-du-renard\/#primaryimage\"},\"thumbnailUrl\":\"https:\/\/chtululu.be\/wp-content\/uploads\/2017\/01\/la-nuit-du-renard-794692.jpg\",\"datePublished\":\"2017-01-07T15:59:25+00:00\",\"dateModified\":\"2021-01-30T21:07:34+00:00\",\"breadcrumb\":{\"@id\":\"https:\/\/chtululu.be\/index.php\/produit\/la-nuit-du-renard\/#breadcrumb\"},\"inLanguage\":\"fr-FR\",\"potentialAction\":[{\"@type\":\"ReadAction\",\"target\":[\"https:\/\/chtululu.be\/index.php\/produit\/la-nuit-du-renard\/\"]}]},{\"@type\":\"ImageObject\",\"inLanguage\":\"fr-FR\",\"@id\":\"https:\/\/chtululu.be\/index.php\/produit\/la-nuit-du-renard\/#primaryimage\",\"url\":\"https:\/\/chtululu.be\/wp-content\/uploads\/2017\/01\/la-nuit-du-renard-794692.jpg\",\"contentUrl\":\"https:\/\/chtululu.be\/wp-content\/uploads\/2017\/01\/la-nuit-du-renard-794692.jpg\",\"width\":200,\"height\":314},{\"@type\":\"BreadcrumbList\",\"@id\":\"https:\/\/chtululu.be\/index.php\/produit\/la-nuit-du-renard\/#breadcrumb\",\"itemListElement\":[{\"@type\":\"ListItem\",\"position\":1,\"name\":\"Accueil\",\"item\":\"https:\/\/chtululu.be\/\"},{\"@type\":\"ListItem\",\"position\":2,\"name\":\"Les livres\",\"item\":\"https:\/\/chtululu.be\/index.php\/livres-doccasion\/\"},{\"@type\":\"ListItem\",\"position\":3,\"name\":\"La nuit du renard\"}]},{\"@type\":\"WebSite\",\"@id\":\"https:\/\/chtululu.be\/#website\",\"url\":\"https:\/\/chtululu.be\/\",\"name\":\"Le Chtululu\",\"description\":\"Votre librairie de seconde main \u00e0 Soignies\",\"publisher\":{\"@id\":\"https:\/\/chtululu.be\/#organization\"},\"potentialAction\":[{\"@type\":\"SearchAction\",\"target\":{\"@type\":\"EntryPoint\",\"urlTemplate\":\"https:\/\/chtululu.be\/?s={search_term_string}\"},\"query-input\":{\"@type\":\"PropertyValueSpecification\",\"valueRequired\":true,\"valueName\":\"search_term_string\"}}],\"inLanguage\":\"fr-FR\"},{\"@type\":\"Organization\",\"@id\":\"https:\/\/chtululu.be\/#organization\",\"name\":\"Le Chtululu\",\"url\":\"https:\/\/chtululu.be\/\",\"logo\":{\"@type\":\"ImageObject\",\"inLanguage\":\"fr-FR\",\"@id\":\"https:\/\/chtululu.be\/#\/schema\/logo\/image\/\",\"url\":\"https:\/\/chtululu.be\/wp-content\/uploads\/2016\/05\/logo-def-blanc.jpg\",\"contentUrl\":\"https:\/\/chtululu.be\/wp-content\/uploads\/2016\/05\/logo-def-blanc.jpg\",\"width\":2048,\"height\":1901,\"caption\":\"Le Chtululu\"},\"image\":{\"@id\":\"https:\/\/chtululu.be\/#\/schema\/logo\/image\/\"}}]}<\/script>\n<!-- \/ Yoast SEO plugin. -->","yoast_head_json":{"title":"La nuit du renard - Le Chtululu","robots":{"index":"index","follow":"follow","max-snippet":"max-snippet:-1","max-image-preview":"max-image-preview:large","max-video-preview":"max-video-preview:-1"},"canonical":"https:\/\/chtululu.be\/index.php\/produit\/la-nuit-du-renard\/","og_locale":"fr_FR","og_type":"article","og_title":"La nuit du renard - Le Chtululu","og_description":"Clark Mary Higgins Ronald Thompson doit mourir sur la chaise \u00e9lectrique. T\u00e9moin terroris\u00e9, le petit Neil a affirm\u00e9, au cours du proc\u00e8s, le reconna\u00eetre comme le meurtrier de sa m\u00e8re. Mais Ronald a toujours clam\u00e9 son innocence. \u00c0 quelques heures de la sentence, l'enfant est enlev\u00e9 avec une jeune journaliste amie de son p\u00e8re, par un d\u00e9s\u00e9quilibr\u00e9 qui se fait appeler Renard. Il les s\u00e9questre dans la gare centrale de New York. Le kidnappeur menace de faire sauter une bombe au moment pr\u00e9cis o\u00f9 le condamn\u00e9 sera ex\u00e9cut\u00e9. Existe-t-il un lien entre ces deux terribles faits divers ? Un innocent va-t-il payer pour le crime d'un autre ? Une course contre la montre s'est engag\u00e9e... Ce roman a r\u00e9v\u00e9l\u00e9 les talents d'un v\u00e9ritable ma\u00eetre du suspense. L'intrigue est un d\u00e9licieux cocktail, cors\u00e9 d'angoisse et de cruaut\u00e9, men\u00e9 \u00e0 un rythme tambour battant qui maintient la tension jusqu'\u00e0 la derni\u00e8re page. Personne n'en sort indemne, pas m\u00eame le lecteur. Mary Higgins Clark a re\u00e7u pour ce best-seller international le Grand Prix de litt\u00e9rature polici\u00e8re 1980. Claude Mespl\u00e8de","og_url":"https:\/\/chtululu.be\/index.php\/produit\/la-nuit-du-renard\/","og_site_name":"Le Chtululu","article_modified_time":"2021-01-30T21:07:34+00:00","og_image":[{"width":200,"height":314,"url":"https:\/\/chtululu.be\/wp-content\/uploads\/2017\/01\/la-nuit-du-renard-794692.jpg","type":"image\/jpeg"}],"twitter_card":"summary_large_image","schema":{"@context":"https:\/\/schema.org","@graph":[{"@type":"WebPage","@id":"https:\/\/chtululu.be\/index.php\/produit\/la-nuit-du-renard\/","url":"https:\/\/chtululu.be\/index.php\/produit\/la-nuit-du-renard\/","name":"La nuit du renard - Le Chtululu","isPartOf":{"@id":"https:\/\/chtululu.be\/#website"},"primaryImageOfPage":{"@id":"https:\/\/chtululu.be\/index.php\/produit\/la-nuit-du-renard\/#primaryimage"},"image":{"@id":"https:\/\/chtululu.be\/index.php\/produit\/la-nuit-du-renard\/#primaryimage"},"thumbnailUrl":"https:\/\/chtululu.be\/wp-content\/uploads\/2017\/01\/la-nuit-du-renard-794692.jpg","datePublished":"2017-01-07T15:59:25+00:00","dateModified":"2021-01-30T21:07:34+00:00","breadcrumb":{"@id":"https:\/\/chtululu.be\/index.php\/produit\/la-nuit-du-renard\/#breadcrumb"},"inLanguage":"fr-FR","potentialAction":[{"@type":"ReadAction","target":["https:\/\/chtululu.be\/index.php\/produit\/la-nuit-du-renard\/"]}]},{"@type":"ImageObject","inLanguage":"fr-FR","@id":"https:\/\/chtululu.be\/index.php\/produit\/la-nuit-du-renard\/#primaryimage","url":"https:\/\/chtululu.be\/wp-content\/uploads\/2017\/01\/la-nuit-du-renard-794692.jpg","contentUrl":"https:\/\/chtululu.be\/wp-content\/uploads\/2017\/01\/la-nuit-du-renard-794692.jpg","width":200,"height":314},{"@type":"BreadcrumbList","@id":"https:\/\/chtululu.be\/index.php\/produit\/la-nuit-du-renard\/#breadcrumb","itemListElement":[{"@type":"ListItem","position":1,"name":"Accueil","item":"https:\/\/chtululu.be\/"},{"@type":"ListItem","position":2,"name":"Les livres","item":"https:\/\/chtululu.be\/index.php\/livres-doccasion\/"},{"@type":"ListItem","position":3,"name":"La nuit du renard"}]},{"@type":"WebSite","@id":"https:\/\/chtululu.be\/#website","url":"https:\/\/chtululu.be\/","name":"Le Chtululu","description":"Votre librairie de seconde main \u00e0 Soignies","publisher":{"@id":"https:\/\/chtululu.be\/#organization"},"potentialAction":[{"@type":"SearchAction","target":{"@type":"EntryPoint","urlTemplate":"https:\/\/chtululu.be\/?s={search_term_string}"},"query-input":{"@type":"PropertyValueSpecification","valueRequired":true,"valueName":"search_term_string"}}],"inLanguage":"fr-FR"},{"@type":"Organization","@id":"https:\/\/chtululu.be\/#organization","name":"Le Chtululu","url":"https:\/\/chtululu.be\/","logo":{"@type":"ImageObject","inLanguage":"fr-FR","@id":"https:\/\/chtululu.be\/#\/schema\/logo\/image\/","url":"https:\/\/chtululu.be\/wp-content\/uploads\/2016\/05\/logo-def-blanc.jpg","contentUrl":"https:\/\/chtululu.be\/wp-content\/uploads\/2016\/05\/logo-def-blanc.jpg","width":2048,"height":1901,"caption":"Le Chtululu"},"image":{"@id":"https:\/\/chtululu.be\/#\/schema\/logo\/image\/"}}]}},"_links":{"self":[{"href":"https:\/\/chtululu.be\/index.php\/wp-json\/wp\/v2\/product\/648","targetHints":{"allow":["GET"]}}],"collection":[{"href":"https:\/\/chtululu.be\/index.php\/wp-json\/wp\/v2\/product"}],"about":[{"href":"https:\/\/chtululu.be\/index.php\/wp-json\/wp\/v2\/types\/product"}],"wp:featuredmedia":[{"embeddable":true,"href":"https:\/\/chtululu.be\/index.php\/wp-json\/wp\/v2\/media\/668"}],"wp:attachment":[{"href":"https:\/\/chtululu.be\/index.php\/wp-json\/wp\/v2\/media?parent=648"}],"wp:term":[{"taxonomy":"product_brand","embeddable":true,"href":"https:\/\/chtululu.be\/index.php\/wp-json\/wp\/v2\/product_brand?post=648"},{"taxonomy":"product_cat","embeddable":true,"href":"https:\/\/chtululu.be\/index.php\/wp-json\/wp\/v2\/product_cat?post=648"},{"taxonomy":"product_tag","embeddable":true,"href":"https:\/\/chtululu.be\/index.php\/wp-json\/wp\/v2\/product_tag?post=648"}],"curies":[{"name":"wp","href":"https:\/\/api.w.org\/{rel}","templated":true}]}}