{"id":647,"date":"2017-01-07T16:59:25","date_gmt":"2017-01-07T15:59:25","guid":{"rendered":"http:\/\/chtululu.be\/index.php\/produit\/un-jour-tu-verras-2\/"},"modified":"2021-01-30T22:09:05","modified_gmt":"2021-01-30T21:09:05","slug":"un-jour-tu-verras-2","status":"publish","type":"product","link":"https:\/\/chtululu.be\/index.php\/produit\/un-jour-tu-verras-2\/","title":{"rendered":"Un jour tu verras"},"content":{"rendered":"","protected":false},"excerpt":{"rendered":"<p><strong>Clark Mary Higgins<\/strong><br \/>\nMeghan n&rsquo;en croit pas ses yeux l\u00e0, dans ce service d&rsquo;urgences hospitali\u00e8res, la jeune fille qu&rsquo;on vient d&rsquo;amener, victime d&rsquo;une grave agression, lui ressemble trait pour trait, comme une jumelle.<br \/>\nMais ce n&rsquo;est l\u00e0 que la premi\u00e8re des \u00e9nigmes que la jeune femme, avocate reconvertie dans le journalisme, va devoir affronter. Un p\u00e8re disparu dans un myst\u00e9rieux accident. Une clinique sp\u00e9cialis\u00e9e dans la f\u00e9condation in vitro et l&rsquo;\u00e9laboration de clones humains. L&rsquo;ombre d&rsquo;un \u00abserial triller&#8230;\u00bb<\/p>\n","protected":false},"featured_media":654,"template":"","meta":{"_acf_changed":false,"_exactmetrics_skip_tracking":false,"_exactmetrics_sitenote_active":false,"_exactmetrics_sitenote_note":"","_exactmetrics_sitenote_category":0},"product_brand":[],"product_cat":[385],"product_tag":[84],"class_list":{"0":"post-647","1":"product","2":"type-product","3":"status-publish","4":"has-post-thumbnail","6":"product_cat-thrillers-policiers","7":"product_tag-clark-mary-higgins","9":"first","10":"instock","11":"taxable","12":"shipping-taxable","13":"purchasable","14":"product-type-simple"},"acf":[],"yoast_head":"<!-- This site is optimized with the Yoast SEO plugin v26.6 - https:\/\/yoast.com\/wordpress\/plugins\/seo\/ -->\n<title>Un jour tu verras - Le Chtululu<\/title>\n<meta name=\"robots\" content=\"index, follow, max-snippet:-1, max-image-preview:large, max-video-preview:-1\" \/>\n<link rel=\"canonical\" href=\"https:\/\/chtululu.be\/index.php\/produit\/un-jour-tu-verras-2\/\" \/>\n<meta property=\"og:locale\" content=\"fr_FR\" \/>\n<meta property=\"og:type\" content=\"article\" \/>\n<meta property=\"og:title\" content=\"Un jour tu verras - Le Chtululu\" \/>\n<meta property=\"og:description\" content=\"Clark Mary Higgins Meghan n&#039;en croit pas ses yeux l\u00e0, dans ce service d&#039;urgences hospitali\u00e8res, la jeune fille qu&#039;on vient d&#039;amener, victime d&#039;une grave agression, lui ressemble trait pour trait, comme une jumelle. Mais ce n&#039;est l\u00e0 que la premi\u00e8re des \u00e9nigmes que la jeune femme, avocate reconvertie dans le journalisme, va devoir affronter. Un p\u00e8re disparu dans un myst\u00e9rieux accident. Une clinique sp\u00e9cialis\u00e9e dans la f\u00e9condation in vitro et l&#039;\u00e9laboration de clones humains. L&#039;ombre d&#039;un \u00abserial triller...\u00bb\" \/>\n<meta property=\"og:url\" content=\"https:\/\/chtululu.be\/index.php\/produit\/un-jour-tu-verras-2\/\" \/>\n<meta property=\"og:site_name\" content=\"Le Chtululu\" \/>\n<meta property=\"article:modified_time\" content=\"2021-01-30T21:09:05+00:00\" \/>\n<meta property=\"og:image\" content=\"https:\/\/chtululu.be\/wp-content\/uploads\/2017\/01\/unjourtuverras.jpg\" \/>\n\t<meta property=\"og:image:width\" content=\"200\" \/>\n\t<meta property=\"og:image:height\" content=\"303\" \/>\n\t<meta property=\"og:image:type\" content=\"image\/jpeg\" \/>\n<meta name=\"twitter:card\" content=\"summary_large_image\" \/>\n<script type=\"application\/ld+json\" class=\"yoast-schema-graph\">{\"@context\":\"https:\/\/schema.org\",\"@graph\":[{\"@type\":\"WebPage\",\"@id\":\"https:\/\/chtululu.be\/index.php\/produit\/un-jour-tu-verras-2\/\",\"url\":\"https:\/\/chtululu.be\/index.php\/produit\/un-jour-tu-verras-2\/\",\"name\":\"Un jour tu verras - Le Chtululu\",\"isPartOf\":{\"@id\":\"https:\/\/chtululu.be\/#website\"},\"primaryImageOfPage\":{\"@id\":\"https:\/\/chtululu.be\/index.php\/produit\/un-jour-tu-verras-2\/#primaryimage\"},\"image\":{\"@id\":\"https:\/\/chtululu.be\/index.php\/produit\/un-jour-tu-verras-2\/#primaryimage\"},\"thumbnailUrl\":\"https:\/\/chtululu.be\/wp-content\/uploads\/2017\/01\/unjourtuverras.jpg\",\"datePublished\":\"2017-01-07T15:59:25+00:00\",\"dateModified\":\"2021-01-30T21:09:05+00:00\",\"breadcrumb\":{\"@id\":\"https:\/\/chtululu.be\/index.php\/produit\/un-jour-tu-verras-2\/#breadcrumb\"},\"inLanguage\":\"fr-FR\",\"potentialAction\":[{\"@type\":\"ReadAction\",\"target\":[\"https:\/\/chtululu.be\/index.php\/produit\/un-jour-tu-verras-2\/\"]}]},{\"@type\":\"ImageObject\",\"inLanguage\":\"fr-FR\",\"@id\":\"https:\/\/chtululu.be\/index.php\/produit\/un-jour-tu-verras-2\/#primaryimage\",\"url\":\"https:\/\/chtululu.be\/wp-content\/uploads\/2017\/01\/unjourtuverras.jpg\",\"contentUrl\":\"https:\/\/chtululu.be\/wp-content\/uploads\/2017\/01\/unjourtuverras.jpg\",\"width\":200,\"height\":303},{\"@type\":\"BreadcrumbList\",\"@id\":\"https:\/\/chtululu.be\/index.php\/produit\/un-jour-tu-verras-2\/#breadcrumb\",\"itemListElement\":[{\"@type\":\"ListItem\",\"position\":1,\"name\":\"Accueil\",\"item\":\"https:\/\/chtululu.be\/\"},{\"@type\":\"ListItem\",\"position\":2,\"name\":\"Les livres\",\"item\":\"https:\/\/chtululu.be\/index.php\/livres-doccasion\/\"},{\"@type\":\"ListItem\",\"position\":3,\"name\":\"Un jour tu verras\"}]},{\"@type\":\"WebSite\",\"@id\":\"https:\/\/chtululu.be\/#website\",\"url\":\"https:\/\/chtululu.be\/\",\"name\":\"Le Chtululu\",\"description\":\"Votre librairie de seconde main \u00e0 Soignies\",\"publisher\":{\"@id\":\"https:\/\/chtululu.be\/#organization\"},\"potentialAction\":[{\"@type\":\"SearchAction\",\"target\":{\"@type\":\"EntryPoint\",\"urlTemplate\":\"https:\/\/chtululu.be\/?s={search_term_string}\"},\"query-input\":{\"@type\":\"PropertyValueSpecification\",\"valueRequired\":true,\"valueName\":\"search_term_string\"}}],\"inLanguage\":\"fr-FR\"},{\"@type\":\"Organization\",\"@id\":\"https:\/\/chtululu.be\/#organization\",\"name\":\"Le Chtululu\",\"url\":\"https:\/\/chtululu.be\/\",\"logo\":{\"@type\":\"ImageObject\",\"inLanguage\":\"fr-FR\",\"@id\":\"https:\/\/chtululu.be\/#\/schema\/logo\/image\/\",\"url\":\"https:\/\/chtululu.be\/wp-content\/uploads\/2016\/05\/logo-def-blanc.jpg\",\"contentUrl\":\"https:\/\/chtululu.be\/wp-content\/uploads\/2016\/05\/logo-def-blanc.jpg\",\"width\":2048,\"height\":1901,\"caption\":\"Le Chtululu\"},\"image\":{\"@id\":\"https:\/\/chtululu.be\/#\/schema\/logo\/image\/\"}}]}<\/script>\n<!-- \/ Yoast SEO plugin. -->","yoast_head_json":{"title":"Un jour tu verras - Le Chtululu","robots":{"index":"index","follow":"follow","max-snippet":"max-snippet:-1","max-image-preview":"max-image-preview:large","max-video-preview":"max-video-preview:-1"},"canonical":"https:\/\/chtululu.be\/index.php\/produit\/un-jour-tu-verras-2\/","og_locale":"fr_FR","og_type":"article","og_title":"Un jour tu verras - Le Chtululu","og_description":"Clark Mary Higgins Meghan n'en croit pas ses yeux l\u00e0, dans ce service d'urgences hospitali\u00e8res, la jeune fille qu'on vient d'amener, victime d'une grave agression, lui ressemble trait pour trait, comme une jumelle. Mais ce n'est l\u00e0 que la premi\u00e8re des \u00e9nigmes que la jeune femme, avocate reconvertie dans le journalisme, va devoir affronter. Un p\u00e8re disparu dans un myst\u00e9rieux accident. Une clinique sp\u00e9cialis\u00e9e dans la f\u00e9condation in vitro et l'\u00e9laboration de clones humains. L'ombre d'un \u00abserial triller...\u00bb","og_url":"https:\/\/chtululu.be\/index.php\/produit\/un-jour-tu-verras-2\/","og_site_name":"Le Chtululu","article_modified_time":"2021-01-30T21:09:05+00:00","og_image":[{"width":200,"height":303,"url":"https:\/\/chtululu.be\/wp-content\/uploads\/2017\/01\/unjourtuverras.jpg","type":"image\/jpeg"}],"twitter_card":"summary_large_image","schema":{"@context":"https:\/\/schema.org","@graph":[{"@type":"WebPage","@id":"https:\/\/chtululu.be\/index.php\/produit\/un-jour-tu-verras-2\/","url":"https:\/\/chtululu.be\/index.php\/produit\/un-jour-tu-verras-2\/","name":"Un jour tu verras - Le Chtululu","isPartOf":{"@id":"https:\/\/chtululu.be\/#website"},"primaryImageOfPage":{"@id":"https:\/\/chtululu.be\/index.php\/produit\/un-jour-tu-verras-2\/#primaryimage"},"image":{"@id":"https:\/\/chtululu.be\/index.php\/produit\/un-jour-tu-verras-2\/#primaryimage"},"thumbnailUrl":"https:\/\/chtululu.be\/wp-content\/uploads\/2017\/01\/unjourtuverras.jpg","datePublished":"2017-01-07T15:59:25+00:00","dateModified":"2021-01-30T21:09:05+00:00","breadcrumb":{"@id":"https:\/\/chtululu.be\/index.php\/produit\/un-jour-tu-verras-2\/#breadcrumb"},"inLanguage":"fr-FR","potentialAction":[{"@type":"ReadAction","target":["https:\/\/chtululu.be\/index.php\/produit\/un-jour-tu-verras-2\/"]}]},{"@type":"ImageObject","inLanguage":"fr-FR","@id":"https:\/\/chtululu.be\/index.php\/produit\/un-jour-tu-verras-2\/#primaryimage","url":"https:\/\/chtululu.be\/wp-content\/uploads\/2017\/01\/unjourtuverras.jpg","contentUrl":"https:\/\/chtululu.be\/wp-content\/uploads\/2017\/01\/unjourtuverras.jpg","width":200,"height":303},{"@type":"BreadcrumbList","@id":"https:\/\/chtululu.be\/index.php\/produit\/un-jour-tu-verras-2\/#breadcrumb","itemListElement":[{"@type":"ListItem","position":1,"name":"Accueil","item":"https:\/\/chtululu.be\/"},{"@type":"ListItem","position":2,"name":"Les livres","item":"https:\/\/chtululu.be\/index.php\/livres-doccasion\/"},{"@type":"ListItem","position":3,"name":"Un jour tu verras"}]},{"@type":"WebSite","@id":"https:\/\/chtululu.be\/#website","url":"https:\/\/chtululu.be\/","name":"Le Chtululu","description":"Votre librairie de seconde main \u00e0 Soignies","publisher":{"@id":"https:\/\/chtululu.be\/#organization"},"potentialAction":[{"@type":"SearchAction","target":{"@type":"EntryPoint","urlTemplate":"https:\/\/chtululu.be\/?s={search_term_string}"},"query-input":{"@type":"PropertyValueSpecification","valueRequired":true,"valueName":"search_term_string"}}],"inLanguage":"fr-FR"},{"@type":"Organization","@id":"https:\/\/chtululu.be\/#organization","name":"Le Chtululu","url":"https:\/\/chtululu.be\/","logo":{"@type":"ImageObject","inLanguage":"fr-FR","@id":"https:\/\/chtululu.be\/#\/schema\/logo\/image\/","url":"https:\/\/chtululu.be\/wp-content\/uploads\/2016\/05\/logo-def-blanc.jpg","contentUrl":"https:\/\/chtululu.be\/wp-content\/uploads\/2016\/05\/logo-def-blanc.jpg","width":2048,"height":1901,"caption":"Le Chtululu"},"image":{"@id":"https:\/\/chtululu.be\/#\/schema\/logo\/image\/"}}]}},"_links":{"self":[{"href":"https:\/\/chtululu.be\/index.php\/wp-json\/wp\/v2\/product\/647","targetHints":{"allow":["GET"]}}],"collection":[{"href":"https:\/\/chtululu.be\/index.php\/wp-json\/wp\/v2\/product"}],"about":[{"href":"https:\/\/chtululu.be\/index.php\/wp-json\/wp\/v2\/types\/product"}],"wp:featuredmedia":[{"embeddable":true,"href":"https:\/\/chtululu.be\/index.php\/wp-json\/wp\/v2\/media\/654"}],"wp:attachment":[{"href":"https:\/\/chtululu.be\/index.php\/wp-json\/wp\/v2\/media?parent=647"}],"wp:term":[{"taxonomy":"product_brand","embeddable":true,"href":"https:\/\/chtululu.be\/index.php\/wp-json\/wp\/v2\/product_brand?post=647"},{"taxonomy":"product_cat","embeddable":true,"href":"https:\/\/chtululu.be\/index.php\/wp-json\/wp\/v2\/product_cat?post=647"},{"taxonomy":"product_tag","embeddable":true,"href":"https:\/\/chtululu.be\/index.php\/wp-json\/wp\/v2\/product_tag?post=647"}],"curies":[{"name":"wp","href":"https:\/\/api.w.org\/{rel}","templated":true}]}}