{"id":633,"date":"2017-01-04T21:21:00","date_gmt":"2017-01-04T20:21:00","guid":{"rendered":"http:\/\/chtululu.be\/index.php\/produit\/le-certain-age\/"},"modified":"2017-01-04T21:33:40","modified_gmt":"2017-01-04T20:33:40","slug":"le-certain-age","status":"publish","type":"product","link":"https:\/\/chtululu.be\/index.php\/produit\/le-certain-age\/","title":{"rendered":"Le \u00ab\u00a0certain \u00e2ge\u00a0\u00bb"},"content":{"rendered":"","protected":false},"excerpt":{"rendered":"<p><strong>Chapsal Madeleine<\/strong><br \/>\n\u00ab\u00a0L&rsquo;enfer des femmes, c&rsquo;est la vieillesse&#8230; \u00ab\u00a0, a m\u00e9chamment conclu La Rochefoucauld [&#8230;].<\/p>\n<p>En fait vieillir vous pr\u00e9cipite dans un monde jusque-l\u00e0 inconnu &#8211; j&rsquo;y suis ! C&rsquo;est comme une nouvelle naissance qui force \u00e0 r\u00e9apprendre l&rsquo;usage de son corps, de son esprit, la gestion de ses gestes, de ses horaires, jusqu&rsquo;\u00e0 ses m\u009curs.<\/p>\n<p>En renon\u00e7ant \u00e0 l&rsquo;amour ? Je crois au contraire que le \u00a0\u00bb certain \u00e2ge \u00ab\u00a0, c&rsquo;est l&rsquo;\u00e2ge de l&rsquo;amour. Car si tout passe, l&rsquo;amour reste et m\u00eame s&rsquo;approfondit : qu&rsquo;il soit actuel ou souvenir, chaste ou pleinement v\u00e9cu.<\/p>\n<p>Mes contemporaines, Claude Sarraute, journaliste, Sonia Rykiel, cr\u00e9atrice de mode, Marguerite Mazurier, agricultrice, Antoinette, ex-mannequin, me confient leurs impressions sur notre voyage parall\u00e8le dans le temps, sa douceur et ses cruaut\u00e9s. [&#8230;] Comme elles sont lucides et sinc\u00e8res !<\/p>\n","protected":false},"featured_media":622,"template":"","meta":{"_acf_changed":false,"_exactmetrics_skip_tracking":false,"_exactmetrics_sitenote_active":false,"_exactmetrics_sitenote_note":"","_exactmetrics_sitenote_category":0},"product_brand":[],"product_cat":[24],"product_tag":[72],"class_list":{"0":"post-633","1":"product","2":"type-product","3":"status-publish","4":"has-post-thumbnail","6":"product_cat-roman","7":"product_tag-chapsal-madeleine","9":"first","10":"instock","11":"taxable","12":"shipping-taxable","13":"purchasable","14":"product-type-simple"},"acf":[],"yoast_head":"<!-- This site is optimized with the Yoast SEO plugin v26.6 - https:\/\/yoast.com\/wordpress\/plugins\/seo\/ -->\n<title>Le &quot;certain \u00e2ge&quot; - Le Chtululu<\/title>\n<meta name=\"robots\" content=\"index, follow, max-snippet:-1, max-image-preview:large, max-video-preview:-1\" \/>\n<link rel=\"canonical\" href=\"https:\/\/chtululu.be\/index.php\/produit\/le-certain-age\/\" \/>\n<meta property=\"og:locale\" content=\"fr_FR\" \/>\n<meta property=\"og:type\" content=\"article\" \/>\n<meta property=\"og:title\" content=\"Le &quot;certain \u00e2ge&quot; - Le Chtululu\" \/>\n<meta property=\"og:description\" content=\"Chapsal Madeleine &quot;L&#039;enfer des femmes, c&#039;est la vieillesse... &quot;, a m\u00e9chamment conclu La Rochefoucauld [...].  En fait vieillir vous pr\u00e9cipite dans un monde jusque-l\u00e0 inconnu - j&#039;y suis ! C&#039;est comme une nouvelle naissance qui force \u00e0 r\u00e9apprendre l&#039;usage de son corps, de son esprit, la gestion de ses gestes, de ses horaires, jusqu&#039;\u00e0 ses m\u009curs.  En renon\u00e7ant \u00e0 l&#039;amour ? Je crois au contraire que le &quot; certain \u00e2ge &quot;, c&#039;est l&#039;\u00e2ge de l&#039;amour. Car si tout passe, l&#039;amour reste et m\u00eame s&#039;approfondit : qu&#039;il soit actuel ou souvenir, chaste ou pleinement v\u00e9cu.  Mes contemporaines, Claude Sarraute, journaliste, Sonia Rykiel, cr\u00e9atrice de mode, Marguerite Mazurier, agricultrice, Antoinette, ex-mannequin, me confient leurs impressions sur notre voyage parall\u00e8le dans le temps, sa douceur et ses cruaut\u00e9s. [...] Comme elles sont lucides et sinc\u00e8res !\" \/>\n<meta property=\"og:url\" content=\"https:\/\/chtululu.be\/index.php\/produit\/le-certain-age\/\" \/>\n<meta property=\"og:site_name\" content=\"Le Chtululu\" \/>\n<meta property=\"article:modified_time\" content=\"2017-01-04T20:33:40+00:00\" \/>\n<meta property=\"og:image\" content=\"https:\/\/chtululu.be\/wp-content\/uploads\/2017\/01\/certain_age.jpg\" \/>\n\t<meta property=\"og:image:width\" content=\"200\" \/>\n\t<meta property=\"og:image:height\" content=\"319\" \/>\n\t<meta property=\"og:image:type\" content=\"image\/jpeg\" \/>\n<meta name=\"twitter:card\" content=\"summary_large_image\" \/>\n<script type=\"application\/ld+json\" class=\"yoast-schema-graph\">{\"@context\":\"https:\/\/schema.org\",\"@graph\":[{\"@type\":\"WebPage\",\"@id\":\"https:\/\/chtululu.be\/index.php\/produit\/le-certain-age\/\",\"url\":\"https:\/\/chtululu.be\/index.php\/produit\/le-certain-age\/\",\"name\":\"Le \\\"certain \u00e2ge\\\" - Le Chtululu\",\"isPartOf\":{\"@id\":\"https:\/\/chtululu.be\/#website\"},\"primaryImageOfPage\":{\"@id\":\"https:\/\/chtululu.be\/index.php\/produit\/le-certain-age\/#primaryimage\"},\"image\":{\"@id\":\"https:\/\/chtululu.be\/index.php\/produit\/le-certain-age\/#primaryimage\"},\"thumbnailUrl\":\"https:\/\/chtululu.be\/wp-content\/uploads\/2017\/01\/certain_age.jpg\",\"datePublished\":\"2017-01-04T20:21:00+00:00\",\"dateModified\":\"2017-01-04T20:33:40+00:00\",\"breadcrumb\":{\"@id\":\"https:\/\/chtululu.be\/index.php\/produit\/le-certain-age\/#breadcrumb\"},\"inLanguage\":\"fr-FR\",\"potentialAction\":[{\"@type\":\"ReadAction\",\"target\":[\"https:\/\/chtululu.be\/index.php\/produit\/le-certain-age\/\"]}]},{\"@type\":\"ImageObject\",\"inLanguage\":\"fr-FR\",\"@id\":\"https:\/\/chtululu.be\/index.php\/produit\/le-certain-age\/#primaryimage\",\"url\":\"https:\/\/chtululu.be\/wp-content\/uploads\/2017\/01\/certain_age.jpg\",\"contentUrl\":\"https:\/\/chtululu.be\/wp-content\/uploads\/2017\/01\/certain_age.jpg\",\"width\":200,\"height\":319},{\"@type\":\"BreadcrumbList\",\"@id\":\"https:\/\/chtululu.be\/index.php\/produit\/le-certain-age\/#breadcrumb\",\"itemListElement\":[{\"@type\":\"ListItem\",\"position\":1,\"name\":\"Accueil\",\"item\":\"https:\/\/chtululu.be\/\"},{\"@type\":\"ListItem\",\"position\":2,\"name\":\"Les livres\",\"item\":\"https:\/\/chtululu.be\/index.php\/livres-doccasion\/\"},{\"@type\":\"ListItem\",\"position\":3,\"name\":\"Le \u00ab\u00a0certain \u00e2ge\u00a0\u00bb\"}]},{\"@type\":\"WebSite\",\"@id\":\"https:\/\/chtululu.be\/#website\",\"url\":\"https:\/\/chtululu.be\/\",\"name\":\"Le Chtululu\",\"description\":\"Votre librairie de seconde main \u00e0 Soignies\",\"publisher\":{\"@id\":\"https:\/\/chtululu.be\/#organization\"},\"potentialAction\":[{\"@type\":\"SearchAction\",\"target\":{\"@type\":\"EntryPoint\",\"urlTemplate\":\"https:\/\/chtululu.be\/?s={search_term_string}\"},\"query-input\":{\"@type\":\"PropertyValueSpecification\",\"valueRequired\":true,\"valueName\":\"search_term_string\"}}],\"inLanguage\":\"fr-FR\"},{\"@type\":\"Organization\",\"@id\":\"https:\/\/chtululu.be\/#organization\",\"name\":\"Le Chtululu\",\"url\":\"https:\/\/chtululu.be\/\",\"logo\":{\"@type\":\"ImageObject\",\"inLanguage\":\"fr-FR\",\"@id\":\"https:\/\/chtululu.be\/#\/schema\/logo\/image\/\",\"url\":\"https:\/\/chtululu.be\/wp-content\/uploads\/2016\/05\/logo-def-blanc.jpg\",\"contentUrl\":\"https:\/\/chtululu.be\/wp-content\/uploads\/2016\/05\/logo-def-blanc.jpg\",\"width\":2048,\"height\":1901,\"caption\":\"Le Chtululu\"},\"image\":{\"@id\":\"https:\/\/chtululu.be\/#\/schema\/logo\/image\/\"}}]}<\/script>\n<!-- \/ Yoast SEO plugin. -->","yoast_head_json":{"title":"Le \"certain \u00e2ge\" - Le Chtululu","robots":{"index":"index","follow":"follow","max-snippet":"max-snippet:-1","max-image-preview":"max-image-preview:large","max-video-preview":"max-video-preview:-1"},"canonical":"https:\/\/chtululu.be\/index.php\/produit\/le-certain-age\/","og_locale":"fr_FR","og_type":"article","og_title":"Le \"certain \u00e2ge\" - Le Chtululu","og_description":"Chapsal Madeleine \"L'enfer des femmes, c'est la vieillesse... \", a m\u00e9chamment conclu La Rochefoucauld [...].  En fait vieillir vous pr\u00e9cipite dans un monde jusque-l\u00e0 inconnu - j'y suis ! C'est comme une nouvelle naissance qui force \u00e0 r\u00e9apprendre l'usage de son corps, de son esprit, la gestion de ses gestes, de ses horaires, jusqu'\u00e0 ses m\u009curs.  En renon\u00e7ant \u00e0 l'amour ? Je crois au contraire que le \" certain \u00e2ge \", c'est l'\u00e2ge de l'amour. Car si tout passe, l'amour reste et m\u00eame s'approfondit : qu'il soit actuel ou souvenir, chaste ou pleinement v\u00e9cu.  Mes contemporaines, Claude Sarraute, journaliste, Sonia Rykiel, cr\u00e9atrice de mode, Marguerite Mazurier, agricultrice, Antoinette, ex-mannequin, me confient leurs impressions sur notre voyage parall\u00e8le dans le temps, sa douceur et ses cruaut\u00e9s. [...] Comme elles sont lucides et sinc\u00e8res !","og_url":"https:\/\/chtululu.be\/index.php\/produit\/le-certain-age\/","og_site_name":"Le Chtululu","article_modified_time":"2017-01-04T20:33:40+00:00","og_image":[{"width":200,"height":319,"url":"https:\/\/chtululu.be\/wp-content\/uploads\/2017\/01\/certain_age.jpg","type":"image\/jpeg"}],"twitter_card":"summary_large_image","schema":{"@context":"https:\/\/schema.org","@graph":[{"@type":"WebPage","@id":"https:\/\/chtululu.be\/index.php\/produit\/le-certain-age\/","url":"https:\/\/chtululu.be\/index.php\/produit\/le-certain-age\/","name":"Le \"certain \u00e2ge\" - Le Chtululu","isPartOf":{"@id":"https:\/\/chtululu.be\/#website"},"primaryImageOfPage":{"@id":"https:\/\/chtululu.be\/index.php\/produit\/le-certain-age\/#primaryimage"},"image":{"@id":"https:\/\/chtululu.be\/index.php\/produit\/le-certain-age\/#primaryimage"},"thumbnailUrl":"https:\/\/chtululu.be\/wp-content\/uploads\/2017\/01\/certain_age.jpg","datePublished":"2017-01-04T20:21:00+00:00","dateModified":"2017-01-04T20:33:40+00:00","breadcrumb":{"@id":"https:\/\/chtululu.be\/index.php\/produit\/le-certain-age\/#breadcrumb"},"inLanguage":"fr-FR","potentialAction":[{"@type":"ReadAction","target":["https:\/\/chtululu.be\/index.php\/produit\/le-certain-age\/"]}]},{"@type":"ImageObject","inLanguage":"fr-FR","@id":"https:\/\/chtululu.be\/index.php\/produit\/le-certain-age\/#primaryimage","url":"https:\/\/chtululu.be\/wp-content\/uploads\/2017\/01\/certain_age.jpg","contentUrl":"https:\/\/chtululu.be\/wp-content\/uploads\/2017\/01\/certain_age.jpg","width":200,"height":319},{"@type":"BreadcrumbList","@id":"https:\/\/chtululu.be\/index.php\/produit\/le-certain-age\/#breadcrumb","itemListElement":[{"@type":"ListItem","position":1,"name":"Accueil","item":"https:\/\/chtululu.be\/"},{"@type":"ListItem","position":2,"name":"Les livres","item":"https:\/\/chtululu.be\/index.php\/livres-doccasion\/"},{"@type":"ListItem","position":3,"name":"Le \u00ab\u00a0certain \u00e2ge\u00a0\u00bb"}]},{"@type":"WebSite","@id":"https:\/\/chtululu.be\/#website","url":"https:\/\/chtululu.be\/","name":"Le Chtululu","description":"Votre librairie de seconde main \u00e0 Soignies","publisher":{"@id":"https:\/\/chtululu.be\/#organization"},"potentialAction":[{"@type":"SearchAction","target":{"@type":"EntryPoint","urlTemplate":"https:\/\/chtululu.be\/?s={search_term_string}"},"query-input":{"@type":"PropertyValueSpecification","valueRequired":true,"valueName":"search_term_string"}}],"inLanguage":"fr-FR"},{"@type":"Organization","@id":"https:\/\/chtululu.be\/#organization","name":"Le Chtululu","url":"https:\/\/chtululu.be\/","logo":{"@type":"ImageObject","inLanguage":"fr-FR","@id":"https:\/\/chtululu.be\/#\/schema\/logo\/image\/","url":"https:\/\/chtululu.be\/wp-content\/uploads\/2016\/05\/logo-def-blanc.jpg","contentUrl":"https:\/\/chtululu.be\/wp-content\/uploads\/2016\/05\/logo-def-blanc.jpg","width":2048,"height":1901,"caption":"Le Chtululu"},"image":{"@id":"https:\/\/chtululu.be\/#\/schema\/logo\/image\/"}}]}},"_links":{"self":[{"href":"https:\/\/chtululu.be\/index.php\/wp-json\/wp\/v2\/product\/633","targetHints":{"allow":["GET"]}}],"collection":[{"href":"https:\/\/chtululu.be\/index.php\/wp-json\/wp\/v2\/product"}],"about":[{"href":"https:\/\/chtululu.be\/index.php\/wp-json\/wp\/v2\/types\/product"}],"wp:featuredmedia":[{"embeddable":true,"href":"https:\/\/chtululu.be\/index.php\/wp-json\/wp\/v2\/media\/622"}],"wp:attachment":[{"href":"https:\/\/chtululu.be\/index.php\/wp-json\/wp\/v2\/media?parent=633"}],"wp:term":[{"taxonomy":"product_brand","embeddable":true,"href":"https:\/\/chtululu.be\/index.php\/wp-json\/wp\/v2\/product_brand?post=633"},{"taxonomy":"product_cat","embeddable":true,"href":"https:\/\/chtululu.be\/index.php\/wp-json\/wp\/v2\/product_cat?post=633"},{"taxonomy":"product_tag","embeddable":true,"href":"https:\/\/chtululu.be\/index.php\/wp-json\/wp\/v2\/product_tag?post=633"}],"curies":[{"name":"wp","href":"https:\/\/api.w.org\/{rel}","templated":true}]}}