{"id":595,"date":"2017-01-03T22:21:52","date_gmt":"2017-01-03T21:21:52","guid":{"rendered":"http:\/\/chtululu.be\/index.php\/produit\/bebe-couple\/"},"modified":"2017-01-07T18:01:12","modified_gmt":"2017-01-07T17:01:12","slug":"bebe-couple","status":"publish","type":"product","link":"https:\/\/chtululu.be\/index.php\/produit\/bebe-couple\/","title":{"rendered":"B\u00e9b\u00e9 couple"},"content":{"rendered":"","protected":false},"excerpt":{"rendered":"<p><strong>Boissard Janine<\/strong><\/p>\n<p>Votre mari a ses d\u00e9fauts, comme tout le monde, mais vous avez appris \u00e0 l&rsquo;aimer tel qu&rsquo;il est.<br \/>\nVotre fils a\u00een\u00e9, mari\u00e9 et p\u00e8re de famille, avec une situation solide, ne vous cause plus aucun souci.<br \/>\nReste la cadette, qui vient de trouver l&rsquo;\u00e2me soeur en la personne d&rsquo;un gar\u00e7on charmant&#8230; \u00e0 qui ne manquent qu&rsquo;un logement et qu&rsquo;un emploi.<br \/>\nEt les probl\u00e8mes commencent. Parce que, \u00e0 la faveur d&rsquo;une certaine permissivit\u00e9 moderne, du ch\u00f4mage et du prix des loyers, vous allez accepter de loger chez vous ce \u00abb\u00e9b\u00e9 couple \u00bb&#8230;<br \/>\nSur un th\u00e8me qui concerne aujourd&rsquo;hui des centaines de milliers de parents, la romanci\u00e8re de L&rsquo;Esprit de famille et d&rsquo; Une femme en blanc a compos\u00e9 un roman plein d&rsquo;humour et de v\u00e9rit\u00e9 qui prouve deux choses : d&rsquo;abord, que c&rsquo;est vrai-ment un probl\u00e8me, et qu&rsquo;il n&rsquo;y a pas de raison de vouloir l&rsquo;ignorer.<br \/>\nEnsuite&#8230; que \u00e7a s&rsquo;arrange.<\/p>\n","protected":false},"featured_media":663,"template":"","meta":{"_acf_changed":false,"_exactmetrics_skip_tracking":false,"_exactmetrics_sitenote_active":false,"_exactmetrics_sitenote_note":"","_exactmetrics_sitenote_category":0},"product_brand":[],"product_cat":[24],"product_tag":[64],"class_list":{"0":"post-595","1":"product","2":"type-product","3":"status-publish","4":"has-post-thumbnail","6":"product_cat-roman","7":"product_tag-boissard-janine","9":"first","10":"instock","11":"sold-individually","12":"taxable","13":"shipping-taxable","14":"purchasable","15":"product-type-simple"},"acf":[],"yoast_head":"<!-- This site is optimized with the Yoast SEO plugin v26.6 - https:\/\/yoast.com\/wordpress\/plugins\/seo\/ -->\n<title>B\u00e9b\u00e9 couple - Le Chtululu<\/title>\n<meta name=\"robots\" content=\"index, follow, max-snippet:-1, max-image-preview:large, max-video-preview:-1\" \/>\n<link rel=\"canonical\" href=\"https:\/\/chtululu.be\/index.php\/produit\/bebe-couple\/\" \/>\n<meta property=\"og:locale\" content=\"fr_FR\" \/>\n<meta property=\"og:type\" content=\"article\" \/>\n<meta property=\"og:title\" content=\"B\u00e9b\u00e9 couple - Le Chtululu\" \/>\n<meta property=\"og:description\" content=\"Boissard Janine  Votre mari a ses d\u00e9fauts, comme tout le monde, mais vous avez appris \u00e0 l&#039;aimer tel qu&#039;il est. Votre fils a\u00een\u00e9, mari\u00e9 et p\u00e8re de famille, avec une situation solide, ne vous cause plus aucun souci. Reste la cadette, qui vient de trouver l&#039;\u00e2me soeur en la personne d&#039;un gar\u00e7on charmant... \u00e0 qui ne manquent qu&#039;un logement et qu&#039;un emploi. Et les probl\u00e8mes commencent. Parce que, \u00e0 la faveur d&#039;une certaine permissivit\u00e9 moderne, du ch\u00f4mage et du prix des loyers, vous allez accepter de loger chez vous ce \u00abb\u00e9b\u00e9 couple \u00bb... Sur un th\u00e8me qui concerne aujourd&#039;hui des centaines de milliers de parents, la romanci\u00e8re de L&#039;Esprit de famille et d&#039; Une femme en blanc a compos\u00e9 un roman plein d&#039;humour et de v\u00e9rit\u00e9 qui prouve deux choses : d&#039;abord, que c&#039;est vrai-ment un probl\u00e8me, et qu&#039;il n&#039;y a pas de raison de vouloir l&#039;ignorer. Ensuite... que \u00e7a s&#039;arrange.\" \/>\n<meta property=\"og:url\" content=\"https:\/\/chtululu.be\/index.php\/produit\/bebe-couple\/\" \/>\n<meta property=\"og:site_name\" content=\"Le Chtululu\" \/>\n<meta property=\"article:modified_time\" content=\"2017-01-07T17:01:12+00:00\" \/>\n<meta property=\"og:image\" content=\"https:\/\/chtululu.be\/wp-content\/uploads\/2017\/01\/35.jpg\" \/>\n\t<meta property=\"og:image:width\" content=\"200\" \/>\n\t<meta property=\"og:image:height\" content=\"300\" \/>\n\t<meta property=\"og:image:type\" content=\"image\/jpeg\" \/>\n<meta name=\"twitter:card\" content=\"summary_large_image\" \/>\n<script type=\"application\/ld+json\" class=\"yoast-schema-graph\">{\"@context\":\"https:\/\/schema.org\",\"@graph\":[{\"@type\":\"WebPage\",\"@id\":\"https:\/\/chtululu.be\/index.php\/produit\/bebe-couple\/\",\"url\":\"https:\/\/chtululu.be\/index.php\/produit\/bebe-couple\/\",\"name\":\"B\u00e9b\u00e9 couple - Le Chtululu\",\"isPartOf\":{\"@id\":\"https:\/\/chtululu.be\/#website\"},\"primaryImageOfPage\":{\"@id\":\"https:\/\/chtululu.be\/index.php\/produit\/bebe-couple\/#primaryimage\"},\"image\":{\"@id\":\"https:\/\/chtululu.be\/index.php\/produit\/bebe-couple\/#primaryimage\"},\"thumbnailUrl\":\"https:\/\/chtululu.be\/wp-content\/uploads\/2017\/01\/35.jpg\",\"datePublished\":\"2017-01-03T21:21:52+00:00\",\"dateModified\":\"2017-01-07T17:01:12+00:00\",\"breadcrumb\":{\"@id\":\"https:\/\/chtululu.be\/index.php\/produit\/bebe-couple\/#breadcrumb\"},\"inLanguage\":\"fr-FR\",\"potentialAction\":[{\"@type\":\"ReadAction\",\"target\":[\"https:\/\/chtululu.be\/index.php\/produit\/bebe-couple\/\"]}]},{\"@type\":\"ImageObject\",\"inLanguage\":\"fr-FR\",\"@id\":\"https:\/\/chtululu.be\/index.php\/produit\/bebe-couple\/#primaryimage\",\"url\":\"https:\/\/chtululu.be\/wp-content\/uploads\/2017\/01\/35.jpg\",\"contentUrl\":\"https:\/\/chtululu.be\/wp-content\/uploads\/2017\/01\/35.jpg\",\"width\":200,\"height\":300},{\"@type\":\"BreadcrumbList\",\"@id\":\"https:\/\/chtululu.be\/index.php\/produit\/bebe-couple\/#breadcrumb\",\"itemListElement\":[{\"@type\":\"ListItem\",\"position\":1,\"name\":\"Accueil\",\"item\":\"https:\/\/chtululu.be\/\"},{\"@type\":\"ListItem\",\"position\":2,\"name\":\"Les livres\",\"item\":\"https:\/\/chtululu.be\/index.php\/livres-doccasion\/\"},{\"@type\":\"ListItem\",\"position\":3,\"name\":\"B\u00e9b\u00e9 couple\"}]},{\"@type\":\"WebSite\",\"@id\":\"https:\/\/chtululu.be\/#website\",\"url\":\"https:\/\/chtululu.be\/\",\"name\":\"Le Chtululu\",\"description\":\"Votre librairie de seconde main \u00e0 Soignies\",\"publisher\":{\"@id\":\"https:\/\/chtululu.be\/#organization\"},\"potentialAction\":[{\"@type\":\"SearchAction\",\"target\":{\"@type\":\"EntryPoint\",\"urlTemplate\":\"https:\/\/chtululu.be\/?s={search_term_string}\"},\"query-input\":{\"@type\":\"PropertyValueSpecification\",\"valueRequired\":true,\"valueName\":\"search_term_string\"}}],\"inLanguage\":\"fr-FR\"},{\"@type\":\"Organization\",\"@id\":\"https:\/\/chtululu.be\/#organization\",\"name\":\"Le Chtululu\",\"url\":\"https:\/\/chtululu.be\/\",\"logo\":{\"@type\":\"ImageObject\",\"inLanguage\":\"fr-FR\",\"@id\":\"https:\/\/chtululu.be\/#\/schema\/logo\/image\/\",\"url\":\"https:\/\/chtululu.be\/wp-content\/uploads\/2016\/05\/logo-def-blanc.jpg\",\"contentUrl\":\"https:\/\/chtululu.be\/wp-content\/uploads\/2016\/05\/logo-def-blanc.jpg\",\"width\":2048,\"height\":1901,\"caption\":\"Le Chtululu\"},\"image\":{\"@id\":\"https:\/\/chtululu.be\/#\/schema\/logo\/image\/\"}}]}<\/script>\n<!-- \/ Yoast SEO plugin. -->","yoast_head_json":{"title":"B\u00e9b\u00e9 couple - Le Chtululu","robots":{"index":"index","follow":"follow","max-snippet":"max-snippet:-1","max-image-preview":"max-image-preview:large","max-video-preview":"max-video-preview:-1"},"canonical":"https:\/\/chtululu.be\/index.php\/produit\/bebe-couple\/","og_locale":"fr_FR","og_type":"article","og_title":"B\u00e9b\u00e9 couple - Le Chtululu","og_description":"Boissard Janine  Votre mari a ses d\u00e9fauts, comme tout le monde, mais vous avez appris \u00e0 l'aimer tel qu'il est. Votre fils a\u00een\u00e9, mari\u00e9 et p\u00e8re de famille, avec une situation solide, ne vous cause plus aucun souci. Reste la cadette, qui vient de trouver l'\u00e2me soeur en la personne d'un gar\u00e7on charmant... \u00e0 qui ne manquent qu'un logement et qu'un emploi. Et les probl\u00e8mes commencent. Parce que, \u00e0 la faveur d'une certaine permissivit\u00e9 moderne, du ch\u00f4mage et du prix des loyers, vous allez accepter de loger chez vous ce \u00abb\u00e9b\u00e9 couple \u00bb... Sur un th\u00e8me qui concerne aujourd'hui des centaines de milliers de parents, la romanci\u00e8re de L'Esprit de famille et d' Une femme en blanc a compos\u00e9 un roman plein d'humour et de v\u00e9rit\u00e9 qui prouve deux choses : d'abord, que c'est vrai-ment un probl\u00e8me, et qu'il n'y a pas de raison de vouloir l'ignorer. Ensuite... que \u00e7a s'arrange.","og_url":"https:\/\/chtululu.be\/index.php\/produit\/bebe-couple\/","og_site_name":"Le Chtululu","article_modified_time":"2017-01-07T17:01:12+00:00","og_image":[{"width":200,"height":300,"url":"https:\/\/chtululu.be\/wp-content\/uploads\/2017\/01\/35.jpg","type":"image\/jpeg"}],"twitter_card":"summary_large_image","schema":{"@context":"https:\/\/schema.org","@graph":[{"@type":"WebPage","@id":"https:\/\/chtululu.be\/index.php\/produit\/bebe-couple\/","url":"https:\/\/chtululu.be\/index.php\/produit\/bebe-couple\/","name":"B\u00e9b\u00e9 couple - Le Chtululu","isPartOf":{"@id":"https:\/\/chtululu.be\/#website"},"primaryImageOfPage":{"@id":"https:\/\/chtululu.be\/index.php\/produit\/bebe-couple\/#primaryimage"},"image":{"@id":"https:\/\/chtululu.be\/index.php\/produit\/bebe-couple\/#primaryimage"},"thumbnailUrl":"https:\/\/chtululu.be\/wp-content\/uploads\/2017\/01\/35.jpg","datePublished":"2017-01-03T21:21:52+00:00","dateModified":"2017-01-07T17:01:12+00:00","breadcrumb":{"@id":"https:\/\/chtululu.be\/index.php\/produit\/bebe-couple\/#breadcrumb"},"inLanguage":"fr-FR","potentialAction":[{"@type":"ReadAction","target":["https:\/\/chtululu.be\/index.php\/produit\/bebe-couple\/"]}]},{"@type":"ImageObject","inLanguage":"fr-FR","@id":"https:\/\/chtululu.be\/index.php\/produit\/bebe-couple\/#primaryimage","url":"https:\/\/chtululu.be\/wp-content\/uploads\/2017\/01\/35.jpg","contentUrl":"https:\/\/chtululu.be\/wp-content\/uploads\/2017\/01\/35.jpg","width":200,"height":300},{"@type":"BreadcrumbList","@id":"https:\/\/chtululu.be\/index.php\/produit\/bebe-couple\/#breadcrumb","itemListElement":[{"@type":"ListItem","position":1,"name":"Accueil","item":"https:\/\/chtululu.be\/"},{"@type":"ListItem","position":2,"name":"Les livres","item":"https:\/\/chtululu.be\/index.php\/livres-doccasion\/"},{"@type":"ListItem","position":3,"name":"B\u00e9b\u00e9 couple"}]},{"@type":"WebSite","@id":"https:\/\/chtululu.be\/#website","url":"https:\/\/chtululu.be\/","name":"Le Chtululu","description":"Votre librairie de seconde main \u00e0 Soignies","publisher":{"@id":"https:\/\/chtululu.be\/#organization"},"potentialAction":[{"@type":"SearchAction","target":{"@type":"EntryPoint","urlTemplate":"https:\/\/chtululu.be\/?s={search_term_string}"},"query-input":{"@type":"PropertyValueSpecification","valueRequired":true,"valueName":"search_term_string"}}],"inLanguage":"fr-FR"},{"@type":"Organization","@id":"https:\/\/chtululu.be\/#organization","name":"Le Chtululu","url":"https:\/\/chtululu.be\/","logo":{"@type":"ImageObject","inLanguage":"fr-FR","@id":"https:\/\/chtululu.be\/#\/schema\/logo\/image\/","url":"https:\/\/chtululu.be\/wp-content\/uploads\/2016\/05\/logo-def-blanc.jpg","contentUrl":"https:\/\/chtululu.be\/wp-content\/uploads\/2016\/05\/logo-def-blanc.jpg","width":2048,"height":1901,"caption":"Le Chtululu"},"image":{"@id":"https:\/\/chtululu.be\/#\/schema\/logo\/image\/"}}]}},"_links":{"self":[{"href":"https:\/\/chtululu.be\/index.php\/wp-json\/wp\/v2\/product\/595","targetHints":{"allow":["GET"]}}],"collection":[{"href":"https:\/\/chtululu.be\/index.php\/wp-json\/wp\/v2\/product"}],"about":[{"href":"https:\/\/chtululu.be\/index.php\/wp-json\/wp\/v2\/types\/product"}],"wp:featuredmedia":[{"embeddable":true,"href":"https:\/\/chtululu.be\/index.php\/wp-json\/wp\/v2\/media\/663"}],"wp:attachment":[{"href":"https:\/\/chtululu.be\/index.php\/wp-json\/wp\/v2\/media?parent=595"}],"wp:term":[{"taxonomy":"product_brand","embeddable":true,"href":"https:\/\/chtululu.be\/index.php\/wp-json\/wp\/v2\/product_brand?post=595"},{"taxonomy":"product_cat","embeddable":true,"href":"https:\/\/chtululu.be\/index.php\/wp-json\/wp\/v2\/product_cat?post=595"},{"taxonomy":"product_tag","embeddable":true,"href":"https:\/\/chtululu.be\/index.php\/wp-json\/wp\/v2\/product_tag?post=595"}],"curies":[{"name":"wp","href":"https:\/\/api.w.org\/{rel}","templated":true}]}}