{"id":593,"date":"2017-01-03T22:21:51","date_gmt":"2017-01-03T21:21:51","guid":{"rendered":"http:\/\/chtululu.be\/index.php\/produit\/la-chaloupe-t-2-laventurine\/"},"modified":"2017-01-03T23:34:10","modified_gmt":"2017-01-03T22:34:10","slug":"la-chaloupe-t-2-laventurine","status":"publish","type":"product","link":"https:\/\/chtululu.be\/index.php\/produit\/la-chaloupe-t-2-laventurine\/","title":{"rendered":"La chaloupe t.2  (L&rsquo;aventurine)"},"content":{"rendered":"","protected":false},"excerpt":{"rendered":"<p><strong>Boissard Janine<\/strong><\/p>\n<p>\u00c0 seize ans, elles y ont pass\u00e9 les plus beaux jours de leur vie: \u00e0 l&rsquo;\u00e9poque, la Chaloupe s&rsquo;appelait Cyb\u00e8le et elles y rejoignaient chaque fin de semaine la belle Violaine qu&rsquo;elles v\u00e9n\u00e9raient. Puis Violaine a disparu \u00e0 la suite d&rsquo;un drame myst\u00e9rieux. Quand elles ont su que Cyb\u00e8le \u00e9tait \u00e0 vendre, elles n&rsquo;ont pas eu de peine \u00e0 convaincre le p\u00e8re de leur amie de les choisir. Mais \u00e0 peine s&rsquo;y installent-elles que d&rsquo;\u00e9tranges ph\u00e9nom\u00e8nes se produisent, comme si un mal\u00e9fice pesait sur la maison&#8230;Au d\u00e9but de ce tome 2, la Chaloupe ne ressemble plus du tout \u00e0 la \u00abmaison du bonheur\u00bb, et il est maintenant \u00e9vident pour ses quatre nouvelles propri\u00e9taires que quelqu&rsquo;un cherche \u00e0 les en chasser.Pour Bobine, c&rsquo;est presque fait: de plus en plus terroris\u00e9e, elle craque le jour ou elle apprend la mani\u00e8re dont la m\u00e8re de Violaine a d\u00e9truit la vie de sa fille, faisant appel \u00e0 la sorcellerie pour l&#8217;emp\u00eacher de suivre son fianc\u00e9 en Australie, provoquant l&rsquo;incendie de sa maison et son propre suicide. Elle d\u00e9cide donc de revendre sa part et court se r\u00e9fugier chez ses parents, brisant le pacte des \u00abmousquetaires\u00bb&#8230;Zabelle et Julie ne veulent pas renoncer aussi facilement \u2013 elles ont trop voulu leur Chaloupe pour fuir aux premi\u00e8res intimidations. Et puis, malgr\u00e9 leur peur, elles veulent comprendre, percer le secret de Violaine.Mais c&rsquo;est Brune la plus d\u00e9termin\u00e9e. Sans doute parce que, derni\u00e8re en date des \u00abmousquetaires\u00bb, et n&rsquo;ayant pas connu Violaine, elle a moins peur de d\u00e9couvrir une v\u00e9rit\u00e9 peut-\u00eatre bien am\u00e8re. Sans doute aussi parce qu&rsquo;elle a le don de sentir les ph\u00e9nom\u00e8nes paranaturels. Le jour ou l&rsquo;on tente d&#8217;empoisonner son chien, la m\u00e9tisse d\u00e9cide de passer \u00e0 l&rsquo;attaque, et bient\u00f4t ses intuitions deviennent une certitude: Violaine est revenue, c&rsquo;est elle le myst\u00e9rieux fant\u00f4me qui hante la Chaloupe&#8230;<\/p>\n","protected":false},"featured_media":616,"template":"","meta":{"_acf_changed":false,"_exactmetrics_skip_tracking":false,"_exactmetrics_sitenote_active":false,"_exactmetrics_sitenote_note":"","_exactmetrics_sitenote_category":0},"product_brand":[],"product_cat":[24],"product_tag":[64],"class_list":{"0":"post-593","1":"product","2":"type-product","3":"status-publish","4":"has-post-thumbnail","6":"product_cat-roman","7":"product_tag-boissard-janine","9":"first","10":"instock","11":"sold-individually","12":"taxable","13":"shipping-taxable","14":"purchasable","15":"product-type-simple"},"acf":[],"yoast_head":"<!-- This site is optimized with the Yoast SEO plugin v26.6 - https:\/\/yoast.com\/wordpress\/plugins\/seo\/ -->\n<title>La chaloupe t.2 (L&#039;aventurine) - Le Chtululu<\/title>\n<meta name=\"robots\" content=\"index, follow, max-snippet:-1, max-image-preview:large, max-video-preview:-1\" \/>\n<link rel=\"canonical\" href=\"https:\/\/chtululu.be\/index.php\/produit\/la-chaloupe-t-2-laventurine\/\" \/>\n<meta property=\"og:locale\" content=\"fr_FR\" \/>\n<meta property=\"og:type\" content=\"article\" \/>\n<meta property=\"og:title\" content=\"La chaloupe t.2 (L&#039;aventurine) - Le Chtululu\" \/>\n<meta property=\"og:description\" content=\"Boissard Janine  \u00c0 seize ans, elles y ont pass\u00e9 les plus beaux jours de leur vie: \u00e0 l&#039;\u00e9poque, la Chaloupe s&#039;appelait Cyb\u00e8le et elles y rejoignaient chaque fin de semaine la belle Violaine qu&#039;elles v\u00e9n\u00e9raient. Puis Violaine a disparu \u00e0 la suite d&#039;un drame myst\u00e9rieux. Quand elles ont su que Cyb\u00e8le \u00e9tait \u00e0 vendre, elles n&#039;ont pas eu de peine \u00e0 convaincre le p\u00e8re de leur amie de les choisir. Mais \u00e0 peine s&#039;y installent-elles que d&#039;\u00e9tranges ph\u00e9nom\u00e8nes se produisent, comme si un mal\u00e9fice pesait sur la maison...Au d\u00e9but de ce tome 2, la Chaloupe ne ressemble plus du tout \u00e0 la \u00abmaison du bonheur\u00bb, et il est maintenant \u00e9vident pour ses quatre nouvelles propri\u00e9taires que quelqu&#039;un cherche \u00e0 les en chasser.Pour Bobine, c&#039;est presque fait: de plus en plus terroris\u00e9e, elle craque le jour ou elle apprend la mani\u00e8re dont la m\u00e8re de Violaine a d\u00e9truit la vie de sa fille, faisant appel \u00e0 la sorcellerie pour l&#039;emp\u00eacher de suivre son fianc\u00e9 en Australie, provoquant l&#039;incendie de sa maison et son propre suicide. Elle d\u00e9cide donc de revendre sa part et court se r\u00e9fugier chez ses parents, brisant le pacte des \u00abmousquetaires\u00bb...Zabelle et Julie ne veulent pas renoncer aussi facilement \u2013 elles ont trop voulu leur Chaloupe pour fuir aux premi\u00e8res intimidations. Et puis, malgr\u00e9 leur peur, elles veulent comprendre, percer le secret de Violaine.Mais c&#039;est Brune la plus d\u00e9termin\u00e9e. Sans doute parce que, derni\u00e8re en date des \u00abmousquetaires\u00bb, et n&#039;ayant pas connu Violaine, elle a moins peur de d\u00e9couvrir une v\u00e9rit\u00e9 peut-\u00eatre bien am\u00e8re. Sans doute aussi parce qu&#039;elle a le don de sentir les ph\u00e9nom\u00e8nes paranaturels. Le jour ou l&#039;on tente d&#039;empoisonner son chien, la m\u00e9tisse d\u00e9cide de passer \u00e0 l&#039;attaque, et bient\u00f4t ses intuitions deviennent une certitude: Violaine est revenue, c&#039;est elle le myst\u00e9rieux fant\u00f4me qui hante la Chaloupe...\" \/>\n<meta property=\"og:url\" content=\"https:\/\/chtululu.be\/index.php\/produit\/la-chaloupe-t-2-laventurine\/\" \/>\n<meta property=\"og:site_name\" content=\"Le Chtululu\" \/>\n<meta property=\"article:modified_time\" content=\"2017-01-03T22:34:10+00:00\" \/>\n<meta property=\"og:image\" content=\"https:\/\/chtululu.be\/wp-content\/uploads\/2017\/01\/9782221103524.jpg\" \/>\n\t<meta property=\"og:image:width\" content=\"200\" \/>\n\t<meta property=\"og:image:height\" content=\"318\" \/>\n\t<meta property=\"og:image:type\" content=\"image\/jpeg\" \/>\n<meta name=\"twitter:card\" content=\"summary_large_image\" \/>\n<script type=\"application\/ld+json\" class=\"yoast-schema-graph\">{\"@context\":\"https:\/\/schema.org\",\"@graph\":[{\"@type\":\"WebPage\",\"@id\":\"https:\/\/chtululu.be\/index.php\/produit\/la-chaloupe-t-2-laventurine\/\",\"url\":\"https:\/\/chtululu.be\/index.php\/produit\/la-chaloupe-t-2-laventurine\/\",\"name\":\"La chaloupe t.2 (L'aventurine) - Le Chtululu\",\"isPartOf\":{\"@id\":\"https:\/\/chtululu.be\/#website\"},\"primaryImageOfPage\":{\"@id\":\"https:\/\/chtululu.be\/index.php\/produit\/la-chaloupe-t-2-laventurine\/#primaryimage\"},\"image\":{\"@id\":\"https:\/\/chtululu.be\/index.php\/produit\/la-chaloupe-t-2-laventurine\/#primaryimage\"},\"thumbnailUrl\":\"https:\/\/chtululu.be\/wp-content\/uploads\/2017\/01\/9782221103524.jpg\",\"datePublished\":\"2017-01-03T21:21:51+00:00\",\"dateModified\":\"2017-01-03T22:34:10+00:00\",\"breadcrumb\":{\"@id\":\"https:\/\/chtululu.be\/index.php\/produit\/la-chaloupe-t-2-laventurine\/#breadcrumb\"},\"inLanguage\":\"fr-FR\",\"potentialAction\":[{\"@type\":\"ReadAction\",\"target\":[\"https:\/\/chtululu.be\/index.php\/produit\/la-chaloupe-t-2-laventurine\/\"]}]},{\"@type\":\"ImageObject\",\"inLanguage\":\"fr-FR\",\"@id\":\"https:\/\/chtululu.be\/index.php\/produit\/la-chaloupe-t-2-laventurine\/#primaryimage\",\"url\":\"https:\/\/chtululu.be\/wp-content\/uploads\/2017\/01\/9782221103524.jpg\",\"contentUrl\":\"https:\/\/chtululu.be\/wp-content\/uploads\/2017\/01\/9782221103524.jpg\",\"width\":200,\"height\":318},{\"@type\":\"BreadcrumbList\",\"@id\":\"https:\/\/chtululu.be\/index.php\/produit\/la-chaloupe-t-2-laventurine\/#breadcrumb\",\"itemListElement\":[{\"@type\":\"ListItem\",\"position\":1,\"name\":\"Accueil\",\"item\":\"https:\/\/chtululu.be\/\"},{\"@type\":\"ListItem\",\"position\":2,\"name\":\"Les livres\",\"item\":\"https:\/\/chtululu.be\/index.php\/livres-doccasion\/\"},{\"@type\":\"ListItem\",\"position\":3,\"name\":\"La chaloupe t.2 (L&rsquo;aventurine)\"}]},{\"@type\":\"WebSite\",\"@id\":\"https:\/\/chtululu.be\/#website\",\"url\":\"https:\/\/chtululu.be\/\",\"name\":\"Le Chtululu\",\"description\":\"Votre librairie de seconde main \u00e0 Soignies\",\"publisher\":{\"@id\":\"https:\/\/chtululu.be\/#organization\"},\"potentialAction\":[{\"@type\":\"SearchAction\",\"target\":{\"@type\":\"EntryPoint\",\"urlTemplate\":\"https:\/\/chtululu.be\/?s={search_term_string}\"},\"query-input\":{\"@type\":\"PropertyValueSpecification\",\"valueRequired\":true,\"valueName\":\"search_term_string\"}}],\"inLanguage\":\"fr-FR\"},{\"@type\":\"Organization\",\"@id\":\"https:\/\/chtululu.be\/#organization\",\"name\":\"Le Chtululu\",\"url\":\"https:\/\/chtululu.be\/\",\"logo\":{\"@type\":\"ImageObject\",\"inLanguage\":\"fr-FR\",\"@id\":\"https:\/\/chtululu.be\/#\/schema\/logo\/image\/\",\"url\":\"https:\/\/chtululu.be\/wp-content\/uploads\/2016\/05\/logo-def-blanc.jpg\",\"contentUrl\":\"https:\/\/chtululu.be\/wp-content\/uploads\/2016\/05\/logo-def-blanc.jpg\",\"width\":2048,\"height\":1901,\"caption\":\"Le Chtululu\"},\"image\":{\"@id\":\"https:\/\/chtululu.be\/#\/schema\/logo\/image\/\"}}]}<\/script>\n<!-- \/ Yoast SEO plugin. -->","yoast_head_json":{"title":"La chaloupe t.2 (L'aventurine) - Le Chtululu","robots":{"index":"index","follow":"follow","max-snippet":"max-snippet:-1","max-image-preview":"max-image-preview:large","max-video-preview":"max-video-preview:-1"},"canonical":"https:\/\/chtululu.be\/index.php\/produit\/la-chaloupe-t-2-laventurine\/","og_locale":"fr_FR","og_type":"article","og_title":"La chaloupe t.2 (L'aventurine) - Le Chtululu","og_description":"Boissard Janine  \u00c0 seize ans, elles y ont pass\u00e9 les plus beaux jours de leur vie: \u00e0 l'\u00e9poque, la Chaloupe s'appelait Cyb\u00e8le et elles y rejoignaient chaque fin de semaine la belle Violaine qu'elles v\u00e9n\u00e9raient. Puis Violaine a disparu \u00e0 la suite d'un drame myst\u00e9rieux. Quand elles ont su que Cyb\u00e8le \u00e9tait \u00e0 vendre, elles n'ont pas eu de peine \u00e0 convaincre le p\u00e8re de leur amie de les choisir. Mais \u00e0 peine s'y installent-elles que d'\u00e9tranges ph\u00e9nom\u00e8nes se produisent, comme si un mal\u00e9fice pesait sur la maison...Au d\u00e9but de ce tome 2, la Chaloupe ne ressemble plus du tout \u00e0 la \u00abmaison du bonheur\u00bb, et il est maintenant \u00e9vident pour ses quatre nouvelles propri\u00e9taires que quelqu'un cherche \u00e0 les en chasser.Pour Bobine, c'est presque fait: de plus en plus terroris\u00e9e, elle craque le jour ou elle apprend la mani\u00e8re dont la m\u00e8re de Violaine a d\u00e9truit la vie de sa fille, faisant appel \u00e0 la sorcellerie pour l'emp\u00eacher de suivre son fianc\u00e9 en Australie, provoquant l'incendie de sa maison et son propre suicide. Elle d\u00e9cide donc de revendre sa part et court se r\u00e9fugier chez ses parents, brisant le pacte des \u00abmousquetaires\u00bb...Zabelle et Julie ne veulent pas renoncer aussi facilement \u2013 elles ont trop voulu leur Chaloupe pour fuir aux premi\u00e8res intimidations. Et puis, malgr\u00e9 leur peur, elles veulent comprendre, percer le secret de Violaine.Mais c'est Brune la plus d\u00e9termin\u00e9e. Sans doute parce que, derni\u00e8re en date des \u00abmousquetaires\u00bb, et n'ayant pas connu Violaine, elle a moins peur de d\u00e9couvrir une v\u00e9rit\u00e9 peut-\u00eatre bien am\u00e8re. Sans doute aussi parce qu'elle a le don de sentir les ph\u00e9nom\u00e8nes paranaturels. Le jour ou l'on tente d'empoisonner son chien, la m\u00e9tisse d\u00e9cide de passer \u00e0 l'attaque, et bient\u00f4t ses intuitions deviennent une certitude: Violaine est revenue, c'est elle le myst\u00e9rieux fant\u00f4me qui hante la Chaloupe...","og_url":"https:\/\/chtululu.be\/index.php\/produit\/la-chaloupe-t-2-laventurine\/","og_site_name":"Le Chtululu","article_modified_time":"2017-01-03T22:34:10+00:00","og_image":[{"width":200,"height":318,"url":"https:\/\/chtululu.be\/wp-content\/uploads\/2017\/01\/9782221103524.jpg","type":"image\/jpeg"}],"twitter_card":"summary_large_image","schema":{"@context":"https:\/\/schema.org","@graph":[{"@type":"WebPage","@id":"https:\/\/chtululu.be\/index.php\/produit\/la-chaloupe-t-2-laventurine\/","url":"https:\/\/chtululu.be\/index.php\/produit\/la-chaloupe-t-2-laventurine\/","name":"La chaloupe t.2 (L'aventurine) - Le Chtululu","isPartOf":{"@id":"https:\/\/chtululu.be\/#website"},"primaryImageOfPage":{"@id":"https:\/\/chtululu.be\/index.php\/produit\/la-chaloupe-t-2-laventurine\/#primaryimage"},"image":{"@id":"https:\/\/chtululu.be\/index.php\/produit\/la-chaloupe-t-2-laventurine\/#primaryimage"},"thumbnailUrl":"https:\/\/chtululu.be\/wp-content\/uploads\/2017\/01\/9782221103524.jpg","datePublished":"2017-01-03T21:21:51+00:00","dateModified":"2017-01-03T22:34:10+00:00","breadcrumb":{"@id":"https:\/\/chtululu.be\/index.php\/produit\/la-chaloupe-t-2-laventurine\/#breadcrumb"},"inLanguage":"fr-FR","potentialAction":[{"@type":"ReadAction","target":["https:\/\/chtululu.be\/index.php\/produit\/la-chaloupe-t-2-laventurine\/"]}]},{"@type":"ImageObject","inLanguage":"fr-FR","@id":"https:\/\/chtululu.be\/index.php\/produit\/la-chaloupe-t-2-laventurine\/#primaryimage","url":"https:\/\/chtululu.be\/wp-content\/uploads\/2017\/01\/9782221103524.jpg","contentUrl":"https:\/\/chtululu.be\/wp-content\/uploads\/2017\/01\/9782221103524.jpg","width":200,"height":318},{"@type":"BreadcrumbList","@id":"https:\/\/chtululu.be\/index.php\/produit\/la-chaloupe-t-2-laventurine\/#breadcrumb","itemListElement":[{"@type":"ListItem","position":1,"name":"Accueil","item":"https:\/\/chtululu.be\/"},{"@type":"ListItem","position":2,"name":"Les livres","item":"https:\/\/chtululu.be\/index.php\/livres-doccasion\/"},{"@type":"ListItem","position":3,"name":"La chaloupe t.2 (L&rsquo;aventurine)"}]},{"@type":"WebSite","@id":"https:\/\/chtululu.be\/#website","url":"https:\/\/chtululu.be\/","name":"Le Chtululu","description":"Votre librairie de seconde main \u00e0 Soignies","publisher":{"@id":"https:\/\/chtululu.be\/#organization"},"potentialAction":[{"@type":"SearchAction","target":{"@type":"EntryPoint","urlTemplate":"https:\/\/chtululu.be\/?s={search_term_string}"},"query-input":{"@type":"PropertyValueSpecification","valueRequired":true,"valueName":"search_term_string"}}],"inLanguage":"fr-FR"},{"@type":"Organization","@id":"https:\/\/chtululu.be\/#organization","name":"Le Chtululu","url":"https:\/\/chtululu.be\/","logo":{"@type":"ImageObject","inLanguage":"fr-FR","@id":"https:\/\/chtululu.be\/#\/schema\/logo\/image\/","url":"https:\/\/chtululu.be\/wp-content\/uploads\/2016\/05\/logo-def-blanc.jpg","contentUrl":"https:\/\/chtululu.be\/wp-content\/uploads\/2016\/05\/logo-def-blanc.jpg","width":2048,"height":1901,"caption":"Le Chtululu"},"image":{"@id":"https:\/\/chtululu.be\/#\/schema\/logo\/image\/"}}]}},"_links":{"self":[{"href":"https:\/\/chtululu.be\/index.php\/wp-json\/wp\/v2\/product\/593","targetHints":{"allow":["GET"]}}],"collection":[{"href":"https:\/\/chtululu.be\/index.php\/wp-json\/wp\/v2\/product"}],"about":[{"href":"https:\/\/chtululu.be\/index.php\/wp-json\/wp\/v2\/types\/product"}],"wp:featuredmedia":[{"embeddable":true,"href":"https:\/\/chtululu.be\/index.php\/wp-json\/wp\/v2\/media\/616"}],"wp:attachment":[{"href":"https:\/\/chtululu.be\/index.php\/wp-json\/wp\/v2\/media?parent=593"}],"wp:term":[{"taxonomy":"product_brand","embeddable":true,"href":"https:\/\/chtululu.be\/index.php\/wp-json\/wp\/v2\/product_brand?post=593"},{"taxonomy":"product_cat","embeddable":true,"href":"https:\/\/chtululu.be\/index.php\/wp-json\/wp\/v2\/product_cat?post=593"},{"taxonomy":"product_tag","embeddable":true,"href":"https:\/\/chtululu.be\/index.php\/wp-json\/wp\/v2\/product_tag?post=593"}],"curies":[{"name":"wp","href":"https:\/\/api.w.org\/{rel}","templated":true}]}}