{"id":3223,"date":"2022-12-29T18:53:07","date_gmt":"2022-12-29T17:53:07","guid":{"rendered":"https:\/\/chtululu.be\/?post_type=product&#038;p=3223"},"modified":"2023-11-12T12:58:52","modified_gmt":"2023-11-12T11:58:52","slug":"quartier-lointain-jiro-taniguchi-tomes-1-2","status":"publish","type":"product","link":"https:\/\/chtululu.be\/index.php\/produit\/quartier-lointain-jiro-taniguchi-tomes-1-2\/","title":{"rendered":"Quartier lointain &#8211; Jir\u00f4 Taniguchi (tomes 1 &#038; 2)"},"content":{"rendered":"<h1>Quartier lointain<\/h1>\n<h2>R\u00e9sum\u00e9 de Quartier lointain, de Taniguchi<\/h2>\n<div class=\"description\">\n<div class=\"description\">\n<p class=\"bigsize\">Qui n&rsquo;a jamais r\u00eav\u00e9 de retourner en enfance ? C&rsquo;est exactement ce qui arrive \u00e0 cet homme m\u00fbr, qui de retour d&rsquo;un voyage d&rsquo;affaires, fait un d\u00e9tour par sa ville natale, pour se recueillir sur la tombe de sa m\u00e8re. Il est alors projet\u00e9 dans le pass\u00e9, o\u00f9 il revit une journ\u00e9e de son enfance, tout en gardant son caract\u00e8re et son exp\u00e9rience d&rsquo;adulte. Pour la premi\u00e8re fois, il verra ses parents avec le regard de quelqu&rsquo;un \u00e0 m\u00eame de les comprendre.<\/p>\n<p>&nbsp;<\/p>\n<p><em>R\u00e9sum\u00e9 tir\u00e9 de <a href=\"https:\/\/www.manga-news.com\/index.php\/serie\/Quartier-lointain\">Manga-news<\/a><\/em><\/p>\n<\/div>\n<\/div>\n","protected":false},"excerpt":{"rendered":"<p>Quartier lointain<\/p>\n","protected":false},"featured_media":3224,"template":"","meta":{"_acf_changed":false,"_exactmetrics_skip_tracking":false,"_exactmetrics_sitenote_active":false,"_exactmetrics_sitenote_note":"","_exactmetrics_sitenote_category":0},"product_brand":[],"product_cat":[387],"product_tag":[],"class_list":{"0":"post-3223","1":"product","2":"type-product","3":"status-publish","4":"has-post-thumbnail","6":"product_cat-mangas","8":"first","9":"outofstock","10":"featured","11":"sold-individually","12":"taxable","13":"shipping-taxable","14":"purchasable","15":"product-type-simple"},"acf":[],"yoast_head":"<!-- This site is optimized with the Yoast SEO plugin v26.6 - https:\/\/yoast.com\/wordpress\/plugins\/seo\/ -->\n<title>Quartier lointain (tomes 1 &amp; 2) en seconde main au Chtululu<\/title>\n<meta name=\"description\" content=\"Quartier lointain de Jir\u00f4 Taniguchi (tomes 1 et 2) est disponible en seconde main au Chtululu (Soignies), en r\u00e9servation ou \u00e0 la livraison.\" \/>\n<meta name=\"robots\" content=\"index, follow, max-snippet:-1, max-image-preview:large, max-video-preview:-1\" \/>\n<link rel=\"canonical\" href=\"https:\/\/chtululu.be\/index.php\/produit\/quartier-lointain-jiro-taniguchi-tomes-1-2\/\" \/>\n<meta property=\"og:locale\" content=\"fr_FR\" \/>\n<meta property=\"og:type\" content=\"article\" \/>\n<meta property=\"og:title\" content=\"Quartier lointain (tomes 1 &amp; 2) en seconde main au Chtululu\" \/>\n<meta property=\"og:description\" content=\"Quartier lointain de Jir\u00f4 Taniguchi (tomes 1 et 2) est disponible en seconde main au Chtululu (Soignies), en r\u00e9servation ou \u00e0 la livraison.\" \/>\n<meta property=\"og:url\" content=\"https:\/\/chtululu.be\/index.php\/produit\/quartier-lointain-jiro-taniguchi-tomes-1-2\/\" \/>\n<meta property=\"og:site_name\" content=\"Le Chtululu\" \/>\n<meta property=\"article:modified_time\" content=\"2023-11-12T11:58:52+00:00\" \/>\n<meta property=\"og:image\" content=\"https:\/\/chtululu.be\/wp-content\/uploads\/2022\/12\/321417986_1379385086133775_5040364237866368915_n.jpg\" \/>\n\t<meta property=\"og:image:width\" content=\"1602\" \/>\n\t<meta property=\"og:image:height\" content=\"953\" \/>\n\t<meta property=\"og:image:type\" content=\"image\/jpeg\" \/>\n<meta name=\"twitter:card\" content=\"summary_large_image\" \/>\n<meta name=\"twitter:label1\" content=\"Dur\u00e9e de lecture estim\u00e9e\" \/>\n\t<meta name=\"twitter:data1\" content=\"1 minute\" \/>\n<script type=\"application\/ld+json\" class=\"yoast-schema-graph\">{\"@context\":\"https:\/\/schema.org\",\"@graph\":[{\"@type\":\"WebPage\",\"@id\":\"https:\/\/chtululu.be\/index.php\/produit\/quartier-lointain-jiro-taniguchi-tomes-1-2\/\",\"url\":\"https:\/\/chtululu.be\/index.php\/produit\/quartier-lointain-jiro-taniguchi-tomes-1-2\/\",\"name\":\"Quartier lointain (tomes 1 & 2) en seconde main au Chtululu\",\"isPartOf\":{\"@id\":\"https:\/\/chtululu.be\/#website\"},\"primaryImageOfPage\":{\"@id\":\"https:\/\/chtululu.be\/index.php\/produit\/quartier-lointain-jiro-taniguchi-tomes-1-2\/#primaryimage\"},\"image\":{\"@id\":\"https:\/\/chtululu.be\/index.php\/produit\/quartier-lointain-jiro-taniguchi-tomes-1-2\/#primaryimage\"},\"thumbnailUrl\":\"https:\/\/chtululu.be\/wp-content\/uploads\/2022\/12\/321417986_1379385086133775_5040364237866368915_n.jpg\",\"datePublished\":\"2022-12-29T17:53:07+00:00\",\"dateModified\":\"2023-11-12T11:58:52+00:00\",\"description\":\"Quartier lointain de Jir\u00f4 Taniguchi (tomes 1 et 2) est disponible en seconde main au Chtululu (Soignies), en r\u00e9servation ou \u00e0 la livraison.\",\"breadcrumb\":{\"@id\":\"https:\/\/chtululu.be\/index.php\/produit\/quartier-lointain-jiro-taniguchi-tomes-1-2\/#breadcrumb\"},\"inLanguage\":\"fr-FR\",\"potentialAction\":[{\"@type\":\"ReadAction\",\"target\":[\"https:\/\/chtululu.be\/index.php\/produit\/quartier-lointain-jiro-taniguchi-tomes-1-2\/\"]}]},{\"@type\":\"ImageObject\",\"inLanguage\":\"fr-FR\",\"@id\":\"https:\/\/chtululu.be\/index.php\/produit\/quartier-lointain-jiro-taniguchi-tomes-1-2\/#primaryimage\",\"url\":\"https:\/\/chtululu.be\/wp-content\/uploads\/2022\/12\/321417986_1379385086133775_5040364237866368915_n.jpg\",\"contentUrl\":\"https:\/\/chtululu.be\/wp-content\/uploads\/2022\/12\/321417986_1379385086133775_5040364237866368915_n.jpg\",\"width\":1602,\"height\":953,\"caption\":\"Quartier lointain\"},{\"@type\":\"BreadcrumbList\",\"@id\":\"https:\/\/chtululu.be\/index.php\/produit\/quartier-lointain-jiro-taniguchi-tomes-1-2\/#breadcrumb\",\"itemListElement\":[{\"@type\":\"ListItem\",\"position\":1,\"name\":\"Accueil\",\"item\":\"https:\/\/chtululu.be\/\"},{\"@type\":\"ListItem\",\"position\":2,\"name\":\"Les livres\",\"item\":\"https:\/\/chtululu.be\/index.php\/livres-doccasion\/\"},{\"@type\":\"ListItem\",\"position\":3,\"name\":\"Quartier lointain &#8211; Jir\u00f4 Taniguchi (tomes 1 &#038; 2)\"}]},{\"@type\":\"WebSite\",\"@id\":\"https:\/\/chtululu.be\/#website\",\"url\":\"https:\/\/chtululu.be\/\",\"name\":\"Le Chtululu\",\"description\":\"Votre librairie de seconde main \u00e0 Soignies\",\"publisher\":{\"@id\":\"https:\/\/chtululu.be\/#organization\"},\"potentialAction\":[{\"@type\":\"SearchAction\",\"target\":{\"@type\":\"EntryPoint\",\"urlTemplate\":\"https:\/\/chtululu.be\/?s={search_term_string}\"},\"query-input\":{\"@type\":\"PropertyValueSpecification\",\"valueRequired\":true,\"valueName\":\"search_term_string\"}}],\"inLanguage\":\"fr-FR\"},{\"@type\":\"Organization\",\"@id\":\"https:\/\/chtululu.be\/#organization\",\"name\":\"Le Chtululu\",\"url\":\"https:\/\/chtululu.be\/\",\"logo\":{\"@type\":\"ImageObject\",\"inLanguage\":\"fr-FR\",\"@id\":\"https:\/\/chtululu.be\/#\/schema\/logo\/image\/\",\"url\":\"https:\/\/chtululu.be\/wp-content\/uploads\/2016\/05\/logo-def-blanc.jpg\",\"contentUrl\":\"https:\/\/chtululu.be\/wp-content\/uploads\/2016\/05\/logo-def-blanc.jpg\",\"width\":2048,\"height\":1901,\"caption\":\"Le Chtululu\"},\"image\":{\"@id\":\"https:\/\/chtululu.be\/#\/schema\/logo\/image\/\"}}]}<\/script>\n<!-- \/ Yoast SEO plugin. -->","yoast_head_json":{"title":"Quartier lointain (tomes 1 & 2) en seconde main au Chtululu","description":"Quartier lointain de Jir\u00f4 Taniguchi (tomes 1 et 2) est disponible en seconde main au Chtululu (Soignies), en r\u00e9servation ou \u00e0 la livraison.","robots":{"index":"index","follow":"follow","max-snippet":"max-snippet:-1","max-image-preview":"max-image-preview:large","max-video-preview":"max-video-preview:-1"},"canonical":"https:\/\/chtululu.be\/index.php\/produit\/quartier-lointain-jiro-taniguchi-tomes-1-2\/","og_locale":"fr_FR","og_type":"article","og_title":"Quartier lointain (tomes 1 & 2) en seconde main au Chtululu","og_description":"Quartier lointain de Jir\u00f4 Taniguchi (tomes 1 et 2) est disponible en seconde main au Chtululu (Soignies), en r\u00e9servation ou \u00e0 la livraison.","og_url":"https:\/\/chtululu.be\/index.php\/produit\/quartier-lointain-jiro-taniguchi-tomes-1-2\/","og_site_name":"Le Chtululu","article_modified_time":"2023-11-12T11:58:52+00:00","og_image":[{"width":1602,"height":953,"url":"https:\/\/chtululu.be\/wp-content\/uploads\/2022\/12\/321417986_1379385086133775_5040364237866368915_n.jpg","type":"image\/jpeg"}],"twitter_card":"summary_large_image","twitter_misc":{"Dur\u00e9e de lecture estim\u00e9e":"1 minute"},"schema":{"@context":"https:\/\/schema.org","@graph":[{"@type":"WebPage","@id":"https:\/\/chtululu.be\/index.php\/produit\/quartier-lointain-jiro-taniguchi-tomes-1-2\/","url":"https:\/\/chtululu.be\/index.php\/produit\/quartier-lointain-jiro-taniguchi-tomes-1-2\/","name":"Quartier lointain (tomes 1 & 2) en seconde main au Chtululu","isPartOf":{"@id":"https:\/\/chtululu.be\/#website"},"primaryImageOfPage":{"@id":"https:\/\/chtululu.be\/index.php\/produit\/quartier-lointain-jiro-taniguchi-tomes-1-2\/#primaryimage"},"image":{"@id":"https:\/\/chtululu.be\/index.php\/produit\/quartier-lointain-jiro-taniguchi-tomes-1-2\/#primaryimage"},"thumbnailUrl":"https:\/\/chtululu.be\/wp-content\/uploads\/2022\/12\/321417986_1379385086133775_5040364237866368915_n.jpg","datePublished":"2022-12-29T17:53:07+00:00","dateModified":"2023-11-12T11:58:52+00:00","description":"Quartier lointain de Jir\u00f4 Taniguchi (tomes 1 et 2) est disponible en seconde main au Chtululu (Soignies), en r\u00e9servation ou \u00e0 la livraison.","breadcrumb":{"@id":"https:\/\/chtululu.be\/index.php\/produit\/quartier-lointain-jiro-taniguchi-tomes-1-2\/#breadcrumb"},"inLanguage":"fr-FR","potentialAction":[{"@type":"ReadAction","target":["https:\/\/chtululu.be\/index.php\/produit\/quartier-lointain-jiro-taniguchi-tomes-1-2\/"]}]},{"@type":"ImageObject","inLanguage":"fr-FR","@id":"https:\/\/chtululu.be\/index.php\/produit\/quartier-lointain-jiro-taniguchi-tomes-1-2\/#primaryimage","url":"https:\/\/chtululu.be\/wp-content\/uploads\/2022\/12\/321417986_1379385086133775_5040364237866368915_n.jpg","contentUrl":"https:\/\/chtululu.be\/wp-content\/uploads\/2022\/12\/321417986_1379385086133775_5040364237866368915_n.jpg","width":1602,"height":953,"caption":"Quartier lointain"},{"@type":"BreadcrumbList","@id":"https:\/\/chtululu.be\/index.php\/produit\/quartier-lointain-jiro-taniguchi-tomes-1-2\/#breadcrumb","itemListElement":[{"@type":"ListItem","position":1,"name":"Accueil","item":"https:\/\/chtululu.be\/"},{"@type":"ListItem","position":2,"name":"Les livres","item":"https:\/\/chtululu.be\/index.php\/livres-doccasion\/"},{"@type":"ListItem","position":3,"name":"Quartier lointain &#8211; Jir\u00f4 Taniguchi (tomes 1 &#038; 2)"}]},{"@type":"WebSite","@id":"https:\/\/chtululu.be\/#website","url":"https:\/\/chtululu.be\/","name":"Le Chtululu","description":"Votre librairie de seconde main \u00e0 Soignies","publisher":{"@id":"https:\/\/chtululu.be\/#organization"},"potentialAction":[{"@type":"SearchAction","target":{"@type":"EntryPoint","urlTemplate":"https:\/\/chtululu.be\/?s={search_term_string}"},"query-input":{"@type":"PropertyValueSpecification","valueRequired":true,"valueName":"search_term_string"}}],"inLanguage":"fr-FR"},{"@type":"Organization","@id":"https:\/\/chtululu.be\/#organization","name":"Le Chtululu","url":"https:\/\/chtululu.be\/","logo":{"@type":"ImageObject","inLanguage":"fr-FR","@id":"https:\/\/chtululu.be\/#\/schema\/logo\/image\/","url":"https:\/\/chtululu.be\/wp-content\/uploads\/2016\/05\/logo-def-blanc.jpg","contentUrl":"https:\/\/chtululu.be\/wp-content\/uploads\/2016\/05\/logo-def-blanc.jpg","width":2048,"height":1901,"caption":"Le Chtululu"},"image":{"@id":"https:\/\/chtululu.be\/#\/schema\/logo\/image\/"}}]}},"_links":{"self":[{"href":"https:\/\/chtululu.be\/index.php\/wp-json\/wp\/v2\/product\/3223","targetHints":{"allow":["GET"]}}],"collection":[{"href":"https:\/\/chtululu.be\/index.php\/wp-json\/wp\/v2\/product"}],"about":[{"href":"https:\/\/chtululu.be\/index.php\/wp-json\/wp\/v2\/types\/product"}],"wp:featuredmedia":[{"embeddable":true,"href":"https:\/\/chtululu.be\/index.php\/wp-json\/wp\/v2\/media\/3224"}],"wp:attachment":[{"href":"https:\/\/chtululu.be\/index.php\/wp-json\/wp\/v2\/media?parent=3223"}],"wp:term":[{"taxonomy":"product_brand","embeddable":true,"href":"https:\/\/chtululu.be\/index.php\/wp-json\/wp\/v2\/product_brand?post=3223"},{"taxonomy":"product_cat","embeddable":true,"href":"https:\/\/chtululu.be\/index.php\/wp-json\/wp\/v2\/product_cat?post=3223"},{"taxonomy":"product_tag","embeddable":true,"href":"https:\/\/chtululu.be\/index.php\/wp-json\/wp\/v2\/product_tag?post=3223"}],"curies":[{"name":"wp","href":"https:\/\/api.w.org\/{rel}","templated":true}]}}