{"id":3113,"date":"2022-08-14T13:31:30","date_gmt":"2022-08-14T12:31:30","guid":{"rendered":"https:\/\/chtululu.be\/?post_type=product&#038;p=3113"},"modified":"2024-05-12T21:03:52","modified_gmt":"2024-05-12T20:03:52","slug":"elements-de-calcul-numerique-b-demiovitch-i-maron","status":"publish","type":"product","link":"https:\/\/chtululu.be\/index.php\/produit\/elements-de-calcul-numerique-b-demiovitch-i-maron\/","title":{"rendered":"\u00c9l\u00e9ments de calcul num\u00e9rique (B. D\u00e9miovitch, I. Maron)"},"content":{"rendered":"<p>\u00c9l\u00e9ments de calcul num\u00e9rique (Boris D\u00e9miovitch, Isaac Maron), traduit du russe.<\/p>\n","protected":false},"excerpt":{"rendered":"<p>\u00c9l\u00e9ments de calcul num\u00e9rique (Boris D\u00e9miovitch, Isaac Maron), traduit du russe.<\/p>\n","protected":false},"featured_media":3114,"template":"","meta":{"_acf_changed":false,"_exactmetrics_skip_tracking":false,"_exactmetrics_sitenote_active":false,"_exactmetrics_sitenote_note":"","_exactmetrics_sitenote_category":0},"product_brand":[],"product_cat":[382],"product_tag":[456],"class_list":{"0":"post-3113","1":"product","2":"type-product","3":"status-publish","4":"has-post-thumbnail","6":"product_cat-savoirs","7":"product_tag-livres-scolaires","9":"first","10":"outofstock","11":"sold-individually","12":"taxable","13":"shipping-taxable","14":"purchasable","15":"product-type-simple"},"acf":[],"yoast_head":"<!-- This site is optimized with the Yoast SEO plugin v26.6 - https:\/\/yoast.com\/wordpress\/plugins\/seo\/ -->\n<title>\u00c9l\u00e9ments de calcul num\u00e9rique est disponible sur chtululu.be<\/title>\n<meta name=\"description\" content=\"\u00c9l\u00e9ments de calcul num\u00e9rique (traduit du russe) est disponible en seconde main au Chtululu, sur r\u00e9servation ou \u00e0 la livraison.\" \/>\n<meta name=\"robots\" content=\"index, follow, max-snippet:-1, max-image-preview:large, max-video-preview:-1\" \/>\n<link rel=\"canonical\" href=\"https:\/\/chtululu.be\/index.php\/produit\/elements-de-calcul-numerique-b-demiovitch-i-maron\/\" \/>\n<meta property=\"og:locale\" content=\"fr_FR\" \/>\n<meta property=\"og:type\" content=\"article\" \/>\n<meta property=\"og:title\" content=\"\u00c9l\u00e9ments de calcul num\u00e9rique est disponible sur chtululu.be\" \/>\n<meta property=\"og:description\" content=\"\u00c9l\u00e9ments de calcul num\u00e9rique (traduit du russe) est disponible en seconde main au Chtululu, sur r\u00e9servation ou \u00e0 la livraison.\" \/>\n<meta property=\"og:url\" content=\"https:\/\/chtululu.be\/index.php\/produit\/elements-de-calcul-numerique-b-demiovitch-i-maron\/\" \/>\n<meta property=\"og:site_name\" content=\"Le Chtululu\" \/>\n<meta property=\"article:modified_time\" content=\"2024-05-12T20:03:52+00:00\" \/>\n<meta property=\"og:image\" content=\"https:\/\/chtululu.be\/wp-content\/uploads\/2022\/08\/IMG_20220814_142115-scaled.jpg\" \/>\n\t<meta property=\"og:image:width\" content=\"1920\" \/>\n\t<meta property=\"og:image:height\" content=\"2560\" \/>\n\t<meta property=\"og:image:type\" content=\"image\/jpeg\" \/>\n<meta name=\"twitter:card\" content=\"summary_large_image\" \/>\n<meta name=\"twitter:label1\" content=\"Dur\u00e9e de lecture estim\u00e9e\" \/>\n\t<meta name=\"twitter:data1\" content=\"1 minute\" \/>\n<script type=\"application\/ld+json\" class=\"yoast-schema-graph\">{\"@context\":\"https:\/\/schema.org\",\"@graph\":[{\"@type\":\"WebPage\",\"@id\":\"https:\/\/chtululu.be\/index.php\/produit\/elements-de-calcul-numerique-b-demiovitch-i-maron\/\",\"url\":\"https:\/\/chtululu.be\/index.php\/produit\/elements-de-calcul-numerique-b-demiovitch-i-maron\/\",\"name\":\"\u00c9l\u00e9ments de calcul num\u00e9rique est disponible sur chtululu.be\",\"isPartOf\":{\"@id\":\"https:\/\/chtululu.be\/#website\"},\"primaryImageOfPage\":{\"@id\":\"https:\/\/chtululu.be\/index.php\/produit\/elements-de-calcul-numerique-b-demiovitch-i-maron\/#primaryimage\"},\"image\":{\"@id\":\"https:\/\/chtululu.be\/index.php\/produit\/elements-de-calcul-numerique-b-demiovitch-i-maron\/#primaryimage\"},\"thumbnailUrl\":\"https:\/\/chtululu.be\/wp-content\/uploads\/2022\/08\/IMG_20220814_142115-scaled.jpg\",\"datePublished\":\"2022-08-14T12:31:30+00:00\",\"dateModified\":\"2024-05-12T20:03:52+00:00\",\"description\":\"\u00c9l\u00e9ments de calcul num\u00e9rique (traduit du russe) est disponible en seconde main au Chtululu, sur r\u00e9servation ou \u00e0 la livraison.\",\"breadcrumb\":{\"@id\":\"https:\/\/chtululu.be\/index.php\/produit\/elements-de-calcul-numerique-b-demiovitch-i-maron\/#breadcrumb\"},\"inLanguage\":\"fr-FR\",\"potentialAction\":[{\"@type\":\"ReadAction\",\"target\":[\"https:\/\/chtululu.be\/index.php\/produit\/elements-de-calcul-numerique-b-demiovitch-i-maron\/\"]}]},{\"@type\":\"ImageObject\",\"inLanguage\":\"fr-FR\",\"@id\":\"https:\/\/chtululu.be\/index.php\/produit\/elements-de-calcul-numerique-b-demiovitch-i-maron\/#primaryimage\",\"url\":\"https:\/\/chtululu.be\/wp-content\/uploads\/2022\/08\/IMG_20220814_142115-scaled.jpg\",\"contentUrl\":\"https:\/\/chtululu.be\/wp-content\/uploads\/2022\/08\/IMG_20220814_142115-scaled.jpg\",\"width\":1920,\"height\":2560,\"caption\":\"\u00c9l\u00e9ments de calcul num\u00e9rique\"},{\"@type\":\"BreadcrumbList\",\"@id\":\"https:\/\/chtululu.be\/index.php\/produit\/elements-de-calcul-numerique-b-demiovitch-i-maron\/#breadcrumb\",\"itemListElement\":[{\"@type\":\"ListItem\",\"position\":1,\"name\":\"Accueil\",\"item\":\"https:\/\/chtululu.be\/\"},{\"@type\":\"ListItem\",\"position\":2,\"name\":\"Les livres\",\"item\":\"https:\/\/chtululu.be\/index.php\/livres-doccasion\/\"},{\"@type\":\"ListItem\",\"position\":3,\"name\":\"\u00c9l\u00e9ments de calcul num\u00e9rique (B. D\u00e9miovitch, I. Maron)\"}]},{\"@type\":\"WebSite\",\"@id\":\"https:\/\/chtululu.be\/#website\",\"url\":\"https:\/\/chtululu.be\/\",\"name\":\"Le Chtululu\",\"description\":\"Votre librairie de seconde main \u00e0 Soignies\",\"publisher\":{\"@id\":\"https:\/\/chtululu.be\/#organization\"},\"potentialAction\":[{\"@type\":\"SearchAction\",\"target\":{\"@type\":\"EntryPoint\",\"urlTemplate\":\"https:\/\/chtululu.be\/?s={search_term_string}\"},\"query-input\":{\"@type\":\"PropertyValueSpecification\",\"valueRequired\":true,\"valueName\":\"search_term_string\"}}],\"inLanguage\":\"fr-FR\"},{\"@type\":\"Organization\",\"@id\":\"https:\/\/chtululu.be\/#organization\",\"name\":\"Le Chtululu\",\"url\":\"https:\/\/chtululu.be\/\",\"logo\":{\"@type\":\"ImageObject\",\"inLanguage\":\"fr-FR\",\"@id\":\"https:\/\/chtululu.be\/#\/schema\/logo\/image\/\",\"url\":\"https:\/\/chtululu.be\/wp-content\/uploads\/2016\/05\/logo-def-blanc.jpg\",\"contentUrl\":\"https:\/\/chtululu.be\/wp-content\/uploads\/2016\/05\/logo-def-blanc.jpg\",\"width\":2048,\"height\":1901,\"caption\":\"Le Chtululu\"},\"image\":{\"@id\":\"https:\/\/chtululu.be\/#\/schema\/logo\/image\/\"}}]}<\/script>\n<!-- \/ Yoast SEO plugin. -->","yoast_head_json":{"title":"\u00c9l\u00e9ments de calcul num\u00e9rique est disponible sur chtululu.be","description":"\u00c9l\u00e9ments de calcul num\u00e9rique (traduit du russe) est disponible en seconde main au Chtululu, sur r\u00e9servation ou \u00e0 la livraison.","robots":{"index":"index","follow":"follow","max-snippet":"max-snippet:-1","max-image-preview":"max-image-preview:large","max-video-preview":"max-video-preview:-1"},"canonical":"https:\/\/chtululu.be\/index.php\/produit\/elements-de-calcul-numerique-b-demiovitch-i-maron\/","og_locale":"fr_FR","og_type":"article","og_title":"\u00c9l\u00e9ments de calcul num\u00e9rique est disponible sur chtululu.be","og_description":"\u00c9l\u00e9ments de calcul num\u00e9rique (traduit du russe) est disponible en seconde main au Chtululu, sur r\u00e9servation ou \u00e0 la livraison.","og_url":"https:\/\/chtululu.be\/index.php\/produit\/elements-de-calcul-numerique-b-demiovitch-i-maron\/","og_site_name":"Le Chtululu","article_modified_time":"2024-05-12T20:03:52+00:00","og_image":[{"width":1920,"height":2560,"url":"https:\/\/chtululu.be\/wp-content\/uploads\/2022\/08\/IMG_20220814_142115-scaled.jpg","type":"image\/jpeg"}],"twitter_card":"summary_large_image","twitter_misc":{"Dur\u00e9e de lecture estim\u00e9e":"1 minute"},"schema":{"@context":"https:\/\/schema.org","@graph":[{"@type":"WebPage","@id":"https:\/\/chtululu.be\/index.php\/produit\/elements-de-calcul-numerique-b-demiovitch-i-maron\/","url":"https:\/\/chtululu.be\/index.php\/produit\/elements-de-calcul-numerique-b-demiovitch-i-maron\/","name":"\u00c9l\u00e9ments de calcul num\u00e9rique est disponible sur chtululu.be","isPartOf":{"@id":"https:\/\/chtululu.be\/#website"},"primaryImageOfPage":{"@id":"https:\/\/chtululu.be\/index.php\/produit\/elements-de-calcul-numerique-b-demiovitch-i-maron\/#primaryimage"},"image":{"@id":"https:\/\/chtululu.be\/index.php\/produit\/elements-de-calcul-numerique-b-demiovitch-i-maron\/#primaryimage"},"thumbnailUrl":"https:\/\/chtululu.be\/wp-content\/uploads\/2022\/08\/IMG_20220814_142115-scaled.jpg","datePublished":"2022-08-14T12:31:30+00:00","dateModified":"2024-05-12T20:03:52+00:00","description":"\u00c9l\u00e9ments de calcul num\u00e9rique (traduit du russe) est disponible en seconde main au Chtululu, sur r\u00e9servation ou \u00e0 la livraison.","breadcrumb":{"@id":"https:\/\/chtululu.be\/index.php\/produit\/elements-de-calcul-numerique-b-demiovitch-i-maron\/#breadcrumb"},"inLanguage":"fr-FR","potentialAction":[{"@type":"ReadAction","target":["https:\/\/chtululu.be\/index.php\/produit\/elements-de-calcul-numerique-b-demiovitch-i-maron\/"]}]},{"@type":"ImageObject","inLanguage":"fr-FR","@id":"https:\/\/chtululu.be\/index.php\/produit\/elements-de-calcul-numerique-b-demiovitch-i-maron\/#primaryimage","url":"https:\/\/chtululu.be\/wp-content\/uploads\/2022\/08\/IMG_20220814_142115-scaled.jpg","contentUrl":"https:\/\/chtululu.be\/wp-content\/uploads\/2022\/08\/IMG_20220814_142115-scaled.jpg","width":1920,"height":2560,"caption":"\u00c9l\u00e9ments de calcul num\u00e9rique"},{"@type":"BreadcrumbList","@id":"https:\/\/chtululu.be\/index.php\/produit\/elements-de-calcul-numerique-b-demiovitch-i-maron\/#breadcrumb","itemListElement":[{"@type":"ListItem","position":1,"name":"Accueil","item":"https:\/\/chtululu.be\/"},{"@type":"ListItem","position":2,"name":"Les livres","item":"https:\/\/chtululu.be\/index.php\/livres-doccasion\/"},{"@type":"ListItem","position":3,"name":"\u00c9l\u00e9ments de calcul num\u00e9rique (B. D\u00e9miovitch, I. Maron)"}]},{"@type":"WebSite","@id":"https:\/\/chtululu.be\/#website","url":"https:\/\/chtululu.be\/","name":"Le Chtululu","description":"Votre librairie de seconde main \u00e0 Soignies","publisher":{"@id":"https:\/\/chtululu.be\/#organization"},"potentialAction":[{"@type":"SearchAction","target":{"@type":"EntryPoint","urlTemplate":"https:\/\/chtululu.be\/?s={search_term_string}"},"query-input":{"@type":"PropertyValueSpecification","valueRequired":true,"valueName":"search_term_string"}}],"inLanguage":"fr-FR"},{"@type":"Organization","@id":"https:\/\/chtululu.be\/#organization","name":"Le Chtululu","url":"https:\/\/chtululu.be\/","logo":{"@type":"ImageObject","inLanguage":"fr-FR","@id":"https:\/\/chtululu.be\/#\/schema\/logo\/image\/","url":"https:\/\/chtululu.be\/wp-content\/uploads\/2016\/05\/logo-def-blanc.jpg","contentUrl":"https:\/\/chtululu.be\/wp-content\/uploads\/2016\/05\/logo-def-blanc.jpg","width":2048,"height":1901,"caption":"Le Chtululu"},"image":{"@id":"https:\/\/chtululu.be\/#\/schema\/logo\/image\/"}}]}},"_links":{"self":[{"href":"https:\/\/chtululu.be\/index.php\/wp-json\/wp\/v2\/product\/3113","targetHints":{"allow":["GET"]}}],"collection":[{"href":"https:\/\/chtululu.be\/index.php\/wp-json\/wp\/v2\/product"}],"about":[{"href":"https:\/\/chtululu.be\/index.php\/wp-json\/wp\/v2\/types\/product"}],"wp:featuredmedia":[{"embeddable":true,"href":"https:\/\/chtululu.be\/index.php\/wp-json\/wp\/v2\/media\/3114"}],"wp:attachment":[{"href":"https:\/\/chtululu.be\/index.php\/wp-json\/wp\/v2\/media?parent=3113"}],"wp:term":[{"taxonomy":"product_brand","embeddable":true,"href":"https:\/\/chtululu.be\/index.php\/wp-json\/wp\/v2\/product_brand?post=3113"},{"taxonomy":"product_cat","embeddable":true,"href":"https:\/\/chtululu.be\/index.php\/wp-json\/wp\/v2\/product_cat?post=3113"},{"taxonomy":"product_tag","embeddable":true,"href":"https:\/\/chtululu.be\/index.php\/wp-json\/wp\/v2\/product_tag?post=3113"}],"curies":[{"name":"wp","href":"https:\/\/api.w.org\/{rel}","templated":true}]}}