{"id":3013,"date":"2022-04-04T22:05:36","date_gmt":"2022-04-04T21:05:36","guid":{"rendered":"https:\/\/chtululu.be\/?post_type=product&#038;p=3013"},"modified":"2022-04-04T22:15:14","modified_gmt":"2022-04-04T21:15:14","slug":"la-fin-de-lete","status":"publish","type":"product","link":"https:\/\/chtululu.be\/index.php\/produit\/la-fin-de-lete\/","title":{"rendered":"La fin de l&rsquo;\u00e9t\u00e9 (Danielle Steel)"},"content":{"rendered":"<h2>La fin de l&rsquo;\u00e9t\u00e9 (Danielle Steel)<\/h2>\n<h2 class=\"orange \">4e de couverture<\/h2>\n<div class=\"reset-content\">\n<p>D\u00e9couvrez le roman La fin de l&rsquo;\u00e9t\u00e9 de Danielle Steel<\/p>\n<p>L&rsquo;\u00e9t\u00e9 sera long. La petite Pilar est en Provence, chez ses grands-parents paternels, pour les vacances, et Deanna, sa m\u00e8re, reste seule en Californie. Son mariage n&rsquo;est somme toute qu&rsquo;une prison dor\u00e9e. Cette ann\u00e9e encore, son travail retient Marc-Edouard en Europe. Pour meubler sa solitude, Deanna peint. La cr\u00e9ation artistique est devenue toute sa vie. Lors d&rsquo;un week-end romantique sur une plage au sud de San Francisco, elle rencontre Ben, directeur d&rsquo;une galerie r\u00e9put\u00e9e. Avec lui, elle retrouve la tendresse, la complicit\u00e9, les rires qui \u00e9taient morts entre elle et Marc-Edouard depuis si longtemps. Pour un \u00e9t\u00e9\u2026 Mais un drame survient, qui l&rsquo;oblige \u00e0 prendre le premier avion pour la France\u2026<\/p>\n<p>Vous adorez <a href=\"https:\/\/chtululu.be\/index.php\/etiquette-produit\/steel-danielle\/\" target=\"_blank\" rel=\"noopener noreferrer\">Danielle Steel<\/a> ? D\u00e9couvrez les livres que nous avons en stock.<\/p>\n<\/div>\n","protected":false},"excerpt":{"rendered":"<p>La fin de l&rsquo;\u00e9t\u00e9 de Danielle Steel<\/p>\n","protected":false},"featured_media":3014,"template":"","meta":{"_acf_changed":false,"_exactmetrics_skip_tracking":false,"_exactmetrics_sitenote_active":false,"_exactmetrics_sitenote_note":"","_exactmetrics_sitenote_category":0},"product_brand":[],"product_cat":[24],"product_tag":[467],"class_list":{"0":"post-3013","1":"product","2":"type-product","3":"status-publish","4":"has-post-thumbnail","6":"product_cat-roman","7":"product_tag-steel-danielle","9":"first","10":"instock","11":"sold-individually","12":"taxable","13":"shipping-taxable","14":"purchasable","15":"product-type-simple"},"acf":[],"yoast_head":"<!-- This site is optimized with the Yoast SEO plugin v26.6 - https:\/\/yoast.com\/wordpress\/plugins\/seo\/ -->\n<title>La fin de l&#039;\u00e9t\u00e9 de Danielle Steel est disponible sur chtululu.be<\/title>\n<meta name=\"description\" content=\"Le roman La fin de l&#039;\u00e9t\u00e9 de Danielle Steel est disponible en seconde main au Chtululu, sur r\u00e9servation ou \u00e0 la livraison.\" \/>\n<meta name=\"robots\" content=\"index, follow, max-snippet:-1, max-image-preview:large, max-video-preview:-1\" \/>\n<link rel=\"canonical\" href=\"https:\/\/chtululu.be\/index.php\/produit\/la-fin-de-lete\/\" \/>\n<meta property=\"og:locale\" content=\"fr_FR\" \/>\n<meta property=\"og:type\" content=\"article\" \/>\n<meta property=\"og:title\" content=\"La fin de l&#039;\u00e9t\u00e9 de Danielle Steel est disponible sur chtululu.be\" \/>\n<meta property=\"og:description\" content=\"Le roman La fin de l&#039;\u00e9t\u00e9 de Danielle Steel est disponible en seconde main au Chtululu, sur r\u00e9servation ou \u00e0 la livraison.\" \/>\n<meta property=\"og:url\" content=\"https:\/\/chtululu.be\/index.php\/produit\/la-fin-de-lete\/\" \/>\n<meta property=\"og:site_name\" content=\"Le Chtululu\" \/>\n<meta property=\"article:modified_time\" content=\"2022-04-04T21:15:14+00:00\" \/>\n<meta property=\"og:image\" content=\"https:\/\/chtululu.be\/wp-content\/uploads\/2022\/04\/fin1.png\" \/>\n\t<meta property=\"og:image:width\" content=\"500\" \/>\n\t<meta property=\"og:image:height\" content=\"500\" \/>\n\t<meta property=\"og:image:type\" content=\"image\/png\" \/>\n<meta name=\"twitter:card\" content=\"summary_large_image\" \/>\n<meta name=\"twitter:label1\" content=\"Dur\u00e9e de lecture estim\u00e9e\" \/>\n\t<meta name=\"twitter:data1\" content=\"1 minute\" \/>\n<script type=\"application\/ld+json\" class=\"yoast-schema-graph\">{\"@context\":\"https:\/\/schema.org\",\"@graph\":[{\"@type\":\"WebPage\",\"@id\":\"https:\/\/chtululu.be\/index.php\/produit\/la-fin-de-lete\/\",\"url\":\"https:\/\/chtululu.be\/index.php\/produit\/la-fin-de-lete\/\",\"name\":\"La fin de l'\u00e9t\u00e9 de Danielle Steel est disponible sur chtululu.be\",\"isPartOf\":{\"@id\":\"https:\/\/chtululu.be\/#website\"},\"primaryImageOfPage\":{\"@id\":\"https:\/\/chtululu.be\/index.php\/produit\/la-fin-de-lete\/#primaryimage\"},\"image\":{\"@id\":\"https:\/\/chtululu.be\/index.php\/produit\/la-fin-de-lete\/#primaryimage\"},\"thumbnailUrl\":\"https:\/\/chtululu.be\/wp-content\/uploads\/2022\/04\/fin1.png\",\"datePublished\":\"2022-04-04T21:05:36+00:00\",\"dateModified\":\"2022-04-04T21:15:14+00:00\",\"description\":\"Le roman La fin de l'\u00e9t\u00e9 de Danielle Steel est disponible en seconde main au Chtululu, sur r\u00e9servation ou \u00e0 la livraison.\",\"breadcrumb\":{\"@id\":\"https:\/\/chtululu.be\/index.php\/produit\/la-fin-de-lete\/#breadcrumb\"},\"inLanguage\":\"fr-FR\",\"potentialAction\":[{\"@type\":\"ReadAction\",\"target\":[\"https:\/\/chtululu.be\/index.php\/produit\/la-fin-de-lete\/\"]}]},{\"@type\":\"ImageObject\",\"inLanguage\":\"fr-FR\",\"@id\":\"https:\/\/chtululu.be\/index.php\/produit\/la-fin-de-lete\/#primaryimage\",\"url\":\"https:\/\/chtululu.be\/wp-content\/uploads\/2022\/04\/fin1.png\",\"contentUrl\":\"https:\/\/chtululu.be\/wp-content\/uploads\/2022\/04\/fin1.png\",\"width\":500,\"height\":500,\"caption\":\"La fin de l'\u00e9t\u00e9\"},{\"@type\":\"BreadcrumbList\",\"@id\":\"https:\/\/chtululu.be\/index.php\/produit\/la-fin-de-lete\/#breadcrumb\",\"itemListElement\":[{\"@type\":\"ListItem\",\"position\":1,\"name\":\"Accueil\",\"item\":\"https:\/\/chtululu.be\/\"},{\"@type\":\"ListItem\",\"position\":2,\"name\":\"Les livres\",\"item\":\"https:\/\/chtululu.be\/index.php\/livres-doccasion\/\"},{\"@type\":\"ListItem\",\"position\":3,\"name\":\"La fin de l&rsquo;\u00e9t\u00e9 (Danielle Steel)\"}]},{\"@type\":\"WebSite\",\"@id\":\"https:\/\/chtululu.be\/#website\",\"url\":\"https:\/\/chtululu.be\/\",\"name\":\"Le Chtululu\",\"description\":\"Votre librairie de seconde main \u00e0 Soignies\",\"publisher\":{\"@id\":\"https:\/\/chtululu.be\/#organization\"},\"potentialAction\":[{\"@type\":\"SearchAction\",\"target\":{\"@type\":\"EntryPoint\",\"urlTemplate\":\"https:\/\/chtululu.be\/?s={search_term_string}\"},\"query-input\":{\"@type\":\"PropertyValueSpecification\",\"valueRequired\":true,\"valueName\":\"search_term_string\"}}],\"inLanguage\":\"fr-FR\"},{\"@type\":\"Organization\",\"@id\":\"https:\/\/chtululu.be\/#organization\",\"name\":\"Le Chtululu\",\"url\":\"https:\/\/chtululu.be\/\",\"logo\":{\"@type\":\"ImageObject\",\"inLanguage\":\"fr-FR\",\"@id\":\"https:\/\/chtululu.be\/#\/schema\/logo\/image\/\",\"url\":\"https:\/\/chtululu.be\/wp-content\/uploads\/2016\/05\/logo-def-blanc.jpg\",\"contentUrl\":\"https:\/\/chtululu.be\/wp-content\/uploads\/2016\/05\/logo-def-blanc.jpg\",\"width\":2048,\"height\":1901,\"caption\":\"Le Chtululu\"},\"image\":{\"@id\":\"https:\/\/chtululu.be\/#\/schema\/logo\/image\/\"}}]}<\/script>\n<!-- \/ Yoast SEO plugin. -->","yoast_head_json":{"title":"La fin de l'\u00e9t\u00e9 de Danielle Steel est disponible sur chtululu.be","description":"Le roman La fin de l'\u00e9t\u00e9 de Danielle Steel est disponible en seconde main au Chtululu, sur r\u00e9servation ou \u00e0 la livraison.","robots":{"index":"index","follow":"follow","max-snippet":"max-snippet:-1","max-image-preview":"max-image-preview:large","max-video-preview":"max-video-preview:-1"},"canonical":"https:\/\/chtululu.be\/index.php\/produit\/la-fin-de-lete\/","og_locale":"fr_FR","og_type":"article","og_title":"La fin de l'\u00e9t\u00e9 de Danielle Steel est disponible sur chtululu.be","og_description":"Le roman La fin de l'\u00e9t\u00e9 de Danielle Steel est disponible en seconde main au Chtululu, sur r\u00e9servation ou \u00e0 la livraison.","og_url":"https:\/\/chtululu.be\/index.php\/produit\/la-fin-de-lete\/","og_site_name":"Le Chtululu","article_modified_time":"2022-04-04T21:15:14+00:00","og_image":[{"width":500,"height":500,"url":"https:\/\/chtululu.be\/wp-content\/uploads\/2022\/04\/fin1.png","type":"image\/png"}],"twitter_card":"summary_large_image","twitter_misc":{"Dur\u00e9e de lecture estim\u00e9e":"1 minute"},"schema":{"@context":"https:\/\/schema.org","@graph":[{"@type":"WebPage","@id":"https:\/\/chtululu.be\/index.php\/produit\/la-fin-de-lete\/","url":"https:\/\/chtululu.be\/index.php\/produit\/la-fin-de-lete\/","name":"La fin de l'\u00e9t\u00e9 de Danielle Steel est disponible sur chtululu.be","isPartOf":{"@id":"https:\/\/chtululu.be\/#website"},"primaryImageOfPage":{"@id":"https:\/\/chtululu.be\/index.php\/produit\/la-fin-de-lete\/#primaryimage"},"image":{"@id":"https:\/\/chtululu.be\/index.php\/produit\/la-fin-de-lete\/#primaryimage"},"thumbnailUrl":"https:\/\/chtululu.be\/wp-content\/uploads\/2022\/04\/fin1.png","datePublished":"2022-04-04T21:05:36+00:00","dateModified":"2022-04-04T21:15:14+00:00","description":"Le roman La fin de l'\u00e9t\u00e9 de Danielle Steel est disponible en seconde main au Chtululu, sur r\u00e9servation ou \u00e0 la livraison.","breadcrumb":{"@id":"https:\/\/chtululu.be\/index.php\/produit\/la-fin-de-lete\/#breadcrumb"},"inLanguage":"fr-FR","potentialAction":[{"@type":"ReadAction","target":["https:\/\/chtululu.be\/index.php\/produit\/la-fin-de-lete\/"]}]},{"@type":"ImageObject","inLanguage":"fr-FR","@id":"https:\/\/chtululu.be\/index.php\/produit\/la-fin-de-lete\/#primaryimage","url":"https:\/\/chtululu.be\/wp-content\/uploads\/2022\/04\/fin1.png","contentUrl":"https:\/\/chtululu.be\/wp-content\/uploads\/2022\/04\/fin1.png","width":500,"height":500,"caption":"La fin de l'\u00e9t\u00e9"},{"@type":"BreadcrumbList","@id":"https:\/\/chtululu.be\/index.php\/produit\/la-fin-de-lete\/#breadcrumb","itemListElement":[{"@type":"ListItem","position":1,"name":"Accueil","item":"https:\/\/chtululu.be\/"},{"@type":"ListItem","position":2,"name":"Les livres","item":"https:\/\/chtululu.be\/index.php\/livres-doccasion\/"},{"@type":"ListItem","position":3,"name":"La fin de l&rsquo;\u00e9t\u00e9 (Danielle Steel)"}]},{"@type":"WebSite","@id":"https:\/\/chtululu.be\/#website","url":"https:\/\/chtululu.be\/","name":"Le Chtululu","description":"Votre librairie de seconde main \u00e0 Soignies","publisher":{"@id":"https:\/\/chtululu.be\/#organization"},"potentialAction":[{"@type":"SearchAction","target":{"@type":"EntryPoint","urlTemplate":"https:\/\/chtululu.be\/?s={search_term_string}"},"query-input":{"@type":"PropertyValueSpecification","valueRequired":true,"valueName":"search_term_string"}}],"inLanguage":"fr-FR"},{"@type":"Organization","@id":"https:\/\/chtululu.be\/#organization","name":"Le Chtululu","url":"https:\/\/chtululu.be\/","logo":{"@type":"ImageObject","inLanguage":"fr-FR","@id":"https:\/\/chtululu.be\/#\/schema\/logo\/image\/","url":"https:\/\/chtululu.be\/wp-content\/uploads\/2016\/05\/logo-def-blanc.jpg","contentUrl":"https:\/\/chtululu.be\/wp-content\/uploads\/2016\/05\/logo-def-blanc.jpg","width":2048,"height":1901,"caption":"Le Chtululu"},"image":{"@id":"https:\/\/chtululu.be\/#\/schema\/logo\/image\/"}}]}},"_links":{"self":[{"href":"https:\/\/chtululu.be\/index.php\/wp-json\/wp\/v2\/product\/3013","targetHints":{"allow":["GET"]}}],"collection":[{"href":"https:\/\/chtululu.be\/index.php\/wp-json\/wp\/v2\/product"}],"about":[{"href":"https:\/\/chtululu.be\/index.php\/wp-json\/wp\/v2\/types\/product"}],"wp:featuredmedia":[{"embeddable":true,"href":"https:\/\/chtululu.be\/index.php\/wp-json\/wp\/v2\/media\/3014"}],"wp:attachment":[{"href":"https:\/\/chtululu.be\/index.php\/wp-json\/wp\/v2\/media?parent=3013"}],"wp:term":[{"taxonomy":"product_brand","embeddable":true,"href":"https:\/\/chtululu.be\/index.php\/wp-json\/wp\/v2\/product_brand?post=3013"},{"taxonomy":"product_cat","embeddable":true,"href":"https:\/\/chtululu.be\/index.php\/wp-json\/wp\/v2\/product_cat?post=3013"},{"taxonomy":"product_tag","embeddable":true,"href":"https:\/\/chtululu.be\/index.php\/wp-json\/wp\/v2\/product_tag?post=3013"}],"curies":[{"name":"wp","href":"https:\/\/api.w.org\/{rel}","templated":true}]}}