{"id":2958,"date":"2022-01-16T14:21:19","date_gmt":"2022-01-16T13:21:19","guid":{"rendered":"https:\/\/chtululu.be\/?post_type=product&#038;p=2958"},"modified":"2022-03-27T15:57:54","modified_gmt":"2022-03-27T14:57:54","slug":"mark-twain","status":"publish","type":"product","link":"https:\/\/chtululu.be\/index.php\/produit\/mark-twain\/","title":{"rendered":"8 livres de Mark Twain (\u00e9ditions ann\u00e9es 40)"},"content":{"rendered":"<p><strong>8 romans du c\u00e9l\u00e8bre Mark Twain:<\/strong><\/p>\n<p>&nbsp;<\/p>\n<ul>\n<li>Exploits de Tom Sawyer. D\u00e9tective et autres nouvelles (\u00e9d. Mercure de France, 1941)<\/li>\n<li>Tom Sawyer \u00e0 travers le Monde. Pr\u00e9face de Rudyard Kipling (\u00e9d. Albin Michel, non dat\u00e9)<\/li>\n<li>Les Peterkins et autres contes (\u00e9d. Mercure de France, 5e \u00e9dition)<\/li>\n<li>Le capitaine Temp\u00eate et autres contes (\u00e9d. Mercure de France, 1941)<\/li>\n<li>Le Legs de 30.000 dollars et autres contes (\u00e9d. Mercure de France, 1939)<\/li>\n<li>Un pari de milliardaires et autres nouvelles (\u00e9d. Mercure de France, non dat\u00e9)<\/li>\n<li>Le prince et le pauvre (\u00e9d.Biblioth\u00e8que-Charpentier, 1924)<\/li>\n<li>Contes choisis (\u00e9d. Mercure de France, 1946)<\/li>\n<\/ul>\n","protected":false},"excerpt":{"rendered":"<p>8 livres de Mark Twain, dans des anciennes \u00e9ditions.<\/p>\n","protected":false},"featured_media":2959,"template":"","meta":{"_acf_changed":false,"_exactmetrics_skip_tracking":false,"_exactmetrics_sitenote_active":false,"_exactmetrics_sitenote_note":"","_exactmetrics_sitenote_category":0},"product_brand":[],"product_cat":[365,289],"product_tag":[],"class_list":{"0":"post-2958","1":"product","2":"type-product","3":"status-publish","4":"has-post-thumbnail","6":"product_cat-classique","7":"product_cat-livres-rares","9":"first","10":"instock","11":"featured","12":"sold-individually","13":"taxable","14":"shipping-taxable","15":"purchasable","16":"product-type-simple"},"acf":[],"yoast_head":"<!-- This site is optimized with the Yoast SEO plugin v26.6 - https:\/\/yoast.com\/wordpress\/plugins\/seo\/ -->\n<title>Mark Twain : 8 livres du c\u00e9l\u00e8bre auteur de Tom Sawyer<\/title>\n<meta name=\"description\" content=\"D\u00e9couvrez 8 contes, romans ou nouvelles de Mark Twain, dans des anciennes \u00e9ditions : Exploits de Tom Sawyer, Le capitaine Temp\u00eate, etc.\" \/>\n<meta name=\"robots\" content=\"index, follow, max-snippet:-1, max-image-preview:large, max-video-preview:-1\" \/>\n<link rel=\"canonical\" href=\"https:\/\/chtululu.be\/index.php\/produit\/mark-twain\/\" \/>\n<meta property=\"og:locale\" content=\"fr_FR\" \/>\n<meta property=\"og:type\" content=\"article\" \/>\n<meta property=\"og:title\" content=\"Mark Twain : 8 livres du c\u00e9l\u00e8bre auteur de Tom Sawyer\" \/>\n<meta property=\"og:description\" content=\"D\u00e9couvrez 8 contes, romans ou nouvelles de Mark Twain, dans des anciennes \u00e9ditions : Exploits de Tom Sawyer, Le capitaine Temp\u00eate, etc.\" \/>\n<meta property=\"og:url\" content=\"https:\/\/chtululu.be\/index.php\/produit\/mark-twain\/\" \/>\n<meta property=\"og:site_name\" content=\"Le Chtululu\" \/>\n<meta property=\"article:modified_time\" content=\"2022-03-27T14:57:54+00:00\" \/>\n<meta property=\"og:image\" content=\"https:\/\/chtululu.be\/wp-content\/uploads\/2022\/01\/Twain.png\" \/>\n\t<meta property=\"og:image:width\" content=\"500\" \/>\n\t<meta property=\"og:image:height\" content=\"500\" \/>\n\t<meta property=\"og:image:type\" content=\"image\/png\" \/>\n<meta name=\"twitter:card\" content=\"summary_large_image\" \/>\n<meta name=\"twitter:label1\" content=\"Dur\u00e9e de lecture estim\u00e9e\" \/>\n\t<meta name=\"twitter:data1\" content=\"1 minute\" \/>\n<script type=\"application\/ld+json\" class=\"yoast-schema-graph\">{\"@context\":\"https:\/\/schema.org\",\"@graph\":[{\"@type\":\"WebPage\",\"@id\":\"https:\/\/chtululu.be\/index.php\/produit\/mark-twain\/\",\"url\":\"https:\/\/chtululu.be\/index.php\/produit\/mark-twain\/\",\"name\":\"Mark Twain : 8 livres du c\u00e9l\u00e8bre auteur de Tom Sawyer\",\"isPartOf\":{\"@id\":\"https:\/\/chtululu.be\/#website\"},\"primaryImageOfPage\":{\"@id\":\"https:\/\/chtululu.be\/index.php\/produit\/mark-twain\/#primaryimage\"},\"image\":{\"@id\":\"https:\/\/chtululu.be\/index.php\/produit\/mark-twain\/#primaryimage\"},\"thumbnailUrl\":\"https:\/\/chtululu.be\/wp-content\/uploads\/2022\/01\/Twain.png\",\"datePublished\":\"2022-01-16T13:21:19+00:00\",\"dateModified\":\"2022-03-27T14:57:54+00:00\",\"description\":\"D\u00e9couvrez 8 contes, romans ou nouvelles de Mark Twain, dans des anciennes \u00e9ditions : Exploits de Tom Sawyer, Le capitaine Temp\u00eate, etc.\",\"breadcrumb\":{\"@id\":\"https:\/\/chtululu.be\/index.php\/produit\/mark-twain\/#breadcrumb\"},\"inLanguage\":\"fr-FR\",\"potentialAction\":[{\"@type\":\"ReadAction\",\"target\":[\"https:\/\/chtululu.be\/index.php\/produit\/mark-twain\/\"]}]},{\"@type\":\"ImageObject\",\"inLanguage\":\"fr-FR\",\"@id\":\"https:\/\/chtululu.be\/index.php\/produit\/mark-twain\/#primaryimage\",\"url\":\"https:\/\/chtululu.be\/wp-content\/uploads\/2022\/01\/Twain.png\",\"contentUrl\":\"https:\/\/chtululu.be\/wp-content\/uploads\/2022\/01\/Twain.png\",\"width\":500,\"height\":500,\"caption\":\"Mark Twain\"},{\"@type\":\"BreadcrumbList\",\"@id\":\"https:\/\/chtululu.be\/index.php\/produit\/mark-twain\/#breadcrumb\",\"itemListElement\":[{\"@type\":\"ListItem\",\"position\":1,\"name\":\"Accueil\",\"item\":\"https:\/\/chtululu.be\/\"},{\"@type\":\"ListItem\",\"position\":2,\"name\":\"Les livres\",\"item\":\"https:\/\/chtululu.be\/index.php\/livres-doccasion\/\"},{\"@type\":\"ListItem\",\"position\":3,\"name\":\"8 livres de Mark Twain (\u00e9ditions ann\u00e9es 40)\"}]},{\"@type\":\"WebSite\",\"@id\":\"https:\/\/chtululu.be\/#website\",\"url\":\"https:\/\/chtululu.be\/\",\"name\":\"Le Chtululu\",\"description\":\"Votre librairie de seconde main \u00e0 Soignies\",\"publisher\":{\"@id\":\"https:\/\/chtululu.be\/#organization\"},\"potentialAction\":[{\"@type\":\"SearchAction\",\"target\":{\"@type\":\"EntryPoint\",\"urlTemplate\":\"https:\/\/chtululu.be\/?s={search_term_string}\"},\"query-input\":{\"@type\":\"PropertyValueSpecification\",\"valueRequired\":true,\"valueName\":\"search_term_string\"}}],\"inLanguage\":\"fr-FR\"},{\"@type\":\"Organization\",\"@id\":\"https:\/\/chtululu.be\/#organization\",\"name\":\"Le Chtululu\",\"url\":\"https:\/\/chtululu.be\/\",\"logo\":{\"@type\":\"ImageObject\",\"inLanguage\":\"fr-FR\",\"@id\":\"https:\/\/chtululu.be\/#\/schema\/logo\/image\/\",\"url\":\"https:\/\/chtululu.be\/wp-content\/uploads\/2016\/05\/logo-def-blanc.jpg\",\"contentUrl\":\"https:\/\/chtululu.be\/wp-content\/uploads\/2016\/05\/logo-def-blanc.jpg\",\"width\":2048,\"height\":1901,\"caption\":\"Le Chtululu\"},\"image\":{\"@id\":\"https:\/\/chtululu.be\/#\/schema\/logo\/image\/\"}}]}<\/script>\n<!-- \/ Yoast SEO plugin. -->","yoast_head_json":{"title":"Mark Twain : 8 livres du c\u00e9l\u00e8bre auteur de Tom Sawyer","description":"D\u00e9couvrez 8 contes, romans ou nouvelles de Mark Twain, dans des anciennes \u00e9ditions : Exploits de Tom Sawyer, Le capitaine Temp\u00eate, etc.","robots":{"index":"index","follow":"follow","max-snippet":"max-snippet:-1","max-image-preview":"max-image-preview:large","max-video-preview":"max-video-preview:-1"},"canonical":"https:\/\/chtululu.be\/index.php\/produit\/mark-twain\/","og_locale":"fr_FR","og_type":"article","og_title":"Mark Twain : 8 livres du c\u00e9l\u00e8bre auteur de Tom Sawyer","og_description":"D\u00e9couvrez 8 contes, romans ou nouvelles de Mark Twain, dans des anciennes \u00e9ditions : Exploits de Tom Sawyer, Le capitaine Temp\u00eate, etc.","og_url":"https:\/\/chtululu.be\/index.php\/produit\/mark-twain\/","og_site_name":"Le Chtululu","article_modified_time":"2022-03-27T14:57:54+00:00","og_image":[{"width":500,"height":500,"url":"https:\/\/chtululu.be\/wp-content\/uploads\/2022\/01\/Twain.png","type":"image\/png"}],"twitter_card":"summary_large_image","twitter_misc":{"Dur\u00e9e de lecture estim\u00e9e":"1 minute"},"schema":{"@context":"https:\/\/schema.org","@graph":[{"@type":"WebPage","@id":"https:\/\/chtululu.be\/index.php\/produit\/mark-twain\/","url":"https:\/\/chtululu.be\/index.php\/produit\/mark-twain\/","name":"Mark Twain : 8 livres du c\u00e9l\u00e8bre auteur de Tom Sawyer","isPartOf":{"@id":"https:\/\/chtululu.be\/#website"},"primaryImageOfPage":{"@id":"https:\/\/chtululu.be\/index.php\/produit\/mark-twain\/#primaryimage"},"image":{"@id":"https:\/\/chtululu.be\/index.php\/produit\/mark-twain\/#primaryimage"},"thumbnailUrl":"https:\/\/chtululu.be\/wp-content\/uploads\/2022\/01\/Twain.png","datePublished":"2022-01-16T13:21:19+00:00","dateModified":"2022-03-27T14:57:54+00:00","description":"D\u00e9couvrez 8 contes, romans ou nouvelles de Mark Twain, dans des anciennes \u00e9ditions : Exploits de Tom Sawyer, Le capitaine Temp\u00eate, etc.","breadcrumb":{"@id":"https:\/\/chtululu.be\/index.php\/produit\/mark-twain\/#breadcrumb"},"inLanguage":"fr-FR","potentialAction":[{"@type":"ReadAction","target":["https:\/\/chtululu.be\/index.php\/produit\/mark-twain\/"]}]},{"@type":"ImageObject","inLanguage":"fr-FR","@id":"https:\/\/chtululu.be\/index.php\/produit\/mark-twain\/#primaryimage","url":"https:\/\/chtululu.be\/wp-content\/uploads\/2022\/01\/Twain.png","contentUrl":"https:\/\/chtululu.be\/wp-content\/uploads\/2022\/01\/Twain.png","width":500,"height":500,"caption":"Mark Twain"},{"@type":"BreadcrumbList","@id":"https:\/\/chtululu.be\/index.php\/produit\/mark-twain\/#breadcrumb","itemListElement":[{"@type":"ListItem","position":1,"name":"Accueil","item":"https:\/\/chtululu.be\/"},{"@type":"ListItem","position":2,"name":"Les livres","item":"https:\/\/chtululu.be\/index.php\/livres-doccasion\/"},{"@type":"ListItem","position":3,"name":"8 livres de Mark Twain (\u00e9ditions ann\u00e9es 40)"}]},{"@type":"WebSite","@id":"https:\/\/chtululu.be\/#website","url":"https:\/\/chtululu.be\/","name":"Le Chtululu","description":"Votre librairie de seconde main \u00e0 Soignies","publisher":{"@id":"https:\/\/chtululu.be\/#organization"},"potentialAction":[{"@type":"SearchAction","target":{"@type":"EntryPoint","urlTemplate":"https:\/\/chtululu.be\/?s={search_term_string}"},"query-input":{"@type":"PropertyValueSpecification","valueRequired":true,"valueName":"search_term_string"}}],"inLanguage":"fr-FR"},{"@type":"Organization","@id":"https:\/\/chtululu.be\/#organization","name":"Le Chtululu","url":"https:\/\/chtululu.be\/","logo":{"@type":"ImageObject","inLanguage":"fr-FR","@id":"https:\/\/chtululu.be\/#\/schema\/logo\/image\/","url":"https:\/\/chtululu.be\/wp-content\/uploads\/2016\/05\/logo-def-blanc.jpg","contentUrl":"https:\/\/chtululu.be\/wp-content\/uploads\/2016\/05\/logo-def-blanc.jpg","width":2048,"height":1901,"caption":"Le Chtululu"},"image":{"@id":"https:\/\/chtululu.be\/#\/schema\/logo\/image\/"}}]}},"_links":{"self":[{"href":"https:\/\/chtululu.be\/index.php\/wp-json\/wp\/v2\/product\/2958","targetHints":{"allow":["GET"]}}],"collection":[{"href":"https:\/\/chtululu.be\/index.php\/wp-json\/wp\/v2\/product"}],"about":[{"href":"https:\/\/chtululu.be\/index.php\/wp-json\/wp\/v2\/types\/product"}],"wp:featuredmedia":[{"embeddable":true,"href":"https:\/\/chtululu.be\/index.php\/wp-json\/wp\/v2\/media\/2959"}],"wp:attachment":[{"href":"https:\/\/chtululu.be\/index.php\/wp-json\/wp\/v2\/media?parent=2958"}],"wp:term":[{"taxonomy":"product_brand","embeddable":true,"href":"https:\/\/chtululu.be\/index.php\/wp-json\/wp\/v2\/product_brand?post=2958"},{"taxonomy":"product_cat","embeddable":true,"href":"https:\/\/chtululu.be\/index.php\/wp-json\/wp\/v2\/product_cat?post=2958"},{"taxonomy":"product_tag","embeddable":true,"href":"https:\/\/chtululu.be\/index.php\/wp-json\/wp\/v2\/product_tag?post=2958"}],"curies":[{"name":"wp","href":"https:\/\/api.w.org\/{rel}","templated":true}]}}