{"id":2912,"date":"2021-09-26T15:06:55","date_gmt":"2021-09-26T14:06:55","guid":{"rendered":"https:\/\/chtululu.be\/?post_type=product&#038;p=2912"},"modified":"2024-01-07T23:25:06","modified_gmt":"2024-01-07T22:25:06","slug":"les-bienveillantes-jonathan-littell","status":"publish","type":"product","link":"https:\/\/chtululu.be\/index.php\/produit\/les-bienveillantes-jonathan-littell\/","title":{"rendered":"Les Bienveillantes (Jonathan Littell)"},"content":{"rendered":"<h2>Les Bienveillantes (Jonathan Littell)<\/h2>\n<p><strong>R\u00e9sum\u00e9 du roman Les Bienveillantes<\/strong><\/p>\n<p>\u00ab\u00a0En fait, j&rsquo;aurais tout aussi bien pu ne pas \u00e9crire. Apr\u00e8s tout, ce n&rsquo;est pas une obligation. Depuis la guerre, je suis rest\u00e9 un homme discret ; gr\u00e2ce \u00e0 Dieu, je n&rsquo;ai jamais eu besoin, comme certains de mes anciens coll\u00e8gues, d&rsquo;\u00e9crire mes M\u00e9moires \u00e0 fin de justification, car je n&rsquo;ai rien \u00e0 justifier, ni dans un but lucratif, car je gagne assez bien ma vie comme \u00e7a. Je ne regrette rien: j&rsquo;ai fait mon travail, voil\u00e0 tout; quant \u00e0 mes histoires de famille, que je raconterai peut-\u00eatre aussi, elles ne concernent que moi ; et pour le reste, vers la fin, j&rsquo;ai sans doute forc\u00e9 la limite, mais l\u00e0 je n&rsquo;\u00e9tais plus tout \u00e0 fait moi-m\u00eame, je vacillais, le monde entier basculait, je ne fus pas le seul \u00e0 perdre la t\u00eate, reconnaissez-le. Malgr\u00e9 mes travers, et ils ont \u00e9t\u00e9 nombreux, je suis rest\u00e9 de ceux qui pensent que les seules choses indispensables \u00e0 la vie humaine sont l&rsquo;air, le manger, le boire et l&rsquo;excr\u00e9tion, et la recherche de la v\u00e9rit\u00e9. Le reste est facultatif.\u00a0\u00bb<\/p>\n<p>Avec cette somme qui s&rsquo;inscrit aussi bien sous l&rsquo;\u00e9gide d&rsquo;Eschyle que dans la lign\u00e9e de Vie et destin de Vassili Grossman ou des Damn\u00e9s de Visconti, Jonathan Littell nous fait revivre les horreurs de la Seconde Guerre mondiale du c\u00f4t\u00e9 des bourreaux, tout en nous montrant un homme comme rarement on l&rsquo;avait fait : l&rsquo;\u00e9pop\u00e9e d&rsquo;un \u00eatre emport\u00e9 dans la travers\u00e9e de lui-m\u00eame et de l&rsquo;Histoire.<\/p>\n<p><a href=\"https:\/\/www.babelio.com\/livres\/Littell-Les-bienveillantes\/214223\">R\u00e9sum\u00e9 issu de Babelio<\/a><\/p>\n","protected":false},"excerpt":{"rendered":"<p>Les Bienveillantes (Jonathan Littell)<\/p>\n","protected":false},"featured_media":2913,"template":"","meta":{"_acf_changed":false,"_exactmetrics_skip_tracking":false,"_exactmetrics_sitenote_active":false,"_exactmetrics_sitenote_note":"","_exactmetrics_sitenote_category":0},"product_brand":[],"product_cat":[24],"product_tag":[461,220],"class_list":{"0":"post-2912","1":"product","2":"type-product","3":"status-publish","4":"has-post-thumbnail","6":"product_cat-roman","7":"product_tag-littell-jonathan","8":"product_tag-seconde-guerre-mondiale","10":"first","11":"outofstock","12":"sold-individually","13":"taxable","14":"shipping-taxable","15":"purchasable","16":"product-type-simple"},"acf":[],"yoast_head":"<!-- This site is optimized with the Yoast SEO plugin v26.6 - https:\/\/yoast.com\/wordpress\/plugins\/seo\/ -->\n<title>Les Bienveillantes (Jonathan Littell) est disponible au Chtululu<\/title>\n<meta name=\"description\" content=\"Les Bienveillantes (Jonathan Littell) est disponible en seconde main au Chtululu, sur r\u00e9servation ou \u00e0 la livraison.\" \/>\n<meta name=\"robots\" content=\"index, follow, max-snippet:-1, max-image-preview:large, max-video-preview:-1\" \/>\n<link rel=\"canonical\" href=\"https:\/\/chtululu.be\/index.php\/produit\/les-bienveillantes-jonathan-littell\/\" \/>\n<meta property=\"og:locale\" content=\"fr_FR\" \/>\n<meta property=\"og:type\" content=\"article\" \/>\n<meta property=\"og:title\" content=\"Les Bienveillantes (Jonathan Littell) est disponible au Chtululu\" \/>\n<meta property=\"og:description\" content=\"Les Bienveillantes (Jonathan Littell) est disponible en seconde main au Chtululu, sur r\u00e9servation ou \u00e0 la livraison.\" \/>\n<meta property=\"og:url\" content=\"https:\/\/chtululu.be\/index.php\/produit\/les-bienveillantes-jonathan-littell\/\" \/>\n<meta property=\"og:site_name\" content=\"Le Chtululu\" \/>\n<meta property=\"article:modified_time\" content=\"2024-01-07T22:25:06+00:00\" \/>\n<meta property=\"og:image\" content=\"https:\/\/chtululu.be\/wp-content\/uploads\/2021\/09\/Les-Bienveillantes-Jonathan-Littell.jpg\" \/>\n\t<meta property=\"og:image:width\" content=\"500\" \/>\n\t<meta property=\"og:image:height\" content=\"500\" \/>\n\t<meta property=\"og:image:type\" content=\"image\/jpeg\" \/>\n<meta name=\"twitter:card\" content=\"summary_large_image\" \/>\n<meta name=\"twitter:label1\" content=\"Dur\u00e9e de lecture estim\u00e9e\" \/>\n\t<meta name=\"twitter:data1\" content=\"2 minutes\" \/>\n<script type=\"application\/ld+json\" class=\"yoast-schema-graph\">{\"@context\":\"https:\/\/schema.org\",\"@graph\":[{\"@type\":\"WebPage\",\"@id\":\"https:\/\/chtululu.be\/index.php\/produit\/les-bienveillantes-jonathan-littell\/\",\"url\":\"https:\/\/chtululu.be\/index.php\/produit\/les-bienveillantes-jonathan-littell\/\",\"name\":\"Les Bienveillantes (Jonathan Littell) est disponible au Chtululu\",\"isPartOf\":{\"@id\":\"https:\/\/chtululu.be\/#website\"},\"primaryImageOfPage\":{\"@id\":\"https:\/\/chtululu.be\/index.php\/produit\/les-bienveillantes-jonathan-littell\/#primaryimage\"},\"image\":{\"@id\":\"https:\/\/chtululu.be\/index.php\/produit\/les-bienveillantes-jonathan-littell\/#primaryimage\"},\"thumbnailUrl\":\"https:\/\/chtululu.be\/wp-content\/uploads\/2021\/09\/Les-Bienveillantes-Jonathan-Littell.jpg\",\"datePublished\":\"2021-09-26T14:06:55+00:00\",\"dateModified\":\"2024-01-07T22:25:06+00:00\",\"description\":\"Les Bienveillantes (Jonathan Littell) est disponible en seconde main au Chtululu, sur r\u00e9servation ou \u00e0 la livraison.\",\"breadcrumb\":{\"@id\":\"https:\/\/chtululu.be\/index.php\/produit\/les-bienveillantes-jonathan-littell\/#breadcrumb\"},\"inLanguage\":\"fr-FR\",\"potentialAction\":[{\"@type\":\"ReadAction\",\"target\":[\"https:\/\/chtululu.be\/index.php\/produit\/les-bienveillantes-jonathan-littell\/\"]}]},{\"@type\":\"ImageObject\",\"inLanguage\":\"fr-FR\",\"@id\":\"https:\/\/chtululu.be\/index.php\/produit\/les-bienveillantes-jonathan-littell\/#primaryimage\",\"url\":\"https:\/\/chtululu.be\/wp-content\/uploads\/2021\/09\/Les-Bienveillantes-Jonathan-Littell.jpg\",\"contentUrl\":\"https:\/\/chtululu.be\/wp-content\/uploads\/2021\/09\/Les-Bienveillantes-Jonathan-Littell.jpg\",\"width\":500,\"height\":500,\"caption\":\"Les Bienveillantes (Jonathan Littell)\"},{\"@type\":\"BreadcrumbList\",\"@id\":\"https:\/\/chtululu.be\/index.php\/produit\/les-bienveillantes-jonathan-littell\/#breadcrumb\",\"itemListElement\":[{\"@type\":\"ListItem\",\"position\":1,\"name\":\"Accueil\",\"item\":\"https:\/\/chtululu.be\/\"},{\"@type\":\"ListItem\",\"position\":2,\"name\":\"Les livres\",\"item\":\"https:\/\/chtululu.be\/index.php\/livres-doccasion\/\"},{\"@type\":\"ListItem\",\"position\":3,\"name\":\"Les Bienveillantes (Jonathan Littell)\"}]},{\"@type\":\"WebSite\",\"@id\":\"https:\/\/chtululu.be\/#website\",\"url\":\"https:\/\/chtululu.be\/\",\"name\":\"Le Chtululu\",\"description\":\"Votre librairie de seconde main \u00e0 Soignies\",\"publisher\":{\"@id\":\"https:\/\/chtululu.be\/#organization\"},\"potentialAction\":[{\"@type\":\"SearchAction\",\"target\":{\"@type\":\"EntryPoint\",\"urlTemplate\":\"https:\/\/chtululu.be\/?s={search_term_string}\"},\"query-input\":{\"@type\":\"PropertyValueSpecification\",\"valueRequired\":true,\"valueName\":\"search_term_string\"}}],\"inLanguage\":\"fr-FR\"},{\"@type\":\"Organization\",\"@id\":\"https:\/\/chtululu.be\/#organization\",\"name\":\"Le Chtululu\",\"url\":\"https:\/\/chtululu.be\/\",\"logo\":{\"@type\":\"ImageObject\",\"inLanguage\":\"fr-FR\",\"@id\":\"https:\/\/chtululu.be\/#\/schema\/logo\/image\/\",\"url\":\"https:\/\/chtululu.be\/wp-content\/uploads\/2016\/05\/logo-def-blanc.jpg\",\"contentUrl\":\"https:\/\/chtululu.be\/wp-content\/uploads\/2016\/05\/logo-def-blanc.jpg\",\"width\":2048,\"height\":1901,\"caption\":\"Le Chtululu\"},\"image\":{\"@id\":\"https:\/\/chtululu.be\/#\/schema\/logo\/image\/\"}}]}<\/script>\n<!-- \/ Yoast SEO plugin. -->","yoast_head_json":{"title":"Les Bienveillantes (Jonathan Littell) est disponible au Chtululu","description":"Les Bienveillantes (Jonathan Littell) est disponible en seconde main au Chtululu, sur r\u00e9servation ou \u00e0 la livraison.","robots":{"index":"index","follow":"follow","max-snippet":"max-snippet:-1","max-image-preview":"max-image-preview:large","max-video-preview":"max-video-preview:-1"},"canonical":"https:\/\/chtululu.be\/index.php\/produit\/les-bienveillantes-jonathan-littell\/","og_locale":"fr_FR","og_type":"article","og_title":"Les Bienveillantes (Jonathan Littell) est disponible au Chtululu","og_description":"Les Bienveillantes (Jonathan Littell) est disponible en seconde main au Chtululu, sur r\u00e9servation ou \u00e0 la livraison.","og_url":"https:\/\/chtululu.be\/index.php\/produit\/les-bienveillantes-jonathan-littell\/","og_site_name":"Le Chtululu","article_modified_time":"2024-01-07T22:25:06+00:00","og_image":[{"width":500,"height":500,"url":"https:\/\/chtululu.be\/wp-content\/uploads\/2021\/09\/Les-Bienveillantes-Jonathan-Littell.jpg","type":"image\/jpeg"}],"twitter_card":"summary_large_image","twitter_misc":{"Dur\u00e9e de lecture estim\u00e9e":"2 minutes"},"schema":{"@context":"https:\/\/schema.org","@graph":[{"@type":"WebPage","@id":"https:\/\/chtululu.be\/index.php\/produit\/les-bienveillantes-jonathan-littell\/","url":"https:\/\/chtululu.be\/index.php\/produit\/les-bienveillantes-jonathan-littell\/","name":"Les Bienveillantes (Jonathan Littell) est disponible au Chtululu","isPartOf":{"@id":"https:\/\/chtululu.be\/#website"},"primaryImageOfPage":{"@id":"https:\/\/chtululu.be\/index.php\/produit\/les-bienveillantes-jonathan-littell\/#primaryimage"},"image":{"@id":"https:\/\/chtululu.be\/index.php\/produit\/les-bienveillantes-jonathan-littell\/#primaryimage"},"thumbnailUrl":"https:\/\/chtululu.be\/wp-content\/uploads\/2021\/09\/Les-Bienveillantes-Jonathan-Littell.jpg","datePublished":"2021-09-26T14:06:55+00:00","dateModified":"2024-01-07T22:25:06+00:00","description":"Les Bienveillantes (Jonathan Littell) est disponible en seconde main au Chtululu, sur r\u00e9servation ou \u00e0 la livraison.","breadcrumb":{"@id":"https:\/\/chtululu.be\/index.php\/produit\/les-bienveillantes-jonathan-littell\/#breadcrumb"},"inLanguage":"fr-FR","potentialAction":[{"@type":"ReadAction","target":["https:\/\/chtululu.be\/index.php\/produit\/les-bienveillantes-jonathan-littell\/"]}]},{"@type":"ImageObject","inLanguage":"fr-FR","@id":"https:\/\/chtululu.be\/index.php\/produit\/les-bienveillantes-jonathan-littell\/#primaryimage","url":"https:\/\/chtululu.be\/wp-content\/uploads\/2021\/09\/Les-Bienveillantes-Jonathan-Littell.jpg","contentUrl":"https:\/\/chtululu.be\/wp-content\/uploads\/2021\/09\/Les-Bienveillantes-Jonathan-Littell.jpg","width":500,"height":500,"caption":"Les Bienveillantes (Jonathan Littell)"},{"@type":"BreadcrumbList","@id":"https:\/\/chtululu.be\/index.php\/produit\/les-bienveillantes-jonathan-littell\/#breadcrumb","itemListElement":[{"@type":"ListItem","position":1,"name":"Accueil","item":"https:\/\/chtululu.be\/"},{"@type":"ListItem","position":2,"name":"Les livres","item":"https:\/\/chtululu.be\/index.php\/livres-doccasion\/"},{"@type":"ListItem","position":3,"name":"Les Bienveillantes (Jonathan Littell)"}]},{"@type":"WebSite","@id":"https:\/\/chtululu.be\/#website","url":"https:\/\/chtululu.be\/","name":"Le Chtululu","description":"Votre librairie de seconde main \u00e0 Soignies","publisher":{"@id":"https:\/\/chtululu.be\/#organization"},"potentialAction":[{"@type":"SearchAction","target":{"@type":"EntryPoint","urlTemplate":"https:\/\/chtululu.be\/?s={search_term_string}"},"query-input":{"@type":"PropertyValueSpecification","valueRequired":true,"valueName":"search_term_string"}}],"inLanguage":"fr-FR"},{"@type":"Organization","@id":"https:\/\/chtululu.be\/#organization","name":"Le Chtululu","url":"https:\/\/chtululu.be\/","logo":{"@type":"ImageObject","inLanguage":"fr-FR","@id":"https:\/\/chtululu.be\/#\/schema\/logo\/image\/","url":"https:\/\/chtululu.be\/wp-content\/uploads\/2016\/05\/logo-def-blanc.jpg","contentUrl":"https:\/\/chtululu.be\/wp-content\/uploads\/2016\/05\/logo-def-blanc.jpg","width":2048,"height":1901,"caption":"Le Chtululu"},"image":{"@id":"https:\/\/chtululu.be\/#\/schema\/logo\/image\/"}}]}},"_links":{"self":[{"href":"https:\/\/chtululu.be\/index.php\/wp-json\/wp\/v2\/product\/2912","targetHints":{"allow":["GET"]}}],"collection":[{"href":"https:\/\/chtululu.be\/index.php\/wp-json\/wp\/v2\/product"}],"about":[{"href":"https:\/\/chtululu.be\/index.php\/wp-json\/wp\/v2\/types\/product"}],"wp:featuredmedia":[{"embeddable":true,"href":"https:\/\/chtululu.be\/index.php\/wp-json\/wp\/v2\/media\/2913"}],"wp:attachment":[{"href":"https:\/\/chtululu.be\/index.php\/wp-json\/wp\/v2\/media?parent=2912"}],"wp:term":[{"taxonomy":"product_brand","embeddable":true,"href":"https:\/\/chtululu.be\/index.php\/wp-json\/wp\/v2\/product_brand?post=2912"},{"taxonomy":"product_cat","embeddable":true,"href":"https:\/\/chtululu.be\/index.php\/wp-json\/wp\/v2\/product_cat?post=2912"},{"taxonomy":"product_tag","embeddable":true,"href":"https:\/\/chtululu.be\/index.php\/wp-json\/wp\/v2\/product_tag?post=2912"}],"curies":[{"name":"wp","href":"https:\/\/api.w.org\/{rel}","templated":true}]}}