{"id":2712,"date":"2021-08-18T13:19:22","date_gmt":"2021-08-18T12:19:22","guid":{"rendered":"https:\/\/chtululu.be\/?post_type=product&#038;p=2712"},"modified":"2023-07-09T06:33:08","modified_gmt":"2023-07-09T05:33:08","slug":"les-tribulations-dun-ptit-belge","status":"publish","type":"product","link":"https:\/\/chtululu.be\/index.php\/produit\/les-tribulations-dun-ptit-belge\/","title":{"rendered":"Les Tribulations d&rsquo;un P&rsquo;tit Belge &#8211; Lucien Boskin"},"content":{"rendered":"<h2>Les Tribulations d&rsquo;un P&rsquo;tit Belge &#8211; Lucien Boskin<\/h2>\n<p>T\u00e9moignage d&rsquo;un civil (1940 &#8211; 45) (\u00e9d. Dricot).<\/p>\n<p><strong>Les Tribulations d&rsquo;un P&rsquo;tit Belge\u00a0<\/strong><br \/>\nLe 10 mai 1940, l\u2019auteur \u00e2g\u00e9 de 18 ans part en France comme r\u00e9serve de recrutement de l\u2019arm\u00e9e belge. En avril 1943, il est d\u00e9port\u00e9 pour le Travail Obligatoire en Allemagne. Le 1er janvier 1945, il est requis par le Service Wallon du Travail, command\u00e9 par des Rexistes. Le 1er avril 1945, mobilis\u00e9 par un soi-disant gouvernement belge, il est envoy\u00e9 sur le front face aux Sovi\u00e9tiques.<\/p>\n","protected":false},"excerpt":{"rendered":"<p>Les Tribulations d&rsquo;un P&rsquo;tit Belge de Lucien Boskin<\/p>\n","protected":false},"featured_media":2713,"template":"","meta":{"_acf_changed":false,"_exactmetrics_skip_tracking":false,"_exactmetrics_sitenote_active":false,"_exactmetrics_sitenote_note":"","_exactmetrics_sitenote_category":0},"product_brand":[],"product_cat":[383,382],"product_tag":[96,220],"class_list":{"0":"post-2712","1":"product","2":"type-product","3":"status-publish","4":"has-post-thumbnail","6":"product_cat-biographies-temoignages","7":"product_cat-savoirs","8":"product_tag-belge","9":"product_tag-seconde-guerre-mondiale","11":"first","12":"outofstock","13":"featured","14":"taxable","15":"shipping-taxable","16":"purchasable","17":"product-type-simple"},"acf":[],"yoast_head":"<!-- This site is optimized with the Yoast SEO plugin v26.6 - https:\/\/yoast.com\/wordpress\/plugins\/seo\/ -->\n<title>Les Tribulations d&#039;un P&#039;tit Belge - Lucien Boskin au Chtululu<\/title>\n<meta name=\"description\" content=\"D\u00e9couvrez Les Tribulations d&#039;un P&#039;tit Belge de Lucien Boskin en seconde main. Disponible sur place en le r\u00e9servant ou via livraison.\" \/>\n<meta name=\"robots\" content=\"index, follow, max-snippet:-1, max-image-preview:large, max-video-preview:-1\" \/>\n<link rel=\"canonical\" href=\"https:\/\/chtululu.be\/index.php\/produit\/les-tribulations-dun-ptit-belge\/\" \/>\n<meta property=\"og:locale\" content=\"fr_FR\" \/>\n<meta property=\"og:type\" content=\"article\" \/>\n<meta property=\"og:title\" content=\"Les Tribulations d&#039;un P&#039;tit Belge - Lucien Boskin au Chtululu\" \/>\n<meta property=\"og:description\" content=\"D\u00e9couvrez Les Tribulations d&#039;un P&#039;tit Belge de Lucien Boskin en seconde main. Disponible sur place en le r\u00e9servant ou via livraison.\" \/>\n<meta property=\"og:url\" content=\"https:\/\/chtululu.be\/index.php\/produit\/les-tribulations-dun-ptit-belge\/\" \/>\n<meta property=\"og:site_name\" content=\"Le Chtululu\" \/>\n<meta property=\"article:modified_time\" content=\"2023-07-09T05:33:08+00:00\" \/>\n<meta property=\"og:image\" content=\"https:\/\/chtululu.be\/wp-content\/uploads\/2021\/08\/tribulation.png\" \/>\n\t<meta property=\"og:image:width\" content=\"500\" \/>\n\t<meta property=\"og:image:height\" content=\"500\" \/>\n\t<meta property=\"og:image:type\" content=\"image\/png\" \/>\n<meta name=\"twitter:card\" content=\"summary_large_image\" \/>\n<meta name=\"twitter:label1\" content=\"Dur\u00e9e de lecture estim\u00e9e\" \/>\n\t<meta name=\"twitter:data1\" content=\"1 minute\" \/>\n<script type=\"application\/ld+json\" class=\"yoast-schema-graph\">{\"@context\":\"https:\/\/schema.org\",\"@graph\":[{\"@type\":\"WebPage\",\"@id\":\"https:\/\/chtululu.be\/index.php\/produit\/les-tribulations-dun-ptit-belge\/\",\"url\":\"https:\/\/chtululu.be\/index.php\/produit\/les-tribulations-dun-ptit-belge\/\",\"name\":\"Les Tribulations d'un P'tit Belge - Lucien Boskin au Chtululu\",\"isPartOf\":{\"@id\":\"https:\/\/chtululu.be\/#website\"},\"primaryImageOfPage\":{\"@id\":\"https:\/\/chtululu.be\/index.php\/produit\/les-tribulations-dun-ptit-belge\/#primaryimage\"},\"image\":{\"@id\":\"https:\/\/chtululu.be\/index.php\/produit\/les-tribulations-dun-ptit-belge\/#primaryimage\"},\"thumbnailUrl\":\"https:\/\/chtululu.be\/wp-content\/uploads\/2021\/08\/tribulation.png\",\"datePublished\":\"2021-08-18T12:19:22+00:00\",\"dateModified\":\"2023-07-09T05:33:08+00:00\",\"description\":\"D\u00e9couvrez Les Tribulations d'un P'tit Belge de Lucien Boskin en seconde main. Disponible sur place en le r\u00e9servant ou via livraison.\",\"breadcrumb\":{\"@id\":\"https:\/\/chtululu.be\/index.php\/produit\/les-tribulations-dun-ptit-belge\/#breadcrumb\"},\"inLanguage\":\"fr-FR\",\"potentialAction\":[{\"@type\":\"ReadAction\",\"target\":[\"https:\/\/chtululu.be\/index.php\/produit\/les-tribulations-dun-ptit-belge\/\"]}]},{\"@type\":\"ImageObject\",\"inLanguage\":\"fr-FR\",\"@id\":\"https:\/\/chtululu.be\/index.php\/produit\/les-tribulations-dun-ptit-belge\/#primaryimage\",\"url\":\"https:\/\/chtululu.be\/wp-content\/uploads\/2021\/08\/tribulation.png\",\"contentUrl\":\"https:\/\/chtululu.be\/wp-content\/uploads\/2021\/08\/tribulation.png\",\"width\":500,\"height\":500,\"caption\":\"Les Tribulations d'un P'tit Belge\"},{\"@type\":\"BreadcrumbList\",\"@id\":\"https:\/\/chtululu.be\/index.php\/produit\/les-tribulations-dun-ptit-belge\/#breadcrumb\",\"itemListElement\":[{\"@type\":\"ListItem\",\"position\":1,\"name\":\"Accueil\",\"item\":\"https:\/\/chtululu.be\/\"},{\"@type\":\"ListItem\",\"position\":2,\"name\":\"Les livres\",\"item\":\"https:\/\/chtululu.be\/index.php\/livres-doccasion\/\"},{\"@type\":\"ListItem\",\"position\":3,\"name\":\"Les Tribulations d&rsquo;un P&rsquo;tit Belge &#8211; Lucien Boskin\"}]},{\"@type\":\"WebSite\",\"@id\":\"https:\/\/chtululu.be\/#website\",\"url\":\"https:\/\/chtululu.be\/\",\"name\":\"Le Chtululu\",\"description\":\"Votre librairie de seconde main \u00e0 Soignies\",\"publisher\":{\"@id\":\"https:\/\/chtululu.be\/#organization\"},\"potentialAction\":[{\"@type\":\"SearchAction\",\"target\":{\"@type\":\"EntryPoint\",\"urlTemplate\":\"https:\/\/chtululu.be\/?s={search_term_string}\"},\"query-input\":{\"@type\":\"PropertyValueSpecification\",\"valueRequired\":true,\"valueName\":\"search_term_string\"}}],\"inLanguage\":\"fr-FR\"},{\"@type\":\"Organization\",\"@id\":\"https:\/\/chtululu.be\/#organization\",\"name\":\"Le Chtululu\",\"url\":\"https:\/\/chtululu.be\/\",\"logo\":{\"@type\":\"ImageObject\",\"inLanguage\":\"fr-FR\",\"@id\":\"https:\/\/chtululu.be\/#\/schema\/logo\/image\/\",\"url\":\"https:\/\/chtululu.be\/wp-content\/uploads\/2016\/05\/logo-def-blanc.jpg\",\"contentUrl\":\"https:\/\/chtululu.be\/wp-content\/uploads\/2016\/05\/logo-def-blanc.jpg\",\"width\":2048,\"height\":1901,\"caption\":\"Le Chtululu\"},\"image\":{\"@id\":\"https:\/\/chtululu.be\/#\/schema\/logo\/image\/\"}}]}<\/script>\n<!-- \/ Yoast SEO plugin. -->","yoast_head_json":{"title":"Les Tribulations d'un P'tit Belge - Lucien Boskin au Chtululu","description":"D\u00e9couvrez Les Tribulations d'un P'tit Belge de Lucien Boskin en seconde main. Disponible sur place en le r\u00e9servant ou via livraison.","robots":{"index":"index","follow":"follow","max-snippet":"max-snippet:-1","max-image-preview":"max-image-preview:large","max-video-preview":"max-video-preview:-1"},"canonical":"https:\/\/chtululu.be\/index.php\/produit\/les-tribulations-dun-ptit-belge\/","og_locale":"fr_FR","og_type":"article","og_title":"Les Tribulations d'un P'tit Belge - Lucien Boskin au Chtululu","og_description":"D\u00e9couvrez Les Tribulations d'un P'tit Belge de Lucien Boskin en seconde main. Disponible sur place en le r\u00e9servant ou via livraison.","og_url":"https:\/\/chtululu.be\/index.php\/produit\/les-tribulations-dun-ptit-belge\/","og_site_name":"Le Chtululu","article_modified_time":"2023-07-09T05:33:08+00:00","og_image":[{"width":500,"height":500,"url":"https:\/\/chtululu.be\/wp-content\/uploads\/2021\/08\/tribulation.png","type":"image\/png"}],"twitter_card":"summary_large_image","twitter_misc":{"Dur\u00e9e de lecture estim\u00e9e":"1 minute"},"schema":{"@context":"https:\/\/schema.org","@graph":[{"@type":"WebPage","@id":"https:\/\/chtululu.be\/index.php\/produit\/les-tribulations-dun-ptit-belge\/","url":"https:\/\/chtululu.be\/index.php\/produit\/les-tribulations-dun-ptit-belge\/","name":"Les Tribulations d'un P'tit Belge - Lucien Boskin au Chtululu","isPartOf":{"@id":"https:\/\/chtululu.be\/#website"},"primaryImageOfPage":{"@id":"https:\/\/chtululu.be\/index.php\/produit\/les-tribulations-dun-ptit-belge\/#primaryimage"},"image":{"@id":"https:\/\/chtululu.be\/index.php\/produit\/les-tribulations-dun-ptit-belge\/#primaryimage"},"thumbnailUrl":"https:\/\/chtululu.be\/wp-content\/uploads\/2021\/08\/tribulation.png","datePublished":"2021-08-18T12:19:22+00:00","dateModified":"2023-07-09T05:33:08+00:00","description":"D\u00e9couvrez Les Tribulations d'un P'tit Belge de Lucien Boskin en seconde main. Disponible sur place en le r\u00e9servant ou via livraison.","breadcrumb":{"@id":"https:\/\/chtululu.be\/index.php\/produit\/les-tribulations-dun-ptit-belge\/#breadcrumb"},"inLanguage":"fr-FR","potentialAction":[{"@type":"ReadAction","target":["https:\/\/chtululu.be\/index.php\/produit\/les-tribulations-dun-ptit-belge\/"]}]},{"@type":"ImageObject","inLanguage":"fr-FR","@id":"https:\/\/chtululu.be\/index.php\/produit\/les-tribulations-dun-ptit-belge\/#primaryimage","url":"https:\/\/chtululu.be\/wp-content\/uploads\/2021\/08\/tribulation.png","contentUrl":"https:\/\/chtululu.be\/wp-content\/uploads\/2021\/08\/tribulation.png","width":500,"height":500,"caption":"Les Tribulations d'un P'tit Belge"},{"@type":"BreadcrumbList","@id":"https:\/\/chtululu.be\/index.php\/produit\/les-tribulations-dun-ptit-belge\/#breadcrumb","itemListElement":[{"@type":"ListItem","position":1,"name":"Accueil","item":"https:\/\/chtululu.be\/"},{"@type":"ListItem","position":2,"name":"Les livres","item":"https:\/\/chtululu.be\/index.php\/livres-doccasion\/"},{"@type":"ListItem","position":3,"name":"Les Tribulations d&rsquo;un P&rsquo;tit Belge &#8211; Lucien Boskin"}]},{"@type":"WebSite","@id":"https:\/\/chtululu.be\/#website","url":"https:\/\/chtululu.be\/","name":"Le Chtululu","description":"Votre librairie de seconde main \u00e0 Soignies","publisher":{"@id":"https:\/\/chtululu.be\/#organization"},"potentialAction":[{"@type":"SearchAction","target":{"@type":"EntryPoint","urlTemplate":"https:\/\/chtululu.be\/?s={search_term_string}"},"query-input":{"@type":"PropertyValueSpecification","valueRequired":true,"valueName":"search_term_string"}}],"inLanguage":"fr-FR"},{"@type":"Organization","@id":"https:\/\/chtululu.be\/#organization","name":"Le Chtululu","url":"https:\/\/chtululu.be\/","logo":{"@type":"ImageObject","inLanguage":"fr-FR","@id":"https:\/\/chtululu.be\/#\/schema\/logo\/image\/","url":"https:\/\/chtululu.be\/wp-content\/uploads\/2016\/05\/logo-def-blanc.jpg","contentUrl":"https:\/\/chtululu.be\/wp-content\/uploads\/2016\/05\/logo-def-blanc.jpg","width":2048,"height":1901,"caption":"Le Chtululu"},"image":{"@id":"https:\/\/chtululu.be\/#\/schema\/logo\/image\/"}}]}},"_links":{"self":[{"href":"https:\/\/chtululu.be\/index.php\/wp-json\/wp\/v2\/product\/2712","targetHints":{"allow":["GET"]}}],"collection":[{"href":"https:\/\/chtululu.be\/index.php\/wp-json\/wp\/v2\/product"}],"about":[{"href":"https:\/\/chtululu.be\/index.php\/wp-json\/wp\/v2\/types\/product"}],"wp:featuredmedia":[{"embeddable":true,"href":"https:\/\/chtululu.be\/index.php\/wp-json\/wp\/v2\/media\/2713"}],"wp:attachment":[{"href":"https:\/\/chtululu.be\/index.php\/wp-json\/wp\/v2\/media?parent=2712"}],"wp:term":[{"taxonomy":"product_brand","embeddable":true,"href":"https:\/\/chtululu.be\/index.php\/wp-json\/wp\/v2\/product_brand?post=2712"},{"taxonomy":"product_cat","embeddable":true,"href":"https:\/\/chtululu.be\/index.php\/wp-json\/wp\/v2\/product_cat?post=2712"},{"taxonomy":"product_tag","embeddable":true,"href":"https:\/\/chtululu.be\/index.php\/wp-json\/wp\/v2\/product_tag?post=2712"}],"curies":[{"name":"wp","href":"https:\/\/api.w.org\/{rel}","templated":true}]}}