{"id":2458,"date":"2021-04-01T09:07:56","date_gmt":"2021-04-01T08:07:56","guid":{"rendered":"https:\/\/chtululu.be\/?post_type=product&#038;p=2458"},"modified":"2021-04-18T14:09:42","modified_gmt":"2021-04-18T13:09:42","slug":"lamour-cache-de-charlotte-bronte-jolien-janzing","status":"publish","type":"product","link":"https:\/\/chtululu.be\/index.php\/produit\/lamour-cache-de-charlotte-bronte-jolien-janzing\/","title":{"rendered":"L&rsquo;amour cach\u00e9 de Charlotte Bront\u00eb (Jolien Janzing)"},"content":{"rendered":"<p>L&rsquo;amour cach\u00e9 de Charlotte Bront\u00eb (Jolien Janzing)<\/p>\n","protected":false},"excerpt":{"rendered":"<p>L&rsquo;amour cach\u00e9 de Charlotte Bront\u00eb (Jolien Janzing)<\/p>\n","protected":false},"featured_media":2459,"template":"","meta":{"_acf_changed":false,"_exactmetrics_skip_tracking":false,"_exactmetrics_sitenote_active":false,"_exactmetrics_sitenote_note":"","_exactmetrics_sitenote_category":0},"product_brand":[],"product_cat":[24],"product_tag":[408],"class_list":{"0":"post-2458","1":"product","2":"type-product","3":"status-publish","4":"has-post-thumbnail","6":"product_cat-roman","7":"product_tag-jolien-janzing","9":"first","10":"instock","11":"taxable","12":"shipping-taxable","13":"purchasable","14":"product-type-simple"},"acf":[],"yoast_head":"<!-- This site is optimized with the Yoast SEO plugin v26.6 - https:\/\/yoast.com\/wordpress\/plugins\/seo\/ -->\n<title>L&#039;amour cach\u00e9 de Charlotte Bront\u00eb (Jolien Janzing) - Le Chtululu \u00e0 Soignies<\/title>\n<meta name=\"description\" content=\"Le roman L&#039;amour cach\u00e9 de Charlotte Bront\u00eb de Jolien Janzing est disponible en seconde main au Chtululu (gare de Soignies).\" \/>\n<meta name=\"robots\" content=\"index, follow, max-snippet:-1, max-image-preview:large, max-video-preview:-1\" \/>\n<link rel=\"canonical\" href=\"https:\/\/chtululu.be\/index.php\/produit\/lamour-cache-de-charlotte-bronte-jolien-janzing\/\" \/>\n<meta property=\"og:locale\" content=\"fr_FR\" \/>\n<meta property=\"og:type\" content=\"article\" \/>\n<meta property=\"og:title\" content=\"L&#039;amour cach\u00e9 de Charlotte Bront\u00eb (Jolien Janzing) - Le Chtululu \u00e0 Soignies\" \/>\n<meta property=\"og:description\" content=\"Le roman L&#039;amour cach\u00e9 de Charlotte Bront\u00eb de Jolien Janzing est disponible en seconde main au Chtululu (gare de Soignies).\" \/>\n<meta property=\"og:url\" content=\"https:\/\/chtululu.be\/index.php\/produit\/lamour-cache-de-charlotte-bronte-jolien-janzing\/\" \/>\n<meta property=\"og:site_name\" content=\"Le Chtululu\" \/>\n<meta property=\"article:modified_time\" content=\"2021-04-18T13:09:42+00:00\" \/>\n<meta property=\"og:image\" content=\"https:\/\/chtululu.be\/wp-content\/uploads\/2021\/04\/Lamour-cache-de-Charlotte-Bronte-1-scaled.jpg\" \/>\n\t<meta property=\"og:image:width\" content=\"1920\" \/>\n\t<meta property=\"og:image:height\" content=\"2560\" \/>\n\t<meta property=\"og:image:type\" content=\"image\/jpeg\" \/>\n<meta name=\"twitter:card\" content=\"summary_large_image\" \/>\n<meta name=\"twitter:label1\" content=\"Dur\u00e9e de lecture estim\u00e9e\" \/>\n\t<meta name=\"twitter:data1\" content=\"1 minute\" \/>\n<script type=\"application\/ld+json\" class=\"yoast-schema-graph\">{\"@context\":\"https:\/\/schema.org\",\"@graph\":[{\"@type\":\"WebPage\",\"@id\":\"https:\/\/chtululu.be\/index.php\/produit\/lamour-cache-de-charlotte-bronte-jolien-janzing\/\",\"url\":\"https:\/\/chtululu.be\/index.php\/produit\/lamour-cache-de-charlotte-bronte-jolien-janzing\/\",\"name\":\"L'amour cach\u00e9 de Charlotte Bront\u00eb (Jolien Janzing) - Le Chtululu \u00e0 Soignies\",\"isPartOf\":{\"@id\":\"https:\/\/chtululu.be\/#website\"},\"primaryImageOfPage\":{\"@id\":\"https:\/\/chtululu.be\/index.php\/produit\/lamour-cache-de-charlotte-bronte-jolien-janzing\/#primaryimage\"},\"image\":{\"@id\":\"https:\/\/chtululu.be\/index.php\/produit\/lamour-cache-de-charlotte-bronte-jolien-janzing\/#primaryimage\"},\"thumbnailUrl\":\"https:\/\/chtululu.be\/wp-content\/uploads\/2021\/04\/Lamour-cache-de-Charlotte-Bronte-1-scaled.jpg\",\"datePublished\":\"2021-04-01T08:07:56+00:00\",\"dateModified\":\"2021-04-18T13:09:42+00:00\",\"description\":\"Le roman L'amour cach\u00e9 de Charlotte Bront\u00eb de Jolien Janzing est disponible en seconde main au Chtululu (gare de Soignies).\",\"breadcrumb\":{\"@id\":\"https:\/\/chtululu.be\/index.php\/produit\/lamour-cache-de-charlotte-bronte-jolien-janzing\/#breadcrumb\"},\"inLanguage\":\"fr-FR\",\"potentialAction\":[{\"@type\":\"ReadAction\",\"target\":[\"https:\/\/chtululu.be\/index.php\/produit\/lamour-cache-de-charlotte-bronte-jolien-janzing\/\"]}]},{\"@type\":\"ImageObject\",\"inLanguage\":\"fr-FR\",\"@id\":\"https:\/\/chtululu.be\/index.php\/produit\/lamour-cache-de-charlotte-bronte-jolien-janzing\/#primaryimage\",\"url\":\"https:\/\/chtululu.be\/wp-content\/uploads\/2021\/04\/Lamour-cache-de-Charlotte-Bronte-1-scaled.jpg\",\"contentUrl\":\"https:\/\/chtululu.be\/wp-content\/uploads\/2021\/04\/Lamour-cache-de-Charlotte-Bronte-1-scaled.jpg\",\"width\":1920,\"height\":2560,\"caption\":\"L'amour cach\u00e9 de Charlotte Bront\u00eb\"},{\"@type\":\"BreadcrumbList\",\"@id\":\"https:\/\/chtululu.be\/index.php\/produit\/lamour-cache-de-charlotte-bronte-jolien-janzing\/#breadcrumb\",\"itemListElement\":[{\"@type\":\"ListItem\",\"position\":1,\"name\":\"Accueil\",\"item\":\"https:\/\/chtululu.be\/\"},{\"@type\":\"ListItem\",\"position\":2,\"name\":\"Les livres\",\"item\":\"https:\/\/chtululu.be\/index.php\/livres-doccasion\/\"},{\"@type\":\"ListItem\",\"position\":3,\"name\":\"L&rsquo;amour cach\u00e9 de Charlotte Bront\u00eb (Jolien Janzing)\"}]},{\"@type\":\"WebSite\",\"@id\":\"https:\/\/chtululu.be\/#website\",\"url\":\"https:\/\/chtululu.be\/\",\"name\":\"Le Chtululu\",\"description\":\"Votre librairie de seconde main \u00e0 Soignies\",\"publisher\":{\"@id\":\"https:\/\/chtululu.be\/#organization\"},\"potentialAction\":[{\"@type\":\"SearchAction\",\"target\":{\"@type\":\"EntryPoint\",\"urlTemplate\":\"https:\/\/chtululu.be\/?s={search_term_string}\"},\"query-input\":{\"@type\":\"PropertyValueSpecification\",\"valueRequired\":true,\"valueName\":\"search_term_string\"}}],\"inLanguage\":\"fr-FR\"},{\"@type\":\"Organization\",\"@id\":\"https:\/\/chtululu.be\/#organization\",\"name\":\"Le Chtululu\",\"url\":\"https:\/\/chtululu.be\/\",\"logo\":{\"@type\":\"ImageObject\",\"inLanguage\":\"fr-FR\",\"@id\":\"https:\/\/chtululu.be\/#\/schema\/logo\/image\/\",\"url\":\"https:\/\/chtululu.be\/wp-content\/uploads\/2016\/05\/logo-def-blanc.jpg\",\"contentUrl\":\"https:\/\/chtululu.be\/wp-content\/uploads\/2016\/05\/logo-def-blanc.jpg\",\"width\":2048,\"height\":1901,\"caption\":\"Le Chtululu\"},\"image\":{\"@id\":\"https:\/\/chtululu.be\/#\/schema\/logo\/image\/\"}}]}<\/script>\n<!-- \/ Yoast SEO plugin. -->","yoast_head_json":{"title":"L'amour cach\u00e9 de Charlotte Bront\u00eb (Jolien Janzing) - Le Chtululu \u00e0 Soignies","description":"Le roman L'amour cach\u00e9 de Charlotte Bront\u00eb de Jolien Janzing est disponible en seconde main au Chtululu (gare de Soignies).","robots":{"index":"index","follow":"follow","max-snippet":"max-snippet:-1","max-image-preview":"max-image-preview:large","max-video-preview":"max-video-preview:-1"},"canonical":"https:\/\/chtululu.be\/index.php\/produit\/lamour-cache-de-charlotte-bronte-jolien-janzing\/","og_locale":"fr_FR","og_type":"article","og_title":"L'amour cach\u00e9 de Charlotte Bront\u00eb (Jolien Janzing) - Le Chtululu \u00e0 Soignies","og_description":"Le roman L'amour cach\u00e9 de Charlotte Bront\u00eb de Jolien Janzing est disponible en seconde main au Chtululu (gare de Soignies).","og_url":"https:\/\/chtululu.be\/index.php\/produit\/lamour-cache-de-charlotte-bronte-jolien-janzing\/","og_site_name":"Le Chtululu","article_modified_time":"2021-04-18T13:09:42+00:00","og_image":[{"width":1920,"height":2560,"url":"https:\/\/chtululu.be\/wp-content\/uploads\/2021\/04\/Lamour-cache-de-Charlotte-Bronte-1-scaled.jpg","type":"image\/jpeg"}],"twitter_card":"summary_large_image","twitter_misc":{"Dur\u00e9e de lecture estim\u00e9e":"1 minute"},"schema":{"@context":"https:\/\/schema.org","@graph":[{"@type":"WebPage","@id":"https:\/\/chtululu.be\/index.php\/produit\/lamour-cache-de-charlotte-bronte-jolien-janzing\/","url":"https:\/\/chtululu.be\/index.php\/produit\/lamour-cache-de-charlotte-bronte-jolien-janzing\/","name":"L'amour cach\u00e9 de Charlotte Bront\u00eb (Jolien Janzing) - Le Chtululu \u00e0 Soignies","isPartOf":{"@id":"https:\/\/chtululu.be\/#website"},"primaryImageOfPage":{"@id":"https:\/\/chtululu.be\/index.php\/produit\/lamour-cache-de-charlotte-bronte-jolien-janzing\/#primaryimage"},"image":{"@id":"https:\/\/chtululu.be\/index.php\/produit\/lamour-cache-de-charlotte-bronte-jolien-janzing\/#primaryimage"},"thumbnailUrl":"https:\/\/chtululu.be\/wp-content\/uploads\/2021\/04\/Lamour-cache-de-Charlotte-Bronte-1-scaled.jpg","datePublished":"2021-04-01T08:07:56+00:00","dateModified":"2021-04-18T13:09:42+00:00","description":"Le roman L'amour cach\u00e9 de Charlotte Bront\u00eb de Jolien Janzing est disponible en seconde main au Chtululu (gare de Soignies).","breadcrumb":{"@id":"https:\/\/chtululu.be\/index.php\/produit\/lamour-cache-de-charlotte-bronte-jolien-janzing\/#breadcrumb"},"inLanguage":"fr-FR","potentialAction":[{"@type":"ReadAction","target":["https:\/\/chtululu.be\/index.php\/produit\/lamour-cache-de-charlotte-bronte-jolien-janzing\/"]}]},{"@type":"ImageObject","inLanguage":"fr-FR","@id":"https:\/\/chtululu.be\/index.php\/produit\/lamour-cache-de-charlotte-bronte-jolien-janzing\/#primaryimage","url":"https:\/\/chtululu.be\/wp-content\/uploads\/2021\/04\/Lamour-cache-de-Charlotte-Bronte-1-scaled.jpg","contentUrl":"https:\/\/chtululu.be\/wp-content\/uploads\/2021\/04\/Lamour-cache-de-Charlotte-Bronte-1-scaled.jpg","width":1920,"height":2560,"caption":"L'amour cach\u00e9 de Charlotte Bront\u00eb"},{"@type":"BreadcrumbList","@id":"https:\/\/chtululu.be\/index.php\/produit\/lamour-cache-de-charlotte-bronte-jolien-janzing\/#breadcrumb","itemListElement":[{"@type":"ListItem","position":1,"name":"Accueil","item":"https:\/\/chtululu.be\/"},{"@type":"ListItem","position":2,"name":"Les livres","item":"https:\/\/chtululu.be\/index.php\/livres-doccasion\/"},{"@type":"ListItem","position":3,"name":"L&rsquo;amour cach\u00e9 de Charlotte Bront\u00eb (Jolien Janzing)"}]},{"@type":"WebSite","@id":"https:\/\/chtululu.be\/#website","url":"https:\/\/chtululu.be\/","name":"Le Chtululu","description":"Votre librairie de seconde main \u00e0 Soignies","publisher":{"@id":"https:\/\/chtululu.be\/#organization"},"potentialAction":[{"@type":"SearchAction","target":{"@type":"EntryPoint","urlTemplate":"https:\/\/chtululu.be\/?s={search_term_string}"},"query-input":{"@type":"PropertyValueSpecification","valueRequired":true,"valueName":"search_term_string"}}],"inLanguage":"fr-FR"},{"@type":"Organization","@id":"https:\/\/chtululu.be\/#organization","name":"Le Chtululu","url":"https:\/\/chtululu.be\/","logo":{"@type":"ImageObject","inLanguage":"fr-FR","@id":"https:\/\/chtululu.be\/#\/schema\/logo\/image\/","url":"https:\/\/chtululu.be\/wp-content\/uploads\/2016\/05\/logo-def-blanc.jpg","contentUrl":"https:\/\/chtululu.be\/wp-content\/uploads\/2016\/05\/logo-def-blanc.jpg","width":2048,"height":1901,"caption":"Le Chtululu"},"image":{"@id":"https:\/\/chtululu.be\/#\/schema\/logo\/image\/"}}]}},"_links":{"self":[{"href":"https:\/\/chtululu.be\/index.php\/wp-json\/wp\/v2\/product\/2458","targetHints":{"allow":["GET"]}}],"collection":[{"href":"https:\/\/chtululu.be\/index.php\/wp-json\/wp\/v2\/product"}],"about":[{"href":"https:\/\/chtululu.be\/index.php\/wp-json\/wp\/v2\/types\/product"}],"wp:featuredmedia":[{"embeddable":true,"href":"https:\/\/chtululu.be\/index.php\/wp-json\/wp\/v2\/media\/2459"}],"wp:attachment":[{"href":"https:\/\/chtululu.be\/index.php\/wp-json\/wp\/v2\/media?parent=2458"}],"wp:term":[{"taxonomy":"product_brand","embeddable":true,"href":"https:\/\/chtululu.be\/index.php\/wp-json\/wp\/v2\/product_brand?post=2458"},{"taxonomy":"product_cat","embeddable":true,"href":"https:\/\/chtululu.be\/index.php\/wp-json\/wp\/v2\/product_cat?post=2458"},{"taxonomy":"product_tag","embeddable":true,"href":"https:\/\/chtululu.be\/index.php\/wp-json\/wp\/v2\/product_tag?post=2458"}],"curies":[{"name":"wp","href":"https:\/\/api.w.org\/{rel}","templated":true}]}}