{"id":2009,"date":"2021-01-30T21:23:20","date_gmt":"2021-01-30T20:23:20","guid":{"rendered":"https:\/\/chtululu.be\/?post_type=product&#038;p=2009"},"modified":"2021-03-26T09:49:06","modified_gmt":"2021-03-26T08:49:06","slug":"tom-clancy","status":"publish","type":"product","link":"https:\/\/chtululu.be\/index.php\/produit\/tom-clancy\/","title":{"rendered":"Tom Clancy &#8211; Dette d&rsquo;honneur (tomes 1 et 2)"},"content":{"rendered":"<p>Tom Clancy &#8211; Dette d&rsquo;honneur (tomes 1 et 2) : 5\u20ac pour les deux.<\/p>\n","protected":false},"excerpt":{"rendered":"<p>Tom Clancy<\/p>\n","protected":false},"featured_media":2010,"template":"","meta":{"_acf_changed":false,"_exactmetrics_skip_tracking":false,"_exactmetrics_sitenote_active":false,"_exactmetrics_sitenote_note":"","_exactmetrics_sitenote_category":0},"product_brand":[],"product_cat":[385],"product_tag":[391],"class_list":{"0":"post-2009","1":"product","2":"type-product","3":"status-publish","4":"has-post-thumbnail","6":"product_cat-thrillers-policiers","7":"product_tag-clancy-tom","9":"first","10":"instock","11":"taxable","12":"shipping-taxable","13":"purchasable","14":"product-type-simple"},"acf":[],"yoast_head":"<!-- This site is optimized with the Yoast SEO plugin v26.6 - https:\/\/yoast.com\/wordpress\/plugins\/seo\/ -->\n<title>Tom Clancy - Dette d&#039;honneur (tomes 1 et 2) - Le Chtululu \u00e0 Soignies<\/title>\n<meta name=\"description\" content=\"Tom Clancy - Dette d&#039;honneur (tomes 1 et 2) est disponible en seconde main au Chtululu (gare de Soignies). R\u00e9servez-le d\u00e8s \u00e0 pr\u00e9sent !\" \/>\n<meta name=\"robots\" content=\"index, follow, max-snippet:-1, max-image-preview:large, max-video-preview:-1\" \/>\n<link rel=\"canonical\" href=\"https:\/\/chtululu.be\/index.php\/produit\/tom-clancy\/\" \/>\n<meta property=\"og:locale\" content=\"fr_FR\" \/>\n<meta property=\"og:type\" content=\"article\" \/>\n<meta property=\"og:title\" content=\"Tom Clancy - Dette d&#039;honneur (tomes 1 et 2) - Le Chtululu \u00e0 Soignies\" \/>\n<meta property=\"og:description\" content=\"Tom Clancy - Dette d&#039;honneur (tomes 1 et 2) est disponible en seconde main au Chtululu (gare de Soignies). R\u00e9servez-le d\u00e8s \u00e0 pr\u00e9sent !\" \/>\n<meta property=\"og:url\" content=\"https:\/\/chtululu.be\/index.php\/produit\/tom-clancy\/\" \/>\n<meta property=\"og:site_name\" content=\"Le Chtululu\" \/>\n<meta property=\"article:modified_time\" content=\"2021-03-26T08:49:06+00:00\" \/>\n<meta property=\"og:image\" content=\"https:\/\/chtululu.be\/wp-content\/uploads\/2021\/01\/125523884_1673569542831460_1317125733627913091_o.jpg\" \/>\n\t<meta property=\"og:image:width\" content=\"2048\" \/>\n\t<meta property=\"og:image:height\" content=\"1536\" \/>\n\t<meta property=\"og:image:type\" content=\"image\/jpeg\" \/>\n<meta name=\"twitter:card\" content=\"summary_large_image\" \/>\n<script type=\"application\/ld+json\" class=\"yoast-schema-graph\">{\"@context\":\"https:\/\/schema.org\",\"@graph\":[{\"@type\":\"WebPage\",\"@id\":\"https:\/\/chtululu.be\/index.php\/produit\/tom-clancy\/\",\"url\":\"https:\/\/chtululu.be\/index.php\/produit\/tom-clancy\/\",\"name\":\"Tom Clancy - Dette d'honneur (tomes 1 et 2) - Le Chtululu \u00e0 Soignies\",\"isPartOf\":{\"@id\":\"https:\/\/chtululu.be\/#website\"},\"primaryImageOfPage\":{\"@id\":\"https:\/\/chtululu.be\/index.php\/produit\/tom-clancy\/#primaryimage\"},\"image\":{\"@id\":\"https:\/\/chtululu.be\/index.php\/produit\/tom-clancy\/#primaryimage\"},\"thumbnailUrl\":\"https:\/\/chtululu.be\/wp-content\/uploads\/2021\/01\/125523884_1673569542831460_1317125733627913091_o.jpg\",\"datePublished\":\"2021-01-30T20:23:20+00:00\",\"dateModified\":\"2021-03-26T08:49:06+00:00\",\"description\":\"Tom Clancy - Dette d'honneur (tomes 1 et 2) est disponible en seconde main au Chtululu (gare de Soignies). R\u00e9servez-le d\u00e8s \u00e0 pr\u00e9sent !\",\"breadcrumb\":{\"@id\":\"https:\/\/chtululu.be\/index.php\/produit\/tom-clancy\/#breadcrumb\"},\"inLanguage\":\"fr-FR\",\"potentialAction\":[{\"@type\":\"ReadAction\",\"target\":[\"https:\/\/chtululu.be\/index.php\/produit\/tom-clancy\/\"]}]},{\"@type\":\"ImageObject\",\"inLanguage\":\"fr-FR\",\"@id\":\"https:\/\/chtululu.be\/index.php\/produit\/tom-clancy\/#primaryimage\",\"url\":\"https:\/\/chtululu.be\/wp-content\/uploads\/2021\/01\/125523884_1673569542831460_1317125733627913091_o.jpg\",\"contentUrl\":\"https:\/\/chtululu.be\/wp-content\/uploads\/2021\/01\/125523884_1673569542831460_1317125733627913091_o.jpg\",\"width\":2048,\"height\":1536,\"caption\":\"Tom Clancy\"},{\"@type\":\"BreadcrumbList\",\"@id\":\"https:\/\/chtululu.be\/index.php\/produit\/tom-clancy\/#breadcrumb\",\"itemListElement\":[{\"@type\":\"ListItem\",\"position\":1,\"name\":\"Accueil\",\"item\":\"https:\/\/chtululu.be\/\"},{\"@type\":\"ListItem\",\"position\":2,\"name\":\"Les livres\",\"item\":\"https:\/\/chtululu.be\/index.php\/livres-doccasion\/\"},{\"@type\":\"ListItem\",\"position\":3,\"name\":\"Tom Clancy &#8211; Dette d&rsquo;honneur (tomes 1 et 2)\"}]},{\"@type\":\"WebSite\",\"@id\":\"https:\/\/chtululu.be\/#website\",\"url\":\"https:\/\/chtululu.be\/\",\"name\":\"Le Chtululu\",\"description\":\"Votre librairie de seconde main \u00e0 Soignies\",\"publisher\":{\"@id\":\"https:\/\/chtululu.be\/#organization\"},\"potentialAction\":[{\"@type\":\"SearchAction\",\"target\":{\"@type\":\"EntryPoint\",\"urlTemplate\":\"https:\/\/chtululu.be\/?s={search_term_string}\"},\"query-input\":{\"@type\":\"PropertyValueSpecification\",\"valueRequired\":true,\"valueName\":\"search_term_string\"}}],\"inLanguage\":\"fr-FR\"},{\"@type\":\"Organization\",\"@id\":\"https:\/\/chtululu.be\/#organization\",\"name\":\"Le Chtululu\",\"url\":\"https:\/\/chtululu.be\/\",\"logo\":{\"@type\":\"ImageObject\",\"inLanguage\":\"fr-FR\",\"@id\":\"https:\/\/chtululu.be\/#\/schema\/logo\/image\/\",\"url\":\"https:\/\/chtululu.be\/wp-content\/uploads\/2016\/05\/logo-def-blanc.jpg\",\"contentUrl\":\"https:\/\/chtululu.be\/wp-content\/uploads\/2016\/05\/logo-def-blanc.jpg\",\"width\":2048,\"height\":1901,\"caption\":\"Le Chtululu\"},\"image\":{\"@id\":\"https:\/\/chtululu.be\/#\/schema\/logo\/image\/\"}}]}<\/script>\n<!-- \/ Yoast SEO plugin. -->","yoast_head_json":{"title":"Tom Clancy - Dette d'honneur (tomes 1 et 2) - Le Chtululu \u00e0 Soignies","description":"Tom Clancy - Dette d'honneur (tomes 1 et 2) est disponible en seconde main au Chtululu (gare de Soignies). R\u00e9servez-le d\u00e8s \u00e0 pr\u00e9sent !","robots":{"index":"index","follow":"follow","max-snippet":"max-snippet:-1","max-image-preview":"max-image-preview:large","max-video-preview":"max-video-preview:-1"},"canonical":"https:\/\/chtululu.be\/index.php\/produit\/tom-clancy\/","og_locale":"fr_FR","og_type":"article","og_title":"Tom Clancy - Dette d'honneur (tomes 1 et 2) - Le Chtululu \u00e0 Soignies","og_description":"Tom Clancy - Dette d'honneur (tomes 1 et 2) est disponible en seconde main au Chtululu (gare de Soignies). R\u00e9servez-le d\u00e8s \u00e0 pr\u00e9sent !","og_url":"https:\/\/chtululu.be\/index.php\/produit\/tom-clancy\/","og_site_name":"Le Chtululu","article_modified_time":"2021-03-26T08:49:06+00:00","og_image":[{"width":2048,"height":1536,"url":"https:\/\/chtululu.be\/wp-content\/uploads\/2021\/01\/125523884_1673569542831460_1317125733627913091_o.jpg","type":"image\/jpeg"}],"twitter_card":"summary_large_image","schema":{"@context":"https:\/\/schema.org","@graph":[{"@type":"WebPage","@id":"https:\/\/chtululu.be\/index.php\/produit\/tom-clancy\/","url":"https:\/\/chtululu.be\/index.php\/produit\/tom-clancy\/","name":"Tom Clancy - Dette d'honneur (tomes 1 et 2) - Le Chtululu \u00e0 Soignies","isPartOf":{"@id":"https:\/\/chtululu.be\/#website"},"primaryImageOfPage":{"@id":"https:\/\/chtululu.be\/index.php\/produit\/tom-clancy\/#primaryimage"},"image":{"@id":"https:\/\/chtululu.be\/index.php\/produit\/tom-clancy\/#primaryimage"},"thumbnailUrl":"https:\/\/chtululu.be\/wp-content\/uploads\/2021\/01\/125523884_1673569542831460_1317125733627913091_o.jpg","datePublished":"2021-01-30T20:23:20+00:00","dateModified":"2021-03-26T08:49:06+00:00","description":"Tom Clancy - Dette d'honneur (tomes 1 et 2) est disponible en seconde main au Chtululu (gare de Soignies). R\u00e9servez-le d\u00e8s \u00e0 pr\u00e9sent !","breadcrumb":{"@id":"https:\/\/chtululu.be\/index.php\/produit\/tom-clancy\/#breadcrumb"},"inLanguage":"fr-FR","potentialAction":[{"@type":"ReadAction","target":["https:\/\/chtululu.be\/index.php\/produit\/tom-clancy\/"]}]},{"@type":"ImageObject","inLanguage":"fr-FR","@id":"https:\/\/chtululu.be\/index.php\/produit\/tom-clancy\/#primaryimage","url":"https:\/\/chtululu.be\/wp-content\/uploads\/2021\/01\/125523884_1673569542831460_1317125733627913091_o.jpg","contentUrl":"https:\/\/chtululu.be\/wp-content\/uploads\/2021\/01\/125523884_1673569542831460_1317125733627913091_o.jpg","width":2048,"height":1536,"caption":"Tom Clancy"},{"@type":"BreadcrumbList","@id":"https:\/\/chtululu.be\/index.php\/produit\/tom-clancy\/#breadcrumb","itemListElement":[{"@type":"ListItem","position":1,"name":"Accueil","item":"https:\/\/chtululu.be\/"},{"@type":"ListItem","position":2,"name":"Les livres","item":"https:\/\/chtululu.be\/index.php\/livres-doccasion\/"},{"@type":"ListItem","position":3,"name":"Tom Clancy &#8211; Dette d&rsquo;honneur (tomes 1 et 2)"}]},{"@type":"WebSite","@id":"https:\/\/chtululu.be\/#website","url":"https:\/\/chtululu.be\/","name":"Le Chtululu","description":"Votre librairie de seconde main \u00e0 Soignies","publisher":{"@id":"https:\/\/chtululu.be\/#organization"},"potentialAction":[{"@type":"SearchAction","target":{"@type":"EntryPoint","urlTemplate":"https:\/\/chtululu.be\/?s={search_term_string}"},"query-input":{"@type":"PropertyValueSpecification","valueRequired":true,"valueName":"search_term_string"}}],"inLanguage":"fr-FR"},{"@type":"Organization","@id":"https:\/\/chtululu.be\/#organization","name":"Le Chtululu","url":"https:\/\/chtululu.be\/","logo":{"@type":"ImageObject","inLanguage":"fr-FR","@id":"https:\/\/chtululu.be\/#\/schema\/logo\/image\/","url":"https:\/\/chtululu.be\/wp-content\/uploads\/2016\/05\/logo-def-blanc.jpg","contentUrl":"https:\/\/chtululu.be\/wp-content\/uploads\/2016\/05\/logo-def-blanc.jpg","width":2048,"height":1901,"caption":"Le Chtululu"},"image":{"@id":"https:\/\/chtululu.be\/#\/schema\/logo\/image\/"}}]}},"_links":{"self":[{"href":"https:\/\/chtululu.be\/index.php\/wp-json\/wp\/v2\/product\/2009","targetHints":{"allow":["GET"]}}],"collection":[{"href":"https:\/\/chtululu.be\/index.php\/wp-json\/wp\/v2\/product"}],"about":[{"href":"https:\/\/chtululu.be\/index.php\/wp-json\/wp\/v2\/types\/product"}],"wp:featuredmedia":[{"embeddable":true,"href":"https:\/\/chtululu.be\/index.php\/wp-json\/wp\/v2\/media\/2010"}],"wp:attachment":[{"href":"https:\/\/chtululu.be\/index.php\/wp-json\/wp\/v2\/media?parent=2009"}],"wp:term":[{"taxonomy":"product_brand","embeddable":true,"href":"https:\/\/chtululu.be\/index.php\/wp-json\/wp\/v2\/product_brand?post=2009"},{"taxonomy":"product_cat","embeddable":true,"href":"https:\/\/chtululu.be\/index.php\/wp-json\/wp\/v2\/product_cat?post=2009"},{"taxonomy":"product_tag","embeddable":true,"href":"https:\/\/chtululu.be\/index.php\/wp-json\/wp\/v2\/product_tag?post=2009"}],"curies":[{"name":"wp","href":"https:\/\/api.w.org\/{rel}","templated":true}]}}