{"id":1896,"date":"2021-01-02T20:55:59","date_gmt":"2021-01-02T19:55:59","guid":{"rendered":"https:\/\/chtululu.be\/?post_type=product&#038;p=1896"},"modified":"2021-03-28T15:47:58","modified_gmt":"2021-03-28T14:47:58","slug":"trois-femmes-puissantes-marie-ndiaye","status":"publish","type":"product","link":"https:\/\/chtululu.be\/index.php\/produit\/trois-femmes-puissantes-marie-ndiaye\/","title":{"rendered":"Trois femmes puissantes (Marie Ndiaye)"},"content":{"rendered":"<p>Trois femmes puissantes de Marie Ndiaye<\/p>\n<h3>R\u00e9sum\u00e9 de Trois femmes puissantes<\/h3>\n<p>Trois r\u00e9cits, trois femmes qui disent non. Elles s&rsquo;appellent Norah, Fanta, Khady Demba. Chacune se bat pour pr\u00e9server sa dignit\u00e9 contre les humiliations que la vie lui inflige avec une obstination m\u00e9thodique et incompr\u00e9hensible.<br \/>\nL&rsquo;art de Marie NDiaye appara\u00eet ici dans toute sa singularit\u00e9 et son myst\u00e8re. La force de son \u00e9criture tient \u00e0 son apparente douceur, aux lentes circonvolutions qui entra\u00eenent le lecteur sous le glacis d&rsquo;une prose impeccable et raffin\u00e9e, dans les m\u00e9andres d&rsquo;une conscience livr\u00e9e \u00e0 la pure violence des sentiments.<\/p>\n","protected":false},"excerpt":{"rendered":"<p>Trois femmes puissantes de Marie Ndiaye<\/p>\n","protected":false},"featured_media":1897,"template":"","meta":{"_acf_changed":false,"_exactmetrics_skip_tracking":false,"_exactmetrics_sitenote_active":false,"_exactmetrics_sitenote_note":"","_exactmetrics_sitenote_category":0},"product_brand":[],"product_cat":[24],"product_tag":[375,105],"class_list":{"0":"post-1896","1":"product","2":"type-product","3":"status-publish","4":"has-post-thumbnail","6":"product_cat-roman","7":"product_tag-ndiaye-marie","8":"product_tag-prix-goncourt","10":"first","11":"instock","12":"taxable","13":"shipping-taxable","14":"purchasable","15":"product-type-simple"},"acf":[],"yoast_head":"<!-- This site is optimized with the Yoast SEO plugin v26.6 - https:\/\/yoast.com\/wordpress\/plugins\/seo\/ -->\n<title>Trois femmes puissantes (Marie Ndiaye) - Le Chtululu<\/title>\n<meta name=\"description\" content=\"Trois femmes puissantes de Marie Ndiaye est disponible en seconde main au Chtululu (Soignies). Prix Goncourt 2009.\" \/>\n<meta name=\"robots\" content=\"index, follow, max-snippet:-1, max-image-preview:large, max-video-preview:-1\" \/>\n<link rel=\"canonical\" href=\"https:\/\/chtululu.be\/index.php\/produit\/trois-femmes-puissantes-marie-ndiaye\/\" \/>\n<meta property=\"og:locale\" content=\"fr_FR\" \/>\n<meta property=\"og:type\" content=\"article\" \/>\n<meta property=\"og:title\" content=\"Trois femmes puissantes (Marie Ndiaye) - Le Chtululu\" \/>\n<meta property=\"og:description\" content=\"Trois femmes puissantes de Marie Ndiaye est disponible en seconde main au Chtululu (Soignies). Prix Goncourt 2009.\" \/>\n<meta property=\"og:url\" content=\"https:\/\/chtululu.be\/index.php\/produit\/trois-femmes-puissantes-marie-ndiaye\/\" \/>\n<meta property=\"og:site_name\" content=\"Le Chtululu\" \/>\n<meta property=\"article:modified_time\" content=\"2021-03-28T14:47:58+00:00\" \/>\n<meta property=\"og:image\" content=\"https:\/\/chtululu.be\/wp-content\/uploads\/2021\/01\/puissante.jpg\" \/>\n\t<meta property=\"og:image:width\" content=\"200\" \/>\n\t<meta property=\"og:image:height\" content=\"319\" \/>\n\t<meta property=\"og:image:type\" content=\"image\/jpeg\" \/>\n<meta name=\"twitter:card\" content=\"summary_large_image\" \/>\n<meta name=\"twitter:label1\" content=\"Dur\u00e9e de lecture estim\u00e9e\" \/>\n\t<meta name=\"twitter:data1\" content=\"1 minute\" \/>\n<script type=\"application\/ld+json\" class=\"yoast-schema-graph\">{\"@context\":\"https:\/\/schema.org\",\"@graph\":[{\"@type\":\"WebPage\",\"@id\":\"https:\/\/chtululu.be\/index.php\/produit\/trois-femmes-puissantes-marie-ndiaye\/\",\"url\":\"https:\/\/chtululu.be\/index.php\/produit\/trois-femmes-puissantes-marie-ndiaye\/\",\"name\":\"Trois femmes puissantes (Marie Ndiaye) - Le Chtululu\",\"isPartOf\":{\"@id\":\"https:\/\/chtululu.be\/#website\"},\"primaryImageOfPage\":{\"@id\":\"https:\/\/chtululu.be\/index.php\/produit\/trois-femmes-puissantes-marie-ndiaye\/#primaryimage\"},\"image\":{\"@id\":\"https:\/\/chtululu.be\/index.php\/produit\/trois-femmes-puissantes-marie-ndiaye\/#primaryimage\"},\"thumbnailUrl\":\"https:\/\/chtululu.be\/wp-content\/uploads\/2021\/01\/puissante.jpg\",\"datePublished\":\"2021-01-02T19:55:59+00:00\",\"dateModified\":\"2021-03-28T14:47:58+00:00\",\"description\":\"Trois femmes puissantes de Marie Ndiaye est disponible en seconde main au Chtululu (Soignies). Prix Goncourt 2009.\",\"breadcrumb\":{\"@id\":\"https:\/\/chtululu.be\/index.php\/produit\/trois-femmes-puissantes-marie-ndiaye\/#breadcrumb\"},\"inLanguage\":\"fr-FR\",\"potentialAction\":[{\"@type\":\"ReadAction\",\"target\":[\"https:\/\/chtululu.be\/index.php\/produit\/trois-femmes-puissantes-marie-ndiaye\/\"]}]},{\"@type\":\"ImageObject\",\"inLanguage\":\"fr-FR\",\"@id\":\"https:\/\/chtululu.be\/index.php\/produit\/trois-femmes-puissantes-marie-ndiaye\/#primaryimage\",\"url\":\"https:\/\/chtululu.be\/wp-content\/uploads\/2021\/01\/puissante.jpg\",\"contentUrl\":\"https:\/\/chtululu.be\/wp-content\/uploads\/2021\/01\/puissante.jpg\",\"width\":200,\"height\":319,\"caption\":\"trois femmes puissantes\"},{\"@type\":\"BreadcrumbList\",\"@id\":\"https:\/\/chtululu.be\/index.php\/produit\/trois-femmes-puissantes-marie-ndiaye\/#breadcrumb\",\"itemListElement\":[{\"@type\":\"ListItem\",\"position\":1,\"name\":\"Accueil\",\"item\":\"https:\/\/chtululu.be\/\"},{\"@type\":\"ListItem\",\"position\":2,\"name\":\"Les livres\",\"item\":\"https:\/\/chtululu.be\/index.php\/livres-doccasion\/\"},{\"@type\":\"ListItem\",\"position\":3,\"name\":\"Trois femmes puissantes (Marie Ndiaye)\"}]},{\"@type\":\"WebSite\",\"@id\":\"https:\/\/chtululu.be\/#website\",\"url\":\"https:\/\/chtululu.be\/\",\"name\":\"Le Chtululu\",\"description\":\"Votre librairie de seconde main \u00e0 Soignies\",\"publisher\":{\"@id\":\"https:\/\/chtululu.be\/#organization\"},\"potentialAction\":[{\"@type\":\"SearchAction\",\"target\":{\"@type\":\"EntryPoint\",\"urlTemplate\":\"https:\/\/chtululu.be\/?s={search_term_string}\"},\"query-input\":{\"@type\":\"PropertyValueSpecification\",\"valueRequired\":true,\"valueName\":\"search_term_string\"}}],\"inLanguage\":\"fr-FR\"},{\"@type\":\"Organization\",\"@id\":\"https:\/\/chtululu.be\/#organization\",\"name\":\"Le Chtululu\",\"url\":\"https:\/\/chtululu.be\/\",\"logo\":{\"@type\":\"ImageObject\",\"inLanguage\":\"fr-FR\",\"@id\":\"https:\/\/chtululu.be\/#\/schema\/logo\/image\/\",\"url\":\"https:\/\/chtululu.be\/wp-content\/uploads\/2016\/05\/logo-def-blanc.jpg\",\"contentUrl\":\"https:\/\/chtululu.be\/wp-content\/uploads\/2016\/05\/logo-def-blanc.jpg\",\"width\":2048,\"height\":1901,\"caption\":\"Le Chtululu\"},\"image\":{\"@id\":\"https:\/\/chtululu.be\/#\/schema\/logo\/image\/\"}}]}<\/script>\n<!-- \/ Yoast SEO plugin. -->","yoast_head_json":{"title":"Trois femmes puissantes (Marie Ndiaye) - Le Chtululu","description":"Trois femmes puissantes de Marie Ndiaye est disponible en seconde main au Chtululu (Soignies). Prix Goncourt 2009.","robots":{"index":"index","follow":"follow","max-snippet":"max-snippet:-1","max-image-preview":"max-image-preview:large","max-video-preview":"max-video-preview:-1"},"canonical":"https:\/\/chtululu.be\/index.php\/produit\/trois-femmes-puissantes-marie-ndiaye\/","og_locale":"fr_FR","og_type":"article","og_title":"Trois femmes puissantes (Marie Ndiaye) - Le Chtululu","og_description":"Trois femmes puissantes de Marie Ndiaye est disponible en seconde main au Chtululu (Soignies). Prix Goncourt 2009.","og_url":"https:\/\/chtululu.be\/index.php\/produit\/trois-femmes-puissantes-marie-ndiaye\/","og_site_name":"Le Chtululu","article_modified_time":"2021-03-28T14:47:58+00:00","og_image":[{"width":200,"height":319,"url":"https:\/\/chtululu.be\/wp-content\/uploads\/2021\/01\/puissante.jpg","type":"image\/jpeg"}],"twitter_card":"summary_large_image","twitter_misc":{"Dur\u00e9e de lecture estim\u00e9e":"1 minute"},"schema":{"@context":"https:\/\/schema.org","@graph":[{"@type":"WebPage","@id":"https:\/\/chtululu.be\/index.php\/produit\/trois-femmes-puissantes-marie-ndiaye\/","url":"https:\/\/chtululu.be\/index.php\/produit\/trois-femmes-puissantes-marie-ndiaye\/","name":"Trois femmes puissantes (Marie Ndiaye) - Le Chtululu","isPartOf":{"@id":"https:\/\/chtululu.be\/#website"},"primaryImageOfPage":{"@id":"https:\/\/chtululu.be\/index.php\/produit\/trois-femmes-puissantes-marie-ndiaye\/#primaryimage"},"image":{"@id":"https:\/\/chtululu.be\/index.php\/produit\/trois-femmes-puissantes-marie-ndiaye\/#primaryimage"},"thumbnailUrl":"https:\/\/chtululu.be\/wp-content\/uploads\/2021\/01\/puissante.jpg","datePublished":"2021-01-02T19:55:59+00:00","dateModified":"2021-03-28T14:47:58+00:00","description":"Trois femmes puissantes de Marie Ndiaye est disponible en seconde main au Chtululu (Soignies). Prix Goncourt 2009.","breadcrumb":{"@id":"https:\/\/chtululu.be\/index.php\/produit\/trois-femmes-puissantes-marie-ndiaye\/#breadcrumb"},"inLanguage":"fr-FR","potentialAction":[{"@type":"ReadAction","target":["https:\/\/chtululu.be\/index.php\/produit\/trois-femmes-puissantes-marie-ndiaye\/"]}]},{"@type":"ImageObject","inLanguage":"fr-FR","@id":"https:\/\/chtululu.be\/index.php\/produit\/trois-femmes-puissantes-marie-ndiaye\/#primaryimage","url":"https:\/\/chtululu.be\/wp-content\/uploads\/2021\/01\/puissante.jpg","contentUrl":"https:\/\/chtululu.be\/wp-content\/uploads\/2021\/01\/puissante.jpg","width":200,"height":319,"caption":"trois femmes puissantes"},{"@type":"BreadcrumbList","@id":"https:\/\/chtululu.be\/index.php\/produit\/trois-femmes-puissantes-marie-ndiaye\/#breadcrumb","itemListElement":[{"@type":"ListItem","position":1,"name":"Accueil","item":"https:\/\/chtululu.be\/"},{"@type":"ListItem","position":2,"name":"Les livres","item":"https:\/\/chtululu.be\/index.php\/livres-doccasion\/"},{"@type":"ListItem","position":3,"name":"Trois femmes puissantes (Marie Ndiaye)"}]},{"@type":"WebSite","@id":"https:\/\/chtululu.be\/#website","url":"https:\/\/chtululu.be\/","name":"Le Chtululu","description":"Votre librairie de seconde main \u00e0 Soignies","publisher":{"@id":"https:\/\/chtululu.be\/#organization"},"potentialAction":[{"@type":"SearchAction","target":{"@type":"EntryPoint","urlTemplate":"https:\/\/chtululu.be\/?s={search_term_string}"},"query-input":{"@type":"PropertyValueSpecification","valueRequired":true,"valueName":"search_term_string"}}],"inLanguage":"fr-FR"},{"@type":"Organization","@id":"https:\/\/chtululu.be\/#organization","name":"Le Chtululu","url":"https:\/\/chtululu.be\/","logo":{"@type":"ImageObject","inLanguage":"fr-FR","@id":"https:\/\/chtululu.be\/#\/schema\/logo\/image\/","url":"https:\/\/chtululu.be\/wp-content\/uploads\/2016\/05\/logo-def-blanc.jpg","contentUrl":"https:\/\/chtululu.be\/wp-content\/uploads\/2016\/05\/logo-def-blanc.jpg","width":2048,"height":1901,"caption":"Le Chtululu"},"image":{"@id":"https:\/\/chtululu.be\/#\/schema\/logo\/image\/"}}]}},"_links":{"self":[{"href":"https:\/\/chtululu.be\/index.php\/wp-json\/wp\/v2\/product\/1896","targetHints":{"allow":["GET"]}}],"collection":[{"href":"https:\/\/chtululu.be\/index.php\/wp-json\/wp\/v2\/product"}],"about":[{"href":"https:\/\/chtululu.be\/index.php\/wp-json\/wp\/v2\/types\/product"}],"wp:featuredmedia":[{"embeddable":true,"href":"https:\/\/chtululu.be\/index.php\/wp-json\/wp\/v2\/media\/1897"}],"wp:attachment":[{"href":"https:\/\/chtululu.be\/index.php\/wp-json\/wp\/v2\/media?parent=1896"}],"wp:term":[{"taxonomy":"product_brand","embeddable":true,"href":"https:\/\/chtululu.be\/index.php\/wp-json\/wp\/v2\/product_brand?post=1896"},{"taxonomy":"product_cat","embeddable":true,"href":"https:\/\/chtululu.be\/index.php\/wp-json\/wp\/v2\/product_cat?post=1896"},{"taxonomy":"product_tag","embeddable":true,"href":"https:\/\/chtululu.be\/index.php\/wp-json\/wp\/v2\/product_tag?post=1896"}],"curies":[{"name":"wp","href":"https:\/\/api.w.org\/{rel}","templated":true}]}}