{"id":1873,"date":"2021-01-01T20:38:34","date_gmt":"2021-01-01T19:38:34","guid":{"rendered":"https:\/\/chtululu.be\/?post_type=product&#038;p=1873"},"modified":"2021-03-26T09:53:53","modified_gmt":"2021-03-26T08:53:53","slug":"beautiful-bastard","status":"publish","type":"product","link":"https:\/\/chtululu.be\/index.php\/produit\/beautiful-bastard\/","title":{"rendered":"Beautiful Bastard (Christina Lauren)"},"content":{"rendered":"<p>Beautiful Bastard (Christina Lauren) &#8211; Hugo Roman<\/p>\n<h3>R\u00e9sum\u00e9 de Beautiful Bastard<\/h3>\n<p>Beautiful Bastard met en sc\u00e8ne la relation tumultueuse et torride entre un patron odieux et exigeant, l\u2019irr\u00e9sistible Bennett Ryan, et sa jeune collaboratrice, la superbe Chlo\u00e9 Mills, forte t\u00eate promise \u00e0 un brillant avenir. Un duel amoureux au bureau racont\u00e9 alternativement par deux \u00eatres d\u00e9vor\u00e9s par l\u2019ambition et le d\u00e9sir. \u00ab Un parfait m\u00e9lange de sexe, d\u2019audace et de sentiments \u00bb \u2013 C.S. Stephens L\u2019esprit vif, bosseuse et volontaire, Chlo\u00e9 Mills n\u2019a qu\u2019un seul probl\u00e8me, son patron : Bennett Ryan. Exigeant, direct, d\u00e9pourvu de tact, ou d\u2019une quelconque consid\u00e9ration \u00e0 l\u2019\u00e9gard d\u2019autrui, il est absolument&#8230; irr\u00e9sistible. Un salaud magnifique. Bennett retourne \u00e0 Chicago apr\u00e8s avoir s\u00e9journ\u00e9 en France pour jouer au sein de l\u2019entreprise familiale qu\u2019il dirige, un grand groupe de media, un r\u00f4le de premier plan. Rien ne laissait supposer que son assistante charg\u00e9e de l\u2019aider \u00e0 distance lorsqu\u2019il \u00e9tait \u00e0 l\u2019\u00e9tranger, puisse se r\u00e9v\u00e9ler \u00eatre, cette sublime cr\u00e9ature \u2013 dot\u00e9e d\u2019une innocence toute provocatrice et absolument exasp\u00e9rante \u2013 avec laquelle il allait d\u00e9sormais devoir travailler chaque jour. Malgr\u00e9 sa r\u00e9putation, Bennett n\u2019est pas du genre \u00e0 entretenir une aventure sur son lieu de travail. Mais Chlo\u00e9 est si s\u00e9duisante qu\u2019il envisage de faire une entorse \u00e0 la r\u00e8gle \u2013 pour ne pas dire, la faire compl\u00e8tement voler en \u00e9clats \u2013 si c\u2019est le seul moyen pour lui, de la conqu\u00e9rir, de se l\u2019approprier, de la poss\u00e9der. Alors que d\u00e9sir et attirance mutuelle ne cessent de cro\u00eetre jusqu\u2019\u00e0 un point limite, de non-retour, Bennett et Chlo\u00e9 doivent d\u00e9cider exactement ce qu\u2019ils sont pr\u00eats \u00e0 perdre ou \u00e0 sacrifier, pour continuer \u00e0 s\u2019auto-poss\u00e9der, l\u2019un l\u2019autre sans r\u00e9pit.<\/p>\n","protected":false},"excerpt":{"rendered":"<p>Beautiful Bastard (Christina Lauren) &#8211; Hugo roman<\/p>\n","protected":false},"featured_media":1874,"template":"","meta":{"_acf_changed":false,"_exactmetrics_skip_tracking":false,"_exactmetrics_sitenote_active":false,"_exactmetrics_sitenote_note":"","_exactmetrics_sitenote_category":0},"product_brand":[],"product_cat":[368],"product_tag":[369],"class_list":{"0":"post-1873","1":"product","2":"type-product","3":"status-publish","4":"has-post-thumbnail","6":"product_cat-erotique","7":"product_tag-lauren-christina","9":"first","10":"instock","11":"taxable","12":"shipping-taxable","13":"purchasable","14":"product-type-simple"},"acf":[],"yoast_head":"<!-- This site is optimized with the Yoast SEO plugin v26.6 - https:\/\/yoast.com\/wordpress\/plugins\/seo\/ -->\n<title>Beautiful Bastard (Christina Lauren) en seconde main au Chtululu<\/title>\n<meta name=\"description\" content=\"Beautiful Bastard (Christina Lauren) en seconde main au Chtululu (Soignies). Commandez ou r\u00e9servez ce livre ou d&#039;autres de l&#039;auteur !\" \/>\n<meta name=\"robots\" content=\"index, follow, max-snippet:-1, max-image-preview:large, max-video-preview:-1\" \/>\n<link rel=\"canonical\" href=\"https:\/\/chtululu.be\/index.php\/produit\/beautiful-bastard\/\" \/>\n<meta property=\"og:locale\" content=\"fr_FR\" \/>\n<meta property=\"og:type\" content=\"article\" \/>\n<meta property=\"og:title\" content=\"Beautiful Bastard (Christina Lauren) en seconde main au Chtululu\" \/>\n<meta property=\"og:description\" content=\"Beautiful Bastard (Christina Lauren) en seconde main au Chtululu (Soignies). Commandez ou r\u00e9servez ce livre ou d&#039;autres de l&#039;auteur !\" \/>\n<meta property=\"og:url\" content=\"https:\/\/chtululu.be\/index.php\/produit\/beautiful-bastard\/\" \/>\n<meta property=\"og:site_name\" content=\"Le Chtululu\" \/>\n<meta property=\"article:modified_time\" content=\"2021-03-26T08:53:53+00:00\" \/>\n<meta property=\"og:image\" content=\"https:\/\/chtululu.be\/wp-content\/uploads\/2021\/01\/bastard-scaled.jpg\" \/>\n\t<meta property=\"og:image:width\" content=\"1920\" \/>\n\t<meta property=\"og:image:height\" content=\"2560\" \/>\n\t<meta property=\"og:image:type\" content=\"image\/jpeg\" \/>\n<meta name=\"twitter:card\" content=\"summary_large_image\" \/>\n<meta name=\"twitter:label1\" content=\"Dur\u00e9e de lecture estim\u00e9e\" \/>\n\t<meta name=\"twitter:data1\" content=\"2 minutes\" \/>\n<script type=\"application\/ld+json\" class=\"yoast-schema-graph\">{\"@context\":\"https:\/\/schema.org\",\"@graph\":[{\"@type\":\"WebPage\",\"@id\":\"https:\/\/chtululu.be\/index.php\/produit\/beautiful-bastard\/\",\"url\":\"https:\/\/chtululu.be\/index.php\/produit\/beautiful-bastard\/\",\"name\":\"Beautiful Bastard (Christina Lauren) en seconde main au Chtululu\",\"isPartOf\":{\"@id\":\"https:\/\/chtululu.be\/#website\"},\"primaryImageOfPage\":{\"@id\":\"https:\/\/chtululu.be\/index.php\/produit\/beautiful-bastard\/#primaryimage\"},\"image\":{\"@id\":\"https:\/\/chtululu.be\/index.php\/produit\/beautiful-bastard\/#primaryimage\"},\"thumbnailUrl\":\"https:\/\/chtululu.be\/wp-content\/uploads\/2021\/01\/bastard-scaled.jpg\",\"datePublished\":\"2021-01-01T19:38:34+00:00\",\"dateModified\":\"2021-03-26T08:53:53+00:00\",\"description\":\"Beautiful Bastard (Christina Lauren) en seconde main au Chtululu (Soignies). Commandez ou r\u00e9servez ce livre ou d'autres de l'auteur !\",\"breadcrumb\":{\"@id\":\"https:\/\/chtululu.be\/index.php\/produit\/beautiful-bastard\/#breadcrumb\"},\"inLanguage\":\"fr-FR\",\"potentialAction\":[{\"@type\":\"ReadAction\",\"target\":[\"https:\/\/chtululu.be\/index.php\/produit\/beautiful-bastard\/\"]}]},{\"@type\":\"ImageObject\",\"inLanguage\":\"fr-FR\",\"@id\":\"https:\/\/chtululu.be\/index.php\/produit\/beautiful-bastard\/#primaryimage\",\"url\":\"https:\/\/chtululu.be\/wp-content\/uploads\/2021\/01\/bastard-scaled.jpg\",\"contentUrl\":\"https:\/\/chtululu.be\/wp-content\/uploads\/2021\/01\/bastard-scaled.jpg\",\"width\":1920,\"height\":2560,\"caption\":\"Beautiful Bastard\"},{\"@type\":\"BreadcrumbList\",\"@id\":\"https:\/\/chtululu.be\/index.php\/produit\/beautiful-bastard\/#breadcrumb\",\"itemListElement\":[{\"@type\":\"ListItem\",\"position\":1,\"name\":\"Accueil\",\"item\":\"https:\/\/chtululu.be\/\"},{\"@type\":\"ListItem\",\"position\":2,\"name\":\"Les livres\",\"item\":\"https:\/\/chtululu.be\/index.php\/livres-doccasion\/\"},{\"@type\":\"ListItem\",\"position\":3,\"name\":\"Beautiful Bastard (Christina Lauren)\"}]},{\"@type\":\"WebSite\",\"@id\":\"https:\/\/chtululu.be\/#website\",\"url\":\"https:\/\/chtululu.be\/\",\"name\":\"Le Chtululu\",\"description\":\"Votre librairie de seconde main \u00e0 Soignies\",\"publisher\":{\"@id\":\"https:\/\/chtululu.be\/#organization\"},\"potentialAction\":[{\"@type\":\"SearchAction\",\"target\":{\"@type\":\"EntryPoint\",\"urlTemplate\":\"https:\/\/chtululu.be\/?s={search_term_string}\"},\"query-input\":{\"@type\":\"PropertyValueSpecification\",\"valueRequired\":true,\"valueName\":\"search_term_string\"}}],\"inLanguage\":\"fr-FR\"},{\"@type\":\"Organization\",\"@id\":\"https:\/\/chtululu.be\/#organization\",\"name\":\"Le Chtululu\",\"url\":\"https:\/\/chtululu.be\/\",\"logo\":{\"@type\":\"ImageObject\",\"inLanguage\":\"fr-FR\",\"@id\":\"https:\/\/chtululu.be\/#\/schema\/logo\/image\/\",\"url\":\"https:\/\/chtululu.be\/wp-content\/uploads\/2016\/05\/logo-def-blanc.jpg\",\"contentUrl\":\"https:\/\/chtululu.be\/wp-content\/uploads\/2016\/05\/logo-def-blanc.jpg\",\"width\":2048,\"height\":1901,\"caption\":\"Le Chtululu\"},\"image\":{\"@id\":\"https:\/\/chtululu.be\/#\/schema\/logo\/image\/\"}}]}<\/script>\n<!-- \/ Yoast SEO plugin. -->","yoast_head_json":{"title":"Beautiful Bastard (Christina Lauren) en seconde main au Chtululu","description":"Beautiful Bastard (Christina Lauren) en seconde main au Chtululu (Soignies). Commandez ou r\u00e9servez ce livre ou d'autres de l'auteur !","robots":{"index":"index","follow":"follow","max-snippet":"max-snippet:-1","max-image-preview":"max-image-preview:large","max-video-preview":"max-video-preview:-1"},"canonical":"https:\/\/chtululu.be\/index.php\/produit\/beautiful-bastard\/","og_locale":"fr_FR","og_type":"article","og_title":"Beautiful Bastard (Christina Lauren) en seconde main au Chtululu","og_description":"Beautiful Bastard (Christina Lauren) en seconde main au Chtululu (Soignies). Commandez ou r\u00e9servez ce livre ou d'autres de l'auteur !","og_url":"https:\/\/chtululu.be\/index.php\/produit\/beautiful-bastard\/","og_site_name":"Le Chtululu","article_modified_time":"2021-03-26T08:53:53+00:00","og_image":[{"width":1920,"height":2560,"url":"https:\/\/chtululu.be\/wp-content\/uploads\/2021\/01\/bastard-scaled.jpg","type":"image\/jpeg"}],"twitter_card":"summary_large_image","twitter_misc":{"Dur\u00e9e de lecture estim\u00e9e":"2 minutes"},"schema":{"@context":"https:\/\/schema.org","@graph":[{"@type":"WebPage","@id":"https:\/\/chtululu.be\/index.php\/produit\/beautiful-bastard\/","url":"https:\/\/chtululu.be\/index.php\/produit\/beautiful-bastard\/","name":"Beautiful Bastard (Christina Lauren) en seconde main au Chtululu","isPartOf":{"@id":"https:\/\/chtululu.be\/#website"},"primaryImageOfPage":{"@id":"https:\/\/chtululu.be\/index.php\/produit\/beautiful-bastard\/#primaryimage"},"image":{"@id":"https:\/\/chtululu.be\/index.php\/produit\/beautiful-bastard\/#primaryimage"},"thumbnailUrl":"https:\/\/chtululu.be\/wp-content\/uploads\/2021\/01\/bastard-scaled.jpg","datePublished":"2021-01-01T19:38:34+00:00","dateModified":"2021-03-26T08:53:53+00:00","description":"Beautiful Bastard (Christina Lauren) en seconde main au Chtululu (Soignies). Commandez ou r\u00e9servez ce livre ou d'autres de l'auteur !","breadcrumb":{"@id":"https:\/\/chtululu.be\/index.php\/produit\/beautiful-bastard\/#breadcrumb"},"inLanguage":"fr-FR","potentialAction":[{"@type":"ReadAction","target":["https:\/\/chtululu.be\/index.php\/produit\/beautiful-bastard\/"]}]},{"@type":"ImageObject","inLanguage":"fr-FR","@id":"https:\/\/chtululu.be\/index.php\/produit\/beautiful-bastard\/#primaryimage","url":"https:\/\/chtululu.be\/wp-content\/uploads\/2021\/01\/bastard-scaled.jpg","contentUrl":"https:\/\/chtululu.be\/wp-content\/uploads\/2021\/01\/bastard-scaled.jpg","width":1920,"height":2560,"caption":"Beautiful Bastard"},{"@type":"BreadcrumbList","@id":"https:\/\/chtululu.be\/index.php\/produit\/beautiful-bastard\/#breadcrumb","itemListElement":[{"@type":"ListItem","position":1,"name":"Accueil","item":"https:\/\/chtululu.be\/"},{"@type":"ListItem","position":2,"name":"Les livres","item":"https:\/\/chtululu.be\/index.php\/livres-doccasion\/"},{"@type":"ListItem","position":3,"name":"Beautiful Bastard (Christina Lauren)"}]},{"@type":"WebSite","@id":"https:\/\/chtululu.be\/#website","url":"https:\/\/chtululu.be\/","name":"Le Chtululu","description":"Votre librairie de seconde main \u00e0 Soignies","publisher":{"@id":"https:\/\/chtululu.be\/#organization"},"potentialAction":[{"@type":"SearchAction","target":{"@type":"EntryPoint","urlTemplate":"https:\/\/chtululu.be\/?s={search_term_string}"},"query-input":{"@type":"PropertyValueSpecification","valueRequired":true,"valueName":"search_term_string"}}],"inLanguage":"fr-FR"},{"@type":"Organization","@id":"https:\/\/chtululu.be\/#organization","name":"Le Chtululu","url":"https:\/\/chtululu.be\/","logo":{"@type":"ImageObject","inLanguage":"fr-FR","@id":"https:\/\/chtululu.be\/#\/schema\/logo\/image\/","url":"https:\/\/chtululu.be\/wp-content\/uploads\/2016\/05\/logo-def-blanc.jpg","contentUrl":"https:\/\/chtululu.be\/wp-content\/uploads\/2016\/05\/logo-def-blanc.jpg","width":2048,"height":1901,"caption":"Le Chtululu"},"image":{"@id":"https:\/\/chtululu.be\/#\/schema\/logo\/image\/"}}]}},"_links":{"self":[{"href":"https:\/\/chtululu.be\/index.php\/wp-json\/wp\/v2\/product\/1873","targetHints":{"allow":["GET"]}}],"collection":[{"href":"https:\/\/chtululu.be\/index.php\/wp-json\/wp\/v2\/product"}],"about":[{"href":"https:\/\/chtululu.be\/index.php\/wp-json\/wp\/v2\/types\/product"}],"wp:featuredmedia":[{"embeddable":true,"href":"https:\/\/chtululu.be\/index.php\/wp-json\/wp\/v2\/media\/1874"}],"wp:attachment":[{"href":"https:\/\/chtululu.be\/index.php\/wp-json\/wp\/v2\/media?parent=1873"}],"wp:term":[{"taxonomy":"product_brand","embeddable":true,"href":"https:\/\/chtululu.be\/index.php\/wp-json\/wp\/v2\/product_brand?post=1873"},{"taxonomy":"product_cat","embeddable":true,"href":"https:\/\/chtululu.be\/index.php\/wp-json\/wp\/v2\/product_cat?post=1873"},{"taxonomy":"product_tag","embeddable":true,"href":"https:\/\/chtululu.be\/index.php\/wp-json\/wp\/v2\/product_tag?post=1873"}],"curies":[{"name":"wp","href":"https:\/\/api.w.org\/{rel}","templated":true}]}}