{"id":1836,"date":"2021-01-01T18:55:35","date_gmt":"2021-01-01T17:55:35","guid":{"rendered":"https:\/\/chtululu.be\/?post_type=product&#038;p=1836"},"modified":"2021-03-26T09:55:12","modified_gmt":"2021-03-26T08:55:12","slug":"sotos-philippe-dijan","status":"publish","type":"product","link":"https:\/\/chtululu.be\/index.php\/produit\/sotos-philippe-dijan\/","title":{"rendered":"Sotos (Philippe Djian)"},"content":{"rendered":"<p>Sotos de Philippe Djian (\u00e9d. Gallimard)<\/p>\n<h3>R\u00e9sum\u00e9 de Sotos<\/h3>\n<p>Entrer dans la vie, c&rsquo;est entrer dans l&rsquo;ar\u00e8ne. On est jeune, plein de feu, et on croit la vie \u00e0 ses pieds. Tr\u00e8s vite, on d\u00e9couvre que ce qui va se passer est un peu plus compliqu\u00e9 qu&rsquo;il n&rsquo;y paraissait. Que les ch\u00e2timents successifs d\u00e9bouchent sur l&rsquo;in\u00e9luctable mise \u00e0 mort. Sous la lumi\u00e8re brutale d&rsquo;un immense Sud hispanique, trois hommes font brutalement l&rsquo;apprentissage de la vie : Mani, fils sans p\u00e8re, dans toute la fougue de ses dix-huit ans, cherche une direction, un chemin ; Vito, p\u00e8re sans fils, confront\u00e9 \u00e0 la quarantaine, cherche \u00e0 revenir dans les pas qu&rsquo;il s&rsquo;est trac\u00e9 ; Victor Sarramanga, vieux solitaire farouche qui r\u00e8gne sur l&rsquo;espace et les gens, cherche \u00e0 r\u00e9gler ses ultimes comptes. Le premier va subir les premi\u00e8res piques, le second recevoir les banderilles, le dernier rencontrer son heure de v\u00e9rit\u00e9. Et tous vivront le manque amer de ce que l&rsquo;on veut de toutes ses forces et qui ne vient jamais quand et comme on l&rsquo;attend. Ainsi de ces femmes que l&rsquo;on d\u00e9sire trop fort. Et qui se livrent trop vite, trop mal. Et tandis que les Sotos, ces petits d\u00e9mons qui vivent aplatis comme des galettes entre le bois et l&rsquo;\u00e9corce et qu&rsquo;on entend crier quand les troncs grincent et craquent \u00e0 la tomb\u00e9e du jour, vibrent sous la tension \u00e9lectrique des orages, les personnages s&rsquo;affrontent dans la fulgurance des passions et des pulsions. Jusqu&rsquo;\u00e0 ce que le feu les d\u00e9vore et mette chacun, survivant ou mort, en paix arm\u00e9e avec lui-m\u00eame.<\/p>\n","protected":false},"excerpt":{"rendered":"<p>Sotos de Philippe Djian (\u00e9d. Gallimard)<\/p>\n","protected":false},"featured_media":1837,"template":"","meta":{"_acf_changed":false,"_exactmetrics_skip_tracking":false,"_exactmetrics_sitenote_active":false,"_exactmetrics_sitenote_note":"","_exactmetrics_sitenote_category":0},"product_brand":[],"product_cat":[24],"product_tag":[360],"class_list":{"0":"post-1836","1":"product","2":"type-product","3":"status-publish","4":"has-post-thumbnail","6":"product_cat-roman","7":"product_tag-dijan-philippe","9":"first","10":"instock","11":"taxable","12":"shipping-taxable","13":"purchasable","14":"product-type-simple"},"acf":[],"yoast_head":"<!-- This site is optimized with the Yoast SEO plugin v26.6 - https:\/\/yoast.com\/wordpress\/plugins\/seo\/ -->\n<title>Sotos de Philippe Djian en seconde main au Chtululu (Soignies)<\/title>\n<meta name=\"description\" content=\"Sotos de Philippe Djian en seconde main au Chtululu (Soignies). Commandez ou r\u00e9servez ce livre ou d&#039;autres de l&#039;auteur d\u00e8s maintenant !\" \/>\n<meta name=\"robots\" content=\"index, follow, max-snippet:-1, max-image-preview:large, max-video-preview:-1\" \/>\n<link rel=\"canonical\" href=\"https:\/\/chtululu.be\/index.php\/produit\/sotos-philippe-dijan\/\" \/>\n<meta property=\"og:locale\" content=\"fr_FR\" \/>\n<meta property=\"og:type\" content=\"article\" \/>\n<meta property=\"og:title\" content=\"Sotos de Philippe Djian en seconde main au Chtululu (Soignies)\" \/>\n<meta property=\"og:description\" content=\"Sotos de Philippe Djian en seconde main au Chtululu (Soignies). Commandez ou r\u00e9servez ce livre ou d&#039;autres de l&#039;auteur d\u00e8s maintenant !\" \/>\n<meta property=\"og:url\" content=\"https:\/\/chtululu.be\/index.php\/produit\/sotos-philippe-dijan\/\" \/>\n<meta property=\"og:site_name\" content=\"Le Chtululu\" \/>\n<meta property=\"article:modified_time\" content=\"2021-03-26T08:55:12+00:00\" \/>\n<meta property=\"og:image\" content=\"https:\/\/chtululu.be\/wp-content\/uploads\/2021\/01\/sotos1.jpg\" \/>\n\t<meta property=\"og:image:width\" content=\"360\" \/>\n\t<meta property=\"og:image:height\" content=\"480\" \/>\n\t<meta property=\"og:image:type\" content=\"image\/jpeg\" \/>\n<meta name=\"twitter:card\" content=\"summary_large_image\" \/>\n<meta name=\"twitter:label1\" content=\"Dur\u00e9e de lecture estim\u00e9e\" \/>\n\t<meta name=\"twitter:data1\" content=\"1 minute\" \/>\n<script type=\"application\/ld+json\" class=\"yoast-schema-graph\">{\"@context\":\"https:\/\/schema.org\",\"@graph\":[{\"@type\":\"WebPage\",\"@id\":\"https:\/\/chtululu.be\/index.php\/produit\/sotos-philippe-dijan\/\",\"url\":\"https:\/\/chtululu.be\/index.php\/produit\/sotos-philippe-dijan\/\",\"name\":\"Sotos de Philippe Djian en seconde main au Chtululu (Soignies)\",\"isPartOf\":{\"@id\":\"https:\/\/chtululu.be\/#website\"},\"primaryImageOfPage\":{\"@id\":\"https:\/\/chtululu.be\/index.php\/produit\/sotos-philippe-dijan\/#primaryimage\"},\"image\":{\"@id\":\"https:\/\/chtululu.be\/index.php\/produit\/sotos-philippe-dijan\/#primaryimage\"},\"thumbnailUrl\":\"https:\/\/chtululu.be\/wp-content\/uploads\/2021\/01\/sotos1.jpg\",\"datePublished\":\"2021-01-01T17:55:35+00:00\",\"dateModified\":\"2021-03-26T08:55:12+00:00\",\"description\":\"Sotos de Philippe Djian en seconde main au Chtululu (Soignies). Commandez ou r\u00e9servez ce livre ou d'autres de l'auteur d\u00e8s maintenant !\",\"breadcrumb\":{\"@id\":\"https:\/\/chtululu.be\/index.php\/produit\/sotos-philippe-dijan\/#breadcrumb\"},\"inLanguage\":\"fr-FR\",\"potentialAction\":[{\"@type\":\"ReadAction\",\"target\":[\"https:\/\/chtululu.be\/index.php\/produit\/sotos-philippe-dijan\/\"]}]},{\"@type\":\"ImageObject\",\"inLanguage\":\"fr-FR\",\"@id\":\"https:\/\/chtululu.be\/index.php\/produit\/sotos-philippe-dijan\/#primaryimage\",\"url\":\"https:\/\/chtululu.be\/wp-content\/uploads\/2021\/01\/sotos1.jpg\",\"contentUrl\":\"https:\/\/chtululu.be\/wp-content\/uploads\/2021\/01\/sotos1.jpg\",\"width\":360,\"height\":480,\"caption\":\"Sotos\"},{\"@type\":\"BreadcrumbList\",\"@id\":\"https:\/\/chtululu.be\/index.php\/produit\/sotos-philippe-dijan\/#breadcrumb\",\"itemListElement\":[{\"@type\":\"ListItem\",\"position\":1,\"name\":\"Accueil\",\"item\":\"https:\/\/chtululu.be\/\"},{\"@type\":\"ListItem\",\"position\":2,\"name\":\"Les livres\",\"item\":\"https:\/\/chtululu.be\/index.php\/livres-doccasion\/\"},{\"@type\":\"ListItem\",\"position\":3,\"name\":\"Sotos (Philippe Djian)\"}]},{\"@type\":\"WebSite\",\"@id\":\"https:\/\/chtululu.be\/#website\",\"url\":\"https:\/\/chtululu.be\/\",\"name\":\"Le Chtululu\",\"description\":\"Votre librairie de seconde main \u00e0 Soignies\",\"publisher\":{\"@id\":\"https:\/\/chtululu.be\/#organization\"},\"potentialAction\":[{\"@type\":\"SearchAction\",\"target\":{\"@type\":\"EntryPoint\",\"urlTemplate\":\"https:\/\/chtululu.be\/?s={search_term_string}\"},\"query-input\":{\"@type\":\"PropertyValueSpecification\",\"valueRequired\":true,\"valueName\":\"search_term_string\"}}],\"inLanguage\":\"fr-FR\"},{\"@type\":\"Organization\",\"@id\":\"https:\/\/chtululu.be\/#organization\",\"name\":\"Le Chtululu\",\"url\":\"https:\/\/chtululu.be\/\",\"logo\":{\"@type\":\"ImageObject\",\"inLanguage\":\"fr-FR\",\"@id\":\"https:\/\/chtululu.be\/#\/schema\/logo\/image\/\",\"url\":\"https:\/\/chtululu.be\/wp-content\/uploads\/2016\/05\/logo-def-blanc.jpg\",\"contentUrl\":\"https:\/\/chtululu.be\/wp-content\/uploads\/2016\/05\/logo-def-blanc.jpg\",\"width\":2048,\"height\":1901,\"caption\":\"Le Chtululu\"},\"image\":{\"@id\":\"https:\/\/chtululu.be\/#\/schema\/logo\/image\/\"}}]}<\/script>\n<!-- \/ Yoast SEO plugin. -->","yoast_head_json":{"title":"Sotos de Philippe Djian en seconde main au Chtululu (Soignies)","description":"Sotos de Philippe Djian en seconde main au Chtululu (Soignies). Commandez ou r\u00e9servez ce livre ou d'autres de l'auteur d\u00e8s maintenant !","robots":{"index":"index","follow":"follow","max-snippet":"max-snippet:-1","max-image-preview":"max-image-preview:large","max-video-preview":"max-video-preview:-1"},"canonical":"https:\/\/chtululu.be\/index.php\/produit\/sotos-philippe-dijan\/","og_locale":"fr_FR","og_type":"article","og_title":"Sotos de Philippe Djian en seconde main au Chtululu (Soignies)","og_description":"Sotos de Philippe Djian en seconde main au Chtululu (Soignies). Commandez ou r\u00e9servez ce livre ou d'autres de l'auteur d\u00e8s maintenant !","og_url":"https:\/\/chtululu.be\/index.php\/produit\/sotos-philippe-dijan\/","og_site_name":"Le Chtululu","article_modified_time":"2021-03-26T08:55:12+00:00","og_image":[{"width":360,"height":480,"url":"https:\/\/chtululu.be\/wp-content\/uploads\/2021\/01\/sotos1.jpg","type":"image\/jpeg"}],"twitter_card":"summary_large_image","twitter_misc":{"Dur\u00e9e de lecture estim\u00e9e":"1 minute"},"schema":{"@context":"https:\/\/schema.org","@graph":[{"@type":"WebPage","@id":"https:\/\/chtululu.be\/index.php\/produit\/sotos-philippe-dijan\/","url":"https:\/\/chtululu.be\/index.php\/produit\/sotos-philippe-dijan\/","name":"Sotos de Philippe Djian en seconde main au Chtululu (Soignies)","isPartOf":{"@id":"https:\/\/chtululu.be\/#website"},"primaryImageOfPage":{"@id":"https:\/\/chtululu.be\/index.php\/produit\/sotos-philippe-dijan\/#primaryimage"},"image":{"@id":"https:\/\/chtululu.be\/index.php\/produit\/sotos-philippe-dijan\/#primaryimage"},"thumbnailUrl":"https:\/\/chtululu.be\/wp-content\/uploads\/2021\/01\/sotos1.jpg","datePublished":"2021-01-01T17:55:35+00:00","dateModified":"2021-03-26T08:55:12+00:00","description":"Sotos de Philippe Djian en seconde main au Chtululu (Soignies). Commandez ou r\u00e9servez ce livre ou d'autres de l'auteur d\u00e8s maintenant !","breadcrumb":{"@id":"https:\/\/chtululu.be\/index.php\/produit\/sotos-philippe-dijan\/#breadcrumb"},"inLanguage":"fr-FR","potentialAction":[{"@type":"ReadAction","target":["https:\/\/chtululu.be\/index.php\/produit\/sotos-philippe-dijan\/"]}]},{"@type":"ImageObject","inLanguage":"fr-FR","@id":"https:\/\/chtululu.be\/index.php\/produit\/sotos-philippe-dijan\/#primaryimage","url":"https:\/\/chtululu.be\/wp-content\/uploads\/2021\/01\/sotos1.jpg","contentUrl":"https:\/\/chtululu.be\/wp-content\/uploads\/2021\/01\/sotos1.jpg","width":360,"height":480,"caption":"Sotos"},{"@type":"BreadcrumbList","@id":"https:\/\/chtululu.be\/index.php\/produit\/sotos-philippe-dijan\/#breadcrumb","itemListElement":[{"@type":"ListItem","position":1,"name":"Accueil","item":"https:\/\/chtululu.be\/"},{"@type":"ListItem","position":2,"name":"Les livres","item":"https:\/\/chtululu.be\/index.php\/livres-doccasion\/"},{"@type":"ListItem","position":3,"name":"Sotos (Philippe Djian)"}]},{"@type":"WebSite","@id":"https:\/\/chtululu.be\/#website","url":"https:\/\/chtululu.be\/","name":"Le Chtululu","description":"Votre librairie de seconde main \u00e0 Soignies","publisher":{"@id":"https:\/\/chtululu.be\/#organization"},"potentialAction":[{"@type":"SearchAction","target":{"@type":"EntryPoint","urlTemplate":"https:\/\/chtululu.be\/?s={search_term_string}"},"query-input":{"@type":"PropertyValueSpecification","valueRequired":true,"valueName":"search_term_string"}}],"inLanguage":"fr-FR"},{"@type":"Organization","@id":"https:\/\/chtululu.be\/#organization","name":"Le Chtululu","url":"https:\/\/chtululu.be\/","logo":{"@type":"ImageObject","inLanguage":"fr-FR","@id":"https:\/\/chtululu.be\/#\/schema\/logo\/image\/","url":"https:\/\/chtululu.be\/wp-content\/uploads\/2016\/05\/logo-def-blanc.jpg","contentUrl":"https:\/\/chtululu.be\/wp-content\/uploads\/2016\/05\/logo-def-blanc.jpg","width":2048,"height":1901,"caption":"Le Chtululu"},"image":{"@id":"https:\/\/chtululu.be\/#\/schema\/logo\/image\/"}}]}},"_links":{"self":[{"href":"https:\/\/chtululu.be\/index.php\/wp-json\/wp\/v2\/product\/1836","targetHints":{"allow":["GET"]}}],"collection":[{"href":"https:\/\/chtululu.be\/index.php\/wp-json\/wp\/v2\/product"}],"about":[{"href":"https:\/\/chtululu.be\/index.php\/wp-json\/wp\/v2\/types\/product"}],"wp:featuredmedia":[{"embeddable":true,"href":"https:\/\/chtululu.be\/index.php\/wp-json\/wp\/v2\/media\/1837"}],"wp:attachment":[{"href":"https:\/\/chtululu.be\/index.php\/wp-json\/wp\/v2\/media?parent=1836"}],"wp:term":[{"taxonomy":"product_brand","embeddable":true,"href":"https:\/\/chtululu.be\/index.php\/wp-json\/wp\/v2\/product_brand?post=1836"},{"taxonomy":"product_cat","embeddable":true,"href":"https:\/\/chtululu.be\/index.php\/wp-json\/wp\/v2\/product_cat?post=1836"},{"taxonomy":"product_tag","embeddable":true,"href":"https:\/\/chtululu.be\/index.php\/wp-json\/wp\/v2\/product_tag?post=1836"}],"curies":[{"name":"wp","href":"https:\/\/api.w.org\/{rel}","templated":true}]}}