{"id":1504,"date":"2019-01-27T17:25:06","date_gmt":"2019-01-27T16:25:06","guid":{"rendered":"http:\/\/chtululu.be\/?post_type=product&#038;p=1504"},"modified":"2022-04-04T22:36:41","modified_gmt":"2022-04-04T21:36:41","slug":"le-patriote-illustre","status":"publish","type":"product","link":"https:\/\/chtululu.be\/index.php\/produit\/le-patriote-illustre\/","title":{"rendered":"Le Patriote illustr\u00e9"},"content":{"rendered":"<h1>Le Patriote illustr\u00e9<\/h1>\n<p>Le Patriote illustr\u00e9, 171 n\u00b0 de 1931 \u00e0 1958 :<\/p>\n<p>1931 : n\u00b041<br \/>\n1932 : n\u00b0 2,14,15,17,18,20,25, 37, 38,42, 50<br \/>\n1933 : n\u00b0 6,11, 12 &gt; 18,21 &gt; 25, 31, 33,35, 36, 46 &gt;49, 51, 53<br \/>\n1934 : n\u00b0 1, 2,8, 10, 13 &gt; 17,19, 20, 22 &gt; 33, 35 &gt; 42, 44 &gt; 49<br \/>\n1935 : n\u00b0 5,7, 12,13 &gt;21, 25, 26, 34, 35<br \/>\n1937 : n\u00b0 1 &gt; 5, 7 &gt; 16,20, 28 &gt; 51<br \/>\n1938 : n\u00b0 2, 3,9 &gt;11, 15, 20, 25, 28, 31, 37, 39, 41&gt;52<br \/>\n1939 : n\u00b02&gt;4, 6, 8 &gt;38, 40,52, 53<\/p>\n<p>1949 : n\u00b0 23 &gt;521<br \/>\n1950 : 2&gt;53<br \/>\n1951 : 1 &gt;52<br \/>\n1952 : n\u00b018<br \/>\n1954 : n\u00b015<br \/>\n1955 : n\u00b036, 50&gt;52<br \/>\n1956 : n\u00b01,2,4&gt;19<br \/>\n1958 : 2, 18, 19, 21, 23, 24, 34,35, 37,38 40, 42, 45<\/p>\n","protected":false},"excerpt":{"rendered":"<p>Le Patriote illustr\u00e9. Plongez dans l&rsquo;actualit\u00e9 des ann\u00e9es 30 ! Nous vous proposons 171 n\u00b0 du Patriote illustr\u00e9, l&rsquo;anc\u00eatre de La Libre Belgique !<\/p>\n","protected":false},"featured_media":1505,"template":"","meta":{"_acf_changed":false,"_exactmetrics_skip_tracking":false,"_exactmetrics_sitenote_active":false,"_exactmetrics_sitenote_note":"","_exactmetrics_sitenote_category":0},"product_brand":[],"product_cat":[289],"product_tag":[352],"class_list":{"0":"post-1504","1":"product","2":"type-product","3":"status-publish","4":"has-post-thumbnail","6":"product_cat-livres-rares","7":"product_tag-journal","9":"first","10":"instock","11":"sale","12":"sold-individually","13":"taxable","14":"shipping-taxable","15":"purchasable","16":"product-type-simple"},"acf":[],"yoast_head":"<!-- This site is optimized with the Yoast SEO plugin v26.6 - https:\/\/yoast.com\/wordpress\/plugins\/seo\/ -->\n<title>Le Patriote illustr\u00e9 - Le Chtululu \u00e0 la gare de Soignies<\/title>\n<meta name=\"description\" content=\"Plongez dans l&#039;actualit\u00e9 des ann\u00e9es 30 ! Nous vous proposons 171 n\u00b0 du Patriote illustr\u00e9, l&#039;anc\u00eatre de La Libre Belgique !\" \/>\n<meta name=\"robots\" content=\"index, follow, max-snippet:-1, max-image-preview:large, max-video-preview:-1\" \/>\n<link rel=\"canonical\" href=\"https:\/\/chtululu.be\/index.php\/produit\/le-patriote-illustre\/\" \/>\n<meta property=\"og:locale\" content=\"fr_FR\" \/>\n<meta property=\"og:type\" content=\"article\" \/>\n<meta property=\"og:title\" content=\"Le Patriote illustr\u00e9 - Le Chtululu \u00e0 la gare de Soignies\" \/>\n<meta property=\"og:description\" content=\"Plongez dans l&#039;actualit\u00e9 des ann\u00e9es 30 ! Nous vous proposons 171 n\u00b0 du Patriote illustr\u00e9, l&#039;anc\u00eatre de La Libre Belgique !\" \/>\n<meta property=\"og:url\" content=\"https:\/\/chtululu.be\/index.php\/produit\/le-patriote-illustre\/\" \/>\n<meta property=\"og:site_name\" content=\"Le Chtululu\" \/>\n<meta property=\"article:modified_time\" content=\"2022-04-04T21:36:41+00:00\" \/>\n<meta property=\"og:image\" content=\"https:\/\/chtululu.be\/wp-content\/uploads\/2019\/01\/patriote.png\" \/>\n\t<meta property=\"og:image:width\" content=\"500\" \/>\n\t<meta property=\"og:image:height\" content=\"500\" \/>\n\t<meta property=\"og:image:type\" content=\"image\/png\" \/>\n<meta name=\"twitter:card\" content=\"summary_large_image\" \/>\n<meta name=\"twitter:label1\" content=\"Dur\u00e9e de lecture estim\u00e9e\" \/>\n\t<meta name=\"twitter:data1\" content=\"1 minute\" \/>\n<script type=\"application\/ld+json\" class=\"yoast-schema-graph\">{\"@context\":\"https:\/\/schema.org\",\"@graph\":[{\"@type\":\"WebPage\",\"@id\":\"https:\/\/chtululu.be\/index.php\/produit\/le-patriote-illustre\/\",\"url\":\"https:\/\/chtululu.be\/index.php\/produit\/le-patriote-illustre\/\",\"name\":\"Le Patriote illustr\u00e9 - Le Chtululu \u00e0 la gare de Soignies\",\"isPartOf\":{\"@id\":\"https:\/\/chtululu.be\/#website\"},\"primaryImageOfPage\":{\"@id\":\"https:\/\/chtululu.be\/index.php\/produit\/le-patriote-illustre\/#primaryimage\"},\"image\":{\"@id\":\"https:\/\/chtululu.be\/index.php\/produit\/le-patriote-illustre\/#primaryimage\"},\"thumbnailUrl\":\"https:\/\/chtululu.be\/wp-content\/uploads\/2019\/01\/patriote.png\",\"datePublished\":\"2019-01-27T16:25:06+00:00\",\"dateModified\":\"2022-04-04T21:36:41+00:00\",\"description\":\"Plongez dans l'actualit\u00e9 des ann\u00e9es 30 ! Nous vous proposons 171 n\u00b0 du Patriote illustr\u00e9, l'anc\u00eatre de La Libre Belgique !\",\"breadcrumb\":{\"@id\":\"https:\/\/chtululu.be\/index.php\/produit\/le-patriote-illustre\/#breadcrumb\"},\"inLanguage\":\"fr-FR\",\"potentialAction\":[{\"@type\":\"ReadAction\",\"target\":[\"https:\/\/chtululu.be\/index.php\/produit\/le-patriote-illustre\/\"]}]},{\"@type\":\"ImageObject\",\"inLanguage\":\"fr-FR\",\"@id\":\"https:\/\/chtululu.be\/index.php\/produit\/le-patriote-illustre\/#primaryimage\",\"url\":\"https:\/\/chtululu.be\/wp-content\/uploads\/2019\/01\/patriote.png\",\"contentUrl\":\"https:\/\/chtululu.be\/wp-content\/uploads\/2019\/01\/patriote.png\",\"width\":500,\"height\":500,\"caption\":\"Le patriote illustr\u00e9\"},{\"@type\":\"BreadcrumbList\",\"@id\":\"https:\/\/chtululu.be\/index.php\/produit\/le-patriote-illustre\/#breadcrumb\",\"itemListElement\":[{\"@type\":\"ListItem\",\"position\":1,\"name\":\"Accueil\",\"item\":\"https:\/\/chtululu.be\/\"},{\"@type\":\"ListItem\",\"position\":2,\"name\":\"Les livres\",\"item\":\"https:\/\/chtululu.be\/index.php\/livres-doccasion\/\"},{\"@type\":\"ListItem\",\"position\":3,\"name\":\"Le Patriote illustr\u00e9\"}]},{\"@type\":\"WebSite\",\"@id\":\"https:\/\/chtululu.be\/#website\",\"url\":\"https:\/\/chtululu.be\/\",\"name\":\"Le Chtululu\",\"description\":\"Votre librairie de seconde main \u00e0 Soignies\",\"publisher\":{\"@id\":\"https:\/\/chtululu.be\/#organization\"},\"potentialAction\":[{\"@type\":\"SearchAction\",\"target\":{\"@type\":\"EntryPoint\",\"urlTemplate\":\"https:\/\/chtululu.be\/?s={search_term_string}\"},\"query-input\":{\"@type\":\"PropertyValueSpecification\",\"valueRequired\":true,\"valueName\":\"search_term_string\"}}],\"inLanguage\":\"fr-FR\"},{\"@type\":\"Organization\",\"@id\":\"https:\/\/chtululu.be\/#organization\",\"name\":\"Le Chtululu\",\"url\":\"https:\/\/chtululu.be\/\",\"logo\":{\"@type\":\"ImageObject\",\"inLanguage\":\"fr-FR\",\"@id\":\"https:\/\/chtululu.be\/#\/schema\/logo\/image\/\",\"url\":\"https:\/\/chtululu.be\/wp-content\/uploads\/2016\/05\/logo-def-blanc.jpg\",\"contentUrl\":\"https:\/\/chtululu.be\/wp-content\/uploads\/2016\/05\/logo-def-blanc.jpg\",\"width\":2048,\"height\":1901,\"caption\":\"Le Chtululu\"},\"image\":{\"@id\":\"https:\/\/chtululu.be\/#\/schema\/logo\/image\/\"}}]}<\/script>\n<!-- \/ Yoast SEO plugin. -->","yoast_head_json":{"title":"Le Patriote illustr\u00e9 - Le Chtululu \u00e0 la gare de Soignies","description":"Plongez dans l'actualit\u00e9 des ann\u00e9es 30 ! Nous vous proposons 171 n\u00b0 du Patriote illustr\u00e9, l'anc\u00eatre de La Libre Belgique !","robots":{"index":"index","follow":"follow","max-snippet":"max-snippet:-1","max-image-preview":"max-image-preview:large","max-video-preview":"max-video-preview:-1"},"canonical":"https:\/\/chtululu.be\/index.php\/produit\/le-patriote-illustre\/","og_locale":"fr_FR","og_type":"article","og_title":"Le Patriote illustr\u00e9 - Le Chtululu \u00e0 la gare de Soignies","og_description":"Plongez dans l'actualit\u00e9 des ann\u00e9es 30 ! Nous vous proposons 171 n\u00b0 du Patriote illustr\u00e9, l'anc\u00eatre de La Libre Belgique !","og_url":"https:\/\/chtululu.be\/index.php\/produit\/le-patriote-illustre\/","og_site_name":"Le Chtululu","article_modified_time":"2022-04-04T21:36:41+00:00","og_image":[{"width":500,"height":500,"url":"https:\/\/chtululu.be\/wp-content\/uploads\/2019\/01\/patriote.png","type":"image\/png"}],"twitter_card":"summary_large_image","twitter_misc":{"Dur\u00e9e de lecture estim\u00e9e":"1 minute"},"schema":{"@context":"https:\/\/schema.org","@graph":[{"@type":"WebPage","@id":"https:\/\/chtululu.be\/index.php\/produit\/le-patriote-illustre\/","url":"https:\/\/chtululu.be\/index.php\/produit\/le-patriote-illustre\/","name":"Le Patriote illustr\u00e9 - Le Chtululu \u00e0 la gare de Soignies","isPartOf":{"@id":"https:\/\/chtululu.be\/#website"},"primaryImageOfPage":{"@id":"https:\/\/chtululu.be\/index.php\/produit\/le-patriote-illustre\/#primaryimage"},"image":{"@id":"https:\/\/chtululu.be\/index.php\/produit\/le-patriote-illustre\/#primaryimage"},"thumbnailUrl":"https:\/\/chtululu.be\/wp-content\/uploads\/2019\/01\/patriote.png","datePublished":"2019-01-27T16:25:06+00:00","dateModified":"2022-04-04T21:36:41+00:00","description":"Plongez dans l'actualit\u00e9 des ann\u00e9es 30 ! Nous vous proposons 171 n\u00b0 du Patriote illustr\u00e9, l'anc\u00eatre de La Libre Belgique !","breadcrumb":{"@id":"https:\/\/chtululu.be\/index.php\/produit\/le-patriote-illustre\/#breadcrumb"},"inLanguage":"fr-FR","potentialAction":[{"@type":"ReadAction","target":["https:\/\/chtululu.be\/index.php\/produit\/le-patriote-illustre\/"]}]},{"@type":"ImageObject","inLanguage":"fr-FR","@id":"https:\/\/chtululu.be\/index.php\/produit\/le-patriote-illustre\/#primaryimage","url":"https:\/\/chtululu.be\/wp-content\/uploads\/2019\/01\/patriote.png","contentUrl":"https:\/\/chtululu.be\/wp-content\/uploads\/2019\/01\/patriote.png","width":500,"height":500,"caption":"Le patriote illustr\u00e9"},{"@type":"BreadcrumbList","@id":"https:\/\/chtululu.be\/index.php\/produit\/le-patriote-illustre\/#breadcrumb","itemListElement":[{"@type":"ListItem","position":1,"name":"Accueil","item":"https:\/\/chtululu.be\/"},{"@type":"ListItem","position":2,"name":"Les livres","item":"https:\/\/chtululu.be\/index.php\/livres-doccasion\/"},{"@type":"ListItem","position":3,"name":"Le Patriote illustr\u00e9"}]},{"@type":"WebSite","@id":"https:\/\/chtululu.be\/#website","url":"https:\/\/chtululu.be\/","name":"Le Chtululu","description":"Votre librairie de seconde main \u00e0 Soignies","publisher":{"@id":"https:\/\/chtululu.be\/#organization"},"potentialAction":[{"@type":"SearchAction","target":{"@type":"EntryPoint","urlTemplate":"https:\/\/chtululu.be\/?s={search_term_string}"},"query-input":{"@type":"PropertyValueSpecification","valueRequired":true,"valueName":"search_term_string"}}],"inLanguage":"fr-FR"},{"@type":"Organization","@id":"https:\/\/chtululu.be\/#organization","name":"Le Chtululu","url":"https:\/\/chtululu.be\/","logo":{"@type":"ImageObject","inLanguage":"fr-FR","@id":"https:\/\/chtululu.be\/#\/schema\/logo\/image\/","url":"https:\/\/chtululu.be\/wp-content\/uploads\/2016\/05\/logo-def-blanc.jpg","contentUrl":"https:\/\/chtululu.be\/wp-content\/uploads\/2016\/05\/logo-def-blanc.jpg","width":2048,"height":1901,"caption":"Le Chtululu"},"image":{"@id":"https:\/\/chtululu.be\/#\/schema\/logo\/image\/"}}]}},"_links":{"self":[{"href":"https:\/\/chtululu.be\/index.php\/wp-json\/wp\/v2\/product\/1504","targetHints":{"allow":["GET"]}}],"collection":[{"href":"https:\/\/chtululu.be\/index.php\/wp-json\/wp\/v2\/product"}],"about":[{"href":"https:\/\/chtululu.be\/index.php\/wp-json\/wp\/v2\/types\/product"}],"wp:featuredmedia":[{"embeddable":true,"href":"https:\/\/chtululu.be\/index.php\/wp-json\/wp\/v2\/media\/1505"}],"wp:attachment":[{"href":"https:\/\/chtululu.be\/index.php\/wp-json\/wp\/v2\/media?parent=1504"}],"wp:term":[{"taxonomy":"product_brand","embeddable":true,"href":"https:\/\/chtululu.be\/index.php\/wp-json\/wp\/v2\/product_brand?post=1504"},{"taxonomy":"product_cat","embeddable":true,"href":"https:\/\/chtululu.be\/index.php\/wp-json\/wp\/v2\/product_cat?post=1504"},{"taxonomy":"product_tag","embeddable":true,"href":"https:\/\/chtululu.be\/index.php\/wp-json\/wp\/v2\/product_tag?post=1504"}],"curies":[{"name":"wp","href":"https:\/\/api.w.org\/{rel}","templated":true}]}}