{"id":1499,"date":"2018-11-11T12:52:19","date_gmt":"2018-11-11T11:52:19","guid":{"rendered":"http:\/\/chtululu.be\/?post_type=product&#038;p=1499"},"modified":"2018-11-11T13:18:00","modified_gmt":"2018-11-11T12:18:00","slug":"ecole-des-loisirs","status":"publish","type":"product","link":"https:\/\/chtululu.be\/index.php\/produit\/ecole-des-loisirs\/","title":{"rendered":"Liste Jeunesse &#8211; Ecole des Loisirs"},"content":{"rendered":"<p>Liste de nos livres jeunesse de l&rsquo;Ecole des Loisirs :<\/p>\n<p>(prix sur demande)<\/p>\n<table width=\"773\">\n<tbody>\n<tr>\n<td style=\"text-align: center;\" width=\"151\"><strong>Auteur<\/strong><\/td>\n<td style=\"text-align: center;\" width=\"277\"><strong>Titre<\/strong><\/td>\n<td style=\"text-align: center;\" width=\"80\"><strong>D\u00e9p\u00f4t l\u00e9gal<\/strong><\/td>\n<\/tr>\n<tr>\n<td>Andriat Frank<\/td>\n<td width=\"277\">Journal de Jamila<br \/>\n<em>suivi d&rsquo;un entretien avec l&rsquo;auteur<\/em><\/td>\n<td>2000<\/td>\n<\/tr>\n<tr>\n<td>Andriat Frank<\/td>\n<td width=\"277\">Je voudrais que tu\u2026<\/td>\n<td>2011<\/td>\n<\/tr>\n<tr>\n<td>Blume Judy<\/td>\n<td>C&rsquo;est n&rsquo;est pas la fin du monde<\/td>\n<td>2003<\/td>\n<\/tr>\n<tr>\n<td>Ch\u00e9rer Sophie<\/td>\n<td>L&rsquo;huile d&rsquo;olive ne meurt jamais<\/td>\n<td>2001<\/td>\n<\/tr>\n<tr>\n<td>Cormier Robert<\/td>\n<td>La balle est dans ton camp<\/td>\n<td>2003<\/td>\n<\/tr>\n<tr>\n<td>Cormier Robert<\/td>\n<td>Apr\u00e8s la premi\u00e8re mort<\/td>\n<td>2005<\/td>\n<\/tr>\n<tr>\n<td>Davrichewy K\u00e9th\u00e9vane<\/td>\n<td>On ne t&rsquo;attendait pas<\/td>\n<td>2003<\/td>\n<\/tr>\n<tr>\n<td>Desarthe Agn\u00e8s<\/td>\n<td>Je ne t&rsquo;aime pas, Paulus<\/td>\n<td>2002<\/td>\n<\/tr>\n<tr>\n<td>Desarthe Agn\u00e8s<\/td>\n<td>Mon \u00e9crivain pr\u00e9f\u00e9r\u00e9<\/td>\n<td><\/td>\n<\/tr>\n<tr>\n<td>Desplechin Marie<\/td>\n<td>La pr\u00e9diction de Nadia<\/td>\n<td>1999<\/td>\n<\/tr>\n<tr>\n<td>Desplechin Marie<\/td>\n<td>Satin grenadine<\/td>\n<td>2007<\/td>\n<\/tr>\n<tr>\n<td>Desplechin Marie<\/td>\n<td>Une vague d&rsquo;amour sur un lac d&rsquo;amiti\u00e9<\/td>\n<td>2003<\/td>\n<\/tr>\n<tr>\n<td>Deutsch Xavier<\/td>\n<td>Les gar\u00e7ons<\/td>\n<td>1992<\/td>\n<\/tr>\n<tr>\n<td>Donner Chris<\/td>\n<td>Je mens, je respire<\/td>\n<td>1992<\/td>\n<\/tr>\n<tr>\n<td>Farmer Nancy<\/td>\n<td>Elle s&rsquo;appelait Catastrophe<\/td>\n<td>2004<\/td>\n<\/tr>\n<tr>\n<td>Fine Anne<\/td>\n<td>Mon \u00e9crivain pr\u00e9f\u00e9r\u00e9<\/td>\n<td><\/td>\n<\/tr>\n<tr>\n<td>Fine Anne<\/td>\n<td>Ma m\u00e8re est impossible<\/td>\n<td>2004<\/td>\n<\/tr>\n<tr>\n<td>Fine Anne<\/td>\n<td>Madame Doubtfire<\/td>\n<td>1995<\/td>\n<\/tr>\n<tr>\n<td>Fine Anne<\/td>\n<td>Mon amiti\u00e9 avec Tulipe<\/td>\n<td>1998<\/td>\n<\/tr>\n<tr>\n<td>Fox Paula<\/td>\n<td>L&rsquo;\u00eele aux singes<\/td>\n<td>1993<\/td>\n<\/tr>\n<tr>\n<td>Greif Jean-Jacques<\/td>\n<td>Mes enfants, c&rsquo;est la guerre<\/td>\n<td>2003<\/td>\n<\/tr>\n<tr>\n<td>Hautzig Esther<\/td>\n<td>La steppe infinie<\/td>\n<td>1990<\/td>\n<\/tr>\n<tr>\n<td>Hautzig Esther<\/td>\n<td>Une photo de grand-m\u00e8re<\/td>\n<td>2008<\/td>\n<\/tr>\n<tr>\n<td>Joubert Jean<\/td>\n<td>La jeune femme \u00e0 la rose<\/td>\n<td>2002<\/td>\n<\/tr>\n<tr>\n<td>Laroussinie Claire<\/td>\n<td>Tu pr\u00e9f\u00e8res ton p\u00e8re ou ta m\u00e8re<\/td>\n<td>2000<\/td>\n<\/tr>\n<tr>\n<td>Lavachery Thomas<\/td>\n<td width=\"277\">Bjorn le Morphir<br \/>\nIllustrations de l&rsquo;auteur<\/td>\n<td>2010<\/td>\n<\/tr>\n<tr>\n<td>Lavachery Thomas<\/td>\n<td width=\"277\">Bjorn le Morphir<\/td>\n<td>2009<\/td>\n<\/tr>\n<tr>\n<td>Le Touze Guillaume<\/td>\n<td>On s&rsquo;\u00e9crira<\/td>\n<td>1994<\/td>\n<\/tr>\n<tr>\n<td>Lowry Lois<\/td>\n<td>Le passeur<\/td>\n<td>2002<\/td>\n<\/tr>\n<tr>\n<td>M\u00e9nard Jean-Fran\u00e7ois<\/td>\n<td>Quinze millions pour un fant\u00f4me<\/td>\n<td>2007<\/td>\n<\/tr>\n<tr>\n<td>Moka<\/td>\n<td>Le petit c\u0153ur bris\u00e9<\/td>\n<td>2007<\/td>\n<\/tr>\n<tr>\n<td>Moka<\/td>\n<td>L&rsquo;enfant des ombres<\/td>\n<td>2006<\/td>\n<\/tr>\n<tr>\n<td>Moka<\/td>\n<td>La marque du diable<\/td>\n<td>1999<\/td>\n<\/tr>\n<tr>\n<td>Moka<\/td>\n<td>Un ange avec des baskets<\/td>\n<td>2009<\/td>\n<\/tr>\n<tr>\n<td>Moka<\/td>\n<td>L&rsquo;esprit de la for\u00eat<\/td>\n<td>2004<\/td>\n<\/tr>\n<tr>\n<td>Morgenstern Susie<\/td>\n<td>Mon \u00e9crivain pr\u00e9f\u00e9r\u00e9<\/td>\n<td><\/td>\n<\/tr>\n<tr>\n<td>O&rsquo;Dell Scott<\/td>\n<td>Etoile Noire, Aube Claire<\/td>\n<td>1991<\/td>\n<\/tr>\n<tr>\n<td>Perez Serge<\/td>\n<td>Love<\/td>\n<td>2001<\/td>\n<\/tr>\n<tr>\n<td>Petit Xavier-Laurent<\/td>\n<td>Maestro<\/td>\n<td>2008<\/td>\n<\/tr>\n<tr>\n<td>Petit Xavier-Laurent<\/td>\n<td>L&rsquo;homme du jardin<\/td>\n<td>2008<\/td>\n<\/tr>\n<tr>\n<td>Petit Xavier-Laurent<\/td>\n<td>L&rsquo;homme du jardin<\/td>\n<td>2016<\/td>\n<\/tr>\n<tr>\n<td>Petit Xavier-Laurent<\/td>\n<td>Mon \u00e9crivain pr\u00e9f\u00e9r\u00e9<\/td>\n<td><\/td>\n<\/tr>\n<tr>\n<td>Saalman G\u00fcnter<\/td>\n<td>Le King, c&rsquo;est moi !<\/td>\n<td>1999<\/td>\n<\/tr>\n<tr>\n<td>Sachar Louis<\/td>\n<td>Le passage<\/td>\n<td>2001<\/td>\n<\/tr>\n<tr>\n<td>Sachar Louis<\/td>\n<td>Pas \u00e0 pas<\/td>\n<td>2006<\/td>\n<\/tr>\n<tr>\n<td>Sachs Marilyn<\/td>\n<td width=\"277\">La v\u00e9rit\u00e9 sur Marylou<\/td>\n<td>2009<\/td>\n<\/tr>\n<tr>\n<td>Schami Rafik<\/td>\n<td>Une poign\u00e9e d&rsquo;\u00e9toiles<\/td>\n<td>1999<\/td>\n<\/tr>\n<tr>\n<td>Smadja Brigitte<\/td>\n<td>Il faut sauver Sa\u00efd<\/td>\n<td>2004<\/td>\n<\/tr>\n<tr>\n<td>Smadja Brigitte<\/td>\n<td>Halte aux livres !<\/td>\n<td>2001<\/td>\n<\/tr>\n<tr>\n<td>Valckx Catharina<\/td>\n<td>Le bonheur de Lapache<\/td>\n<td>2005<\/td>\n<\/tr>\n<tr>\n<td>Vermot Marie-Sophie<\/td>\n<td>Tendance filles<\/td>\n<td>2003<\/td>\n<\/tr>\n<tr>\n<td>Vermot Marie-Sophie<\/td>\n<td>Quelque chose \u00e0 te dire<\/td>\n<td>2009<\/td>\n<\/tr>\n<tr>\n<td>Wassermann Jakob<\/td>\n<td>L&rsquo;or de Cajamalca<\/td>\n<td>2000<\/td>\n<\/tr>\n<tr>\n<td>Winton Tim<\/td>\n<td>L&rsquo;amour est la septi\u00e8me vague<\/td>\n<td>2000<\/td>\n<\/tr>\n<\/tbody>\n<\/table>\n<p>&nbsp;<\/p>\n<p>&nbsp;<\/p>\n","protected":false},"excerpt":{"rendered":"<p>Liste de nos livres jeunesse de l&rsquo;Ecole des Loisirs : (prix sur demande) Auteur Titre D\u00e9p\u00f4t l\u00e9gal Andriat Frank Journal de Jamila suivi d&rsquo;un entretien avec l&rsquo;auteur 2000 Andriat Frank Je voudrais que tu\u2026 2011 Blume Judy C&rsquo;est n&rsquo;est pas la fin du monde 2003 Ch\u00e9rer Sophie L&rsquo;huile d&rsquo;olive ne meurt jamais 2001 Cormier Robert&#8230; <\/p>\n","protected":false},"featured_media":1500,"template":"","meta":{"_acf_changed":false,"_exactmetrics_skip_tracking":false,"_exactmetrics_sitenote_active":false,"_exactmetrics_sitenote_note":"","_exactmetrics_sitenote_category":0},"product_brand":[],"product_cat":[280],"product_tag":[],"class_list":{"0":"post-1499","1":"product","2":"type-product","3":"status-publish","4":"has-post-thumbnail","6":"product_cat-jeunesse","8":"first","9":"instock","10":"taxable","11":"shipping-taxable","12":"product-type-simple"},"acf":[],"yoast_head":"<!-- This site is optimized with the Yoast SEO plugin v26.6 - https:\/\/yoast.com\/wordpress\/plugins\/seo\/ -->\n<title>Ecole des Loisirs (liste) - Chtululu \u00e0 la gare de Soignies<\/title>\n<meta name=\"description\" content=\"D\u00e9couvrez la liste de nos livres jeunesse de L&#039;Ecole des Loisirs: Anne Fine, Xavier Deutsch, Frank Andriat, Moka, Lois Lowry...\" \/>\n<meta name=\"robots\" content=\"index, follow, max-snippet:-1, max-image-preview:large, max-video-preview:-1\" \/>\n<link rel=\"canonical\" href=\"https:\/\/chtululu.be\/index.php\/produit\/ecole-des-loisirs\/\" \/>\n<meta property=\"og:locale\" content=\"fr_FR\" \/>\n<meta property=\"og:type\" content=\"article\" \/>\n<meta property=\"og:title\" content=\"Ecole des Loisirs (liste) - Chtululu \u00e0 la gare de Soignies\" \/>\n<meta property=\"og:description\" content=\"D\u00e9couvrez la liste de nos livres jeunesse de L&#039;Ecole des Loisirs: Anne Fine, Xavier Deutsch, Frank Andriat, Moka, Lois Lowry...\" \/>\n<meta property=\"og:url\" content=\"https:\/\/chtululu.be\/index.php\/produit\/ecole-des-loisirs\/\" \/>\n<meta property=\"og:site_name\" content=\"Le Chtululu\" \/>\n<meta property=\"article:modified_time\" content=\"2018-11-11T12:18:00+00:00\" \/>\n<meta property=\"og:image\" content=\"https:\/\/chtululu.be\/wp-content\/uploads\/2018\/11\/liste-jeuensse.png\" \/>\n\t<meta property=\"og:image:width\" content=\"800\" \/>\n\t<meta property=\"og:image:height\" content=\"800\" \/>\n\t<meta property=\"og:image:type\" content=\"image\/png\" \/>\n<meta name=\"twitter:card\" content=\"summary_large_image\" \/>\n<meta name=\"twitter:label1\" content=\"Dur\u00e9e de lecture estim\u00e9e\" \/>\n\t<meta name=\"twitter:data1\" content=\"2 minutes\" \/>\n<script type=\"application\/ld+json\" class=\"yoast-schema-graph\">{\"@context\":\"https:\/\/schema.org\",\"@graph\":[{\"@type\":\"WebPage\",\"@id\":\"https:\/\/chtululu.be\/index.php\/produit\/ecole-des-loisirs\/\",\"url\":\"https:\/\/chtululu.be\/index.php\/produit\/ecole-des-loisirs\/\",\"name\":\"Ecole des Loisirs (liste) - Chtululu \u00e0 la gare de Soignies\",\"isPartOf\":{\"@id\":\"https:\/\/chtululu.be\/#website\"},\"primaryImageOfPage\":{\"@id\":\"https:\/\/chtululu.be\/index.php\/produit\/ecole-des-loisirs\/#primaryimage\"},\"image\":{\"@id\":\"https:\/\/chtululu.be\/index.php\/produit\/ecole-des-loisirs\/#primaryimage\"},\"thumbnailUrl\":\"https:\/\/chtululu.be\/wp-content\/uploads\/2018\/11\/liste-jeuensse.png\",\"datePublished\":\"2018-11-11T11:52:19+00:00\",\"dateModified\":\"2018-11-11T12:18:00+00:00\",\"description\":\"D\u00e9couvrez la liste de nos livres jeunesse de L'Ecole des Loisirs: Anne Fine, Xavier Deutsch, Frank Andriat, Moka, Lois Lowry...\",\"breadcrumb\":{\"@id\":\"https:\/\/chtululu.be\/index.php\/produit\/ecole-des-loisirs\/#breadcrumb\"},\"inLanguage\":\"fr-FR\",\"potentialAction\":[{\"@type\":\"ReadAction\",\"target\":[\"https:\/\/chtululu.be\/index.php\/produit\/ecole-des-loisirs\/\"]}]},{\"@type\":\"ImageObject\",\"inLanguage\":\"fr-FR\",\"@id\":\"https:\/\/chtululu.be\/index.php\/produit\/ecole-des-loisirs\/#primaryimage\",\"url\":\"https:\/\/chtululu.be\/wp-content\/uploads\/2018\/11\/liste-jeuensse.png\",\"contentUrl\":\"https:\/\/chtululu.be\/wp-content\/uploads\/2018\/11\/liste-jeuensse.png\",\"width\":800,\"height\":800},{\"@type\":\"BreadcrumbList\",\"@id\":\"https:\/\/chtululu.be\/index.php\/produit\/ecole-des-loisirs\/#breadcrumb\",\"itemListElement\":[{\"@type\":\"ListItem\",\"position\":1,\"name\":\"Accueil\",\"item\":\"https:\/\/chtululu.be\/\"},{\"@type\":\"ListItem\",\"position\":2,\"name\":\"Les livres\",\"item\":\"https:\/\/chtululu.be\/index.php\/livres-doccasion\/\"},{\"@type\":\"ListItem\",\"position\":3,\"name\":\"Liste Jeunesse &#8211; Ecole des Loisirs\"}]},{\"@type\":\"WebSite\",\"@id\":\"https:\/\/chtululu.be\/#website\",\"url\":\"https:\/\/chtululu.be\/\",\"name\":\"Le Chtululu\",\"description\":\"Votre librairie de seconde main \u00e0 Soignies\",\"publisher\":{\"@id\":\"https:\/\/chtululu.be\/#organization\"},\"potentialAction\":[{\"@type\":\"SearchAction\",\"target\":{\"@type\":\"EntryPoint\",\"urlTemplate\":\"https:\/\/chtululu.be\/?s={search_term_string}\"},\"query-input\":{\"@type\":\"PropertyValueSpecification\",\"valueRequired\":true,\"valueName\":\"search_term_string\"}}],\"inLanguage\":\"fr-FR\"},{\"@type\":\"Organization\",\"@id\":\"https:\/\/chtululu.be\/#organization\",\"name\":\"Le Chtululu\",\"url\":\"https:\/\/chtululu.be\/\",\"logo\":{\"@type\":\"ImageObject\",\"inLanguage\":\"fr-FR\",\"@id\":\"https:\/\/chtululu.be\/#\/schema\/logo\/image\/\",\"url\":\"https:\/\/chtululu.be\/wp-content\/uploads\/2016\/05\/logo-def-blanc.jpg\",\"contentUrl\":\"https:\/\/chtululu.be\/wp-content\/uploads\/2016\/05\/logo-def-blanc.jpg\",\"width\":2048,\"height\":1901,\"caption\":\"Le Chtululu\"},\"image\":{\"@id\":\"https:\/\/chtululu.be\/#\/schema\/logo\/image\/\"}}]}<\/script>\n<!-- \/ Yoast SEO plugin. -->","yoast_head_json":{"title":"Ecole des Loisirs (liste) - Chtululu \u00e0 la gare de Soignies","description":"D\u00e9couvrez la liste de nos livres jeunesse de L'Ecole des Loisirs: Anne Fine, Xavier Deutsch, Frank Andriat, Moka, Lois Lowry...","robots":{"index":"index","follow":"follow","max-snippet":"max-snippet:-1","max-image-preview":"max-image-preview:large","max-video-preview":"max-video-preview:-1"},"canonical":"https:\/\/chtululu.be\/index.php\/produit\/ecole-des-loisirs\/","og_locale":"fr_FR","og_type":"article","og_title":"Ecole des Loisirs (liste) - Chtululu \u00e0 la gare de Soignies","og_description":"D\u00e9couvrez la liste de nos livres jeunesse de L'Ecole des Loisirs: Anne Fine, Xavier Deutsch, Frank Andriat, Moka, Lois Lowry...","og_url":"https:\/\/chtululu.be\/index.php\/produit\/ecole-des-loisirs\/","og_site_name":"Le Chtululu","article_modified_time":"2018-11-11T12:18:00+00:00","og_image":[{"width":800,"height":800,"url":"https:\/\/chtululu.be\/wp-content\/uploads\/2018\/11\/liste-jeuensse.png","type":"image\/png"}],"twitter_card":"summary_large_image","twitter_misc":{"Dur\u00e9e de lecture estim\u00e9e":"2 minutes"},"schema":{"@context":"https:\/\/schema.org","@graph":[{"@type":"WebPage","@id":"https:\/\/chtululu.be\/index.php\/produit\/ecole-des-loisirs\/","url":"https:\/\/chtululu.be\/index.php\/produit\/ecole-des-loisirs\/","name":"Ecole des Loisirs (liste) - Chtululu \u00e0 la gare de Soignies","isPartOf":{"@id":"https:\/\/chtululu.be\/#website"},"primaryImageOfPage":{"@id":"https:\/\/chtululu.be\/index.php\/produit\/ecole-des-loisirs\/#primaryimage"},"image":{"@id":"https:\/\/chtululu.be\/index.php\/produit\/ecole-des-loisirs\/#primaryimage"},"thumbnailUrl":"https:\/\/chtululu.be\/wp-content\/uploads\/2018\/11\/liste-jeuensse.png","datePublished":"2018-11-11T11:52:19+00:00","dateModified":"2018-11-11T12:18:00+00:00","description":"D\u00e9couvrez la liste de nos livres jeunesse de L'Ecole des Loisirs: Anne Fine, Xavier Deutsch, Frank Andriat, Moka, Lois Lowry...","breadcrumb":{"@id":"https:\/\/chtululu.be\/index.php\/produit\/ecole-des-loisirs\/#breadcrumb"},"inLanguage":"fr-FR","potentialAction":[{"@type":"ReadAction","target":["https:\/\/chtululu.be\/index.php\/produit\/ecole-des-loisirs\/"]}]},{"@type":"ImageObject","inLanguage":"fr-FR","@id":"https:\/\/chtululu.be\/index.php\/produit\/ecole-des-loisirs\/#primaryimage","url":"https:\/\/chtululu.be\/wp-content\/uploads\/2018\/11\/liste-jeuensse.png","contentUrl":"https:\/\/chtululu.be\/wp-content\/uploads\/2018\/11\/liste-jeuensse.png","width":800,"height":800},{"@type":"BreadcrumbList","@id":"https:\/\/chtululu.be\/index.php\/produit\/ecole-des-loisirs\/#breadcrumb","itemListElement":[{"@type":"ListItem","position":1,"name":"Accueil","item":"https:\/\/chtululu.be\/"},{"@type":"ListItem","position":2,"name":"Les livres","item":"https:\/\/chtululu.be\/index.php\/livres-doccasion\/"},{"@type":"ListItem","position":3,"name":"Liste Jeunesse &#8211; Ecole des Loisirs"}]},{"@type":"WebSite","@id":"https:\/\/chtululu.be\/#website","url":"https:\/\/chtululu.be\/","name":"Le Chtululu","description":"Votre librairie de seconde main \u00e0 Soignies","publisher":{"@id":"https:\/\/chtululu.be\/#organization"},"potentialAction":[{"@type":"SearchAction","target":{"@type":"EntryPoint","urlTemplate":"https:\/\/chtululu.be\/?s={search_term_string}"},"query-input":{"@type":"PropertyValueSpecification","valueRequired":true,"valueName":"search_term_string"}}],"inLanguage":"fr-FR"},{"@type":"Organization","@id":"https:\/\/chtululu.be\/#organization","name":"Le Chtululu","url":"https:\/\/chtululu.be\/","logo":{"@type":"ImageObject","inLanguage":"fr-FR","@id":"https:\/\/chtululu.be\/#\/schema\/logo\/image\/","url":"https:\/\/chtululu.be\/wp-content\/uploads\/2016\/05\/logo-def-blanc.jpg","contentUrl":"https:\/\/chtululu.be\/wp-content\/uploads\/2016\/05\/logo-def-blanc.jpg","width":2048,"height":1901,"caption":"Le Chtululu"},"image":{"@id":"https:\/\/chtululu.be\/#\/schema\/logo\/image\/"}}]}},"_links":{"self":[{"href":"https:\/\/chtululu.be\/index.php\/wp-json\/wp\/v2\/product\/1499","targetHints":{"allow":["GET"]}}],"collection":[{"href":"https:\/\/chtululu.be\/index.php\/wp-json\/wp\/v2\/product"}],"about":[{"href":"https:\/\/chtululu.be\/index.php\/wp-json\/wp\/v2\/types\/product"}],"wp:featuredmedia":[{"embeddable":true,"href":"https:\/\/chtululu.be\/index.php\/wp-json\/wp\/v2\/media\/1500"}],"wp:attachment":[{"href":"https:\/\/chtululu.be\/index.php\/wp-json\/wp\/v2\/media?parent=1499"}],"wp:term":[{"taxonomy":"product_brand","embeddable":true,"href":"https:\/\/chtululu.be\/index.php\/wp-json\/wp\/v2\/product_brand?post=1499"},{"taxonomy":"product_cat","embeddable":true,"href":"https:\/\/chtululu.be\/index.php\/wp-json\/wp\/v2\/product_cat?post=1499"},{"taxonomy":"product_tag","embeddable":true,"href":"https:\/\/chtululu.be\/index.php\/wp-json\/wp\/v2\/product_tag?post=1499"}],"curies":[{"name":"wp","href":"https:\/\/api.w.org\/{rel}","templated":true}]}}