{"id":1044,"date":"2017-02-28T11:21:40","date_gmt":"2017-02-28T10:21:40","guid":{"rendered":"http:\/\/chtululu.be\/index.php\/produit\/la-baie-des-anges\/"},"modified":"2017-02-28T11:24:20","modified_gmt":"2017-02-28T10:24:20","slug":"la-baie-des-anges","status":"publish","type":"product","link":"https:\/\/chtululu.be\/index.php\/produit\/la-baie-des-anges\/","title":{"rendered":"La baie des Anges"},"content":{"rendered":"","protected":false},"excerpt":{"rendered":"<p><strong>Gallo Max<\/strong><br \/>\nPar centaines, en cette ann\u00e9e de disgr\u00e2ce de 1880, ils fuient leur Pi\u00e9mont italien, leur terre de mis\u00e8re qui ne les nourrit plus. A la mort de leur m\u00e8re, apr\u00e8s six jours de marche, les fr\u00e8res Revelli d\u00e9couvrent les lumi\u00e8res de Nice, comme la promesse d&rsquo;une vie nouvelle. La ville ne tarde pas \u00e0 transformer ces hommes frustes, intelligents et assoiff\u00e9s de dignit\u00e9. L&rsquo;\u00e9nergique et ambitieux Carlo Revelli s&rsquo;impose sur les chantiers de construction. Vincente entre au service du docteur Merani, notable influent, de m\u00eame que Luigi, le plus jeune et le plus s\u00e9duisant des trois. Mais ce dernier semble choisir le mauvais chemin, celui des affaires louches et dangereuses. Il faudra tr\u00e8s peu de temps pour faire d&rsquo;eux des Fran\u00e7ais \u00e0 part enti\u00e8re.<\/p>\n","protected":false},"featured_media":1034,"template":"","meta":{"_acf_changed":false,"_exactmetrics_skip_tracking":false,"_exactmetrics_sitenote_active":false,"_exactmetrics_sitenote_note":"","_exactmetrics_sitenote_category":0},"product_brand":[],"product_cat":[24],"product_tag":[151,108],"class_list":{"0":"post-1044","1":"product","2":"type-product","3":"status-publish","4":"has-post-thumbnail","6":"product_cat-roman","7":"product_tag-gallo-max","8":"product_tag-roman-historique","10":"first","11":"instock","12":"sold-individually","13":"taxable","14":"shipping-taxable","15":"purchasable","16":"product-type-simple"},"acf":[],"yoast_head":"<!-- This site is optimized with the Yoast SEO plugin v26.6 - https:\/\/yoast.com\/wordpress\/plugins\/seo\/ -->\n<title>La baie des Anges - Le Chtululu<\/title>\n<meta name=\"robots\" content=\"index, follow, max-snippet:-1, max-image-preview:large, max-video-preview:-1\" \/>\n<link rel=\"canonical\" href=\"https:\/\/chtululu.be\/index.php\/produit\/la-baie-des-anges\/\" \/>\n<meta property=\"og:locale\" content=\"fr_FR\" \/>\n<meta property=\"og:type\" content=\"article\" \/>\n<meta property=\"og:title\" content=\"La baie des Anges - Le Chtululu\" \/>\n<meta property=\"og:description\" content=\"Gallo Max Par centaines, en cette ann\u00e9e de disgr\u00e2ce de 1880, ils fuient leur Pi\u00e9mont italien, leur terre de mis\u00e8re qui ne les nourrit plus. A la mort de leur m\u00e8re, apr\u00e8s six jours de marche, les fr\u00e8res Revelli d\u00e9couvrent les lumi\u00e8res de Nice, comme la promesse d&#039;une vie nouvelle. La ville ne tarde pas \u00e0 transformer ces hommes frustes, intelligents et assoiff\u00e9s de dignit\u00e9. L&#039;\u00e9nergique et ambitieux Carlo Revelli s&#039;impose sur les chantiers de construction. Vincente entre au service du docteur Merani, notable influent, de m\u00eame que Luigi, le plus jeune et le plus s\u00e9duisant des trois. Mais ce dernier semble choisir le mauvais chemin, celui des affaires louches et dangereuses. Il faudra tr\u00e8s peu de temps pour faire d&#039;eux des Fran\u00e7ais \u00e0 part enti\u00e8re.\" \/>\n<meta property=\"og:url\" content=\"https:\/\/chtululu.be\/index.php\/produit\/la-baie-des-anges\/\" \/>\n<meta property=\"og:site_name\" content=\"Le Chtululu\" \/>\n<meta property=\"article:modified_time\" content=\"2017-02-28T10:24:20+00:00\" \/>\n<meta property=\"og:image\" content=\"https:\/\/chtululu.be\/wp-content\/uploads\/2017\/02\/baie_des_Anges.jpg\" \/>\n\t<meta property=\"og:image:width\" content=\"200\" \/>\n\t<meta property=\"og:image:height\" content=\"312\" \/>\n\t<meta property=\"og:image:type\" content=\"image\/jpeg\" \/>\n<meta name=\"twitter:card\" content=\"summary_large_image\" \/>\n<script type=\"application\/ld+json\" class=\"yoast-schema-graph\">{\"@context\":\"https:\/\/schema.org\",\"@graph\":[{\"@type\":\"WebPage\",\"@id\":\"https:\/\/chtululu.be\/index.php\/produit\/la-baie-des-anges\/\",\"url\":\"https:\/\/chtululu.be\/index.php\/produit\/la-baie-des-anges\/\",\"name\":\"La baie des Anges - Le Chtululu\",\"isPartOf\":{\"@id\":\"https:\/\/chtululu.be\/#website\"},\"primaryImageOfPage\":{\"@id\":\"https:\/\/chtululu.be\/index.php\/produit\/la-baie-des-anges\/#primaryimage\"},\"image\":{\"@id\":\"https:\/\/chtululu.be\/index.php\/produit\/la-baie-des-anges\/#primaryimage\"},\"thumbnailUrl\":\"https:\/\/chtululu.be\/wp-content\/uploads\/2017\/02\/baie_des_Anges.jpg\",\"datePublished\":\"2017-02-28T10:21:40+00:00\",\"dateModified\":\"2017-02-28T10:24:20+00:00\",\"breadcrumb\":{\"@id\":\"https:\/\/chtululu.be\/index.php\/produit\/la-baie-des-anges\/#breadcrumb\"},\"inLanguage\":\"fr-FR\",\"potentialAction\":[{\"@type\":\"ReadAction\",\"target\":[\"https:\/\/chtululu.be\/index.php\/produit\/la-baie-des-anges\/\"]}]},{\"@type\":\"ImageObject\",\"inLanguage\":\"fr-FR\",\"@id\":\"https:\/\/chtululu.be\/index.php\/produit\/la-baie-des-anges\/#primaryimage\",\"url\":\"https:\/\/chtululu.be\/wp-content\/uploads\/2017\/02\/baie_des_Anges.jpg\",\"contentUrl\":\"https:\/\/chtululu.be\/wp-content\/uploads\/2017\/02\/baie_des_Anges.jpg\",\"width\":200,\"height\":312},{\"@type\":\"BreadcrumbList\",\"@id\":\"https:\/\/chtululu.be\/index.php\/produit\/la-baie-des-anges\/#breadcrumb\",\"itemListElement\":[{\"@type\":\"ListItem\",\"position\":1,\"name\":\"Accueil\",\"item\":\"https:\/\/chtululu.be\/\"},{\"@type\":\"ListItem\",\"position\":2,\"name\":\"Les livres\",\"item\":\"https:\/\/chtululu.be\/index.php\/livres-doccasion\/\"},{\"@type\":\"ListItem\",\"position\":3,\"name\":\"La baie des Anges\"}]},{\"@type\":\"WebSite\",\"@id\":\"https:\/\/chtululu.be\/#website\",\"url\":\"https:\/\/chtululu.be\/\",\"name\":\"Le Chtululu\",\"description\":\"Votre librairie de seconde main \u00e0 Soignies\",\"publisher\":{\"@id\":\"https:\/\/chtululu.be\/#organization\"},\"potentialAction\":[{\"@type\":\"SearchAction\",\"target\":{\"@type\":\"EntryPoint\",\"urlTemplate\":\"https:\/\/chtululu.be\/?s={search_term_string}\"},\"query-input\":{\"@type\":\"PropertyValueSpecification\",\"valueRequired\":true,\"valueName\":\"search_term_string\"}}],\"inLanguage\":\"fr-FR\"},{\"@type\":\"Organization\",\"@id\":\"https:\/\/chtululu.be\/#organization\",\"name\":\"Le Chtululu\",\"url\":\"https:\/\/chtululu.be\/\",\"logo\":{\"@type\":\"ImageObject\",\"inLanguage\":\"fr-FR\",\"@id\":\"https:\/\/chtululu.be\/#\/schema\/logo\/image\/\",\"url\":\"https:\/\/chtululu.be\/wp-content\/uploads\/2016\/05\/logo-def-blanc.jpg\",\"contentUrl\":\"https:\/\/chtululu.be\/wp-content\/uploads\/2016\/05\/logo-def-blanc.jpg\",\"width\":2048,\"height\":1901,\"caption\":\"Le Chtululu\"},\"image\":{\"@id\":\"https:\/\/chtululu.be\/#\/schema\/logo\/image\/\"}}]}<\/script>\n<!-- \/ Yoast SEO plugin. -->","yoast_head_json":{"title":"La baie des Anges - Le Chtululu","robots":{"index":"index","follow":"follow","max-snippet":"max-snippet:-1","max-image-preview":"max-image-preview:large","max-video-preview":"max-video-preview:-1"},"canonical":"https:\/\/chtululu.be\/index.php\/produit\/la-baie-des-anges\/","og_locale":"fr_FR","og_type":"article","og_title":"La baie des Anges - Le Chtululu","og_description":"Gallo Max Par centaines, en cette ann\u00e9e de disgr\u00e2ce de 1880, ils fuient leur Pi\u00e9mont italien, leur terre de mis\u00e8re qui ne les nourrit plus. A la mort de leur m\u00e8re, apr\u00e8s six jours de marche, les fr\u00e8res Revelli d\u00e9couvrent les lumi\u00e8res de Nice, comme la promesse d'une vie nouvelle. La ville ne tarde pas \u00e0 transformer ces hommes frustes, intelligents et assoiff\u00e9s de dignit\u00e9. L'\u00e9nergique et ambitieux Carlo Revelli s'impose sur les chantiers de construction. Vincente entre au service du docteur Merani, notable influent, de m\u00eame que Luigi, le plus jeune et le plus s\u00e9duisant des trois. Mais ce dernier semble choisir le mauvais chemin, celui des affaires louches et dangereuses. Il faudra tr\u00e8s peu de temps pour faire d'eux des Fran\u00e7ais \u00e0 part enti\u00e8re.","og_url":"https:\/\/chtululu.be\/index.php\/produit\/la-baie-des-anges\/","og_site_name":"Le Chtululu","article_modified_time":"2017-02-28T10:24:20+00:00","og_image":[{"width":200,"height":312,"url":"https:\/\/chtululu.be\/wp-content\/uploads\/2017\/02\/baie_des_Anges.jpg","type":"image\/jpeg"}],"twitter_card":"summary_large_image","schema":{"@context":"https:\/\/schema.org","@graph":[{"@type":"WebPage","@id":"https:\/\/chtululu.be\/index.php\/produit\/la-baie-des-anges\/","url":"https:\/\/chtululu.be\/index.php\/produit\/la-baie-des-anges\/","name":"La baie des Anges - Le Chtululu","isPartOf":{"@id":"https:\/\/chtululu.be\/#website"},"primaryImageOfPage":{"@id":"https:\/\/chtululu.be\/index.php\/produit\/la-baie-des-anges\/#primaryimage"},"image":{"@id":"https:\/\/chtululu.be\/index.php\/produit\/la-baie-des-anges\/#primaryimage"},"thumbnailUrl":"https:\/\/chtululu.be\/wp-content\/uploads\/2017\/02\/baie_des_Anges.jpg","datePublished":"2017-02-28T10:21:40+00:00","dateModified":"2017-02-28T10:24:20+00:00","breadcrumb":{"@id":"https:\/\/chtululu.be\/index.php\/produit\/la-baie-des-anges\/#breadcrumb"},"inLanguage":"fr-FR","potentialAction":[{"@type":"ReadAction","target":["https:\/\/chtululu.be\/index.php\/produit\/la-baie-des-anges\/"]}]},{"@type":"ImageObject","inLanguage":"fr-FR","@id":"https:\/\/chtululu.be\/index.php\/produit\/la-baie-des-anges\/#primaryimage","url":"https:\/\/chtululu.be\/wp-content\/uploads\/2017\/02\/baie_des_Anges.jpg","contentUrl":"https:\/\/chtululu.be\/wp-content\/uploads\/2017\/02\/baie_des_Anges.jpg","width":200,"height":312},{"@type":"BreadcrumbList","@id":"https:\/\/chtululu.be\/index.php\/produit\/la-baie-des-anges\/#breadcrumb","itemListElement":[{"@type":"ListItem","position":1,"name":"Accueil","item":"https:\/\/chtululu.be\/"},{"@type":"ListItem","position":2,"name":"Les livres","item":"https:\/\/chtululu.be\/index.php\/livres-doccasion\/"},{"@type":"ListItem","position":3,"name":"La baie des Anges"}]},{"@type":"WebSite","@id":"https:\/\/chtululu.be\/#website","url":"https:\/\/chtululu.be\/","name":"Le Chtululu","description":"Votre librairie de seconde main \u00e0 Soignies","publisher":{"@id":"https:\/\/chtululu.be\/#organization"},"potentialAction":[{"@type":"SearchAction","target":{"@type":"EntryPoint","urlTemplate":"https:\/\/chtululu.be\/?s={search_term_string}"},"query-input":{"@type":"PropertyValueSpecification","valueRequired":true,"valueName":"search_term_string"}}],"inLanguage":"fr-FR"},{"@type":"Organization","@id":"https:\/\/chtululu.be\/#organization","name":"Le Chtululu","url":"https:\/\/chtululu.be\/","logo":{"@type":"ImageObject","inLanguage":"fr-FR","@id":"https:\/\/chtululu.be\/#\/schema\/logo\/image\/","url":"https:\/\/chtululu.be\/wp-content\/uploads\/2016\/05\/logo-def-blanc.jpg","contentUrl":"https:\/\/chtululu.be\/wp-content\/uploads\/2016\/05\/logo-def-blanc.jpg","width":2048,"height":1901,"caption":"Le Chtululu"},"image":{"@id":"https:\/\/chtululu.be\/#\/schema\/logo\/image\/"}}]}},"_links":{"self":[{"href":"https:\/\/chtululu.be\/index.php\/wp-json\/wp\/v2\/product\/1044","targetHints":{"allow":["GET"]}}],"collection":[{"href":"https:\/\/chtululu.be\/index.php\/wp-json\/wp\/v2\/product"}],"about":[{"href":"https:\/\/chtululu.be\/index.php\/wp-json\/wp\/v2\/types\/product"}],"wp:featuredmedia":[{"embeddable":true,"href":"https:\/\/chtululu.be\/index.php\/wp-json\/wp\/v2\/media\/1034"}],"wp:attachment":[{"href":"https:\/\/chtululu.be\/index.php\/wp-json\/wp\/v2\/media?parent=1044"}],"wp:term":[{"taxonomy":"product_brand","embeddable":true,"href":"https:\/\/chtululu.be\/index.php\/wp-json\/wp\/v2\/product_brand?post=1044"},{"taxonomy":"product_cat","embeddable":true,"href":"https:\/\/chtululu.be\/index.php\/wp-json\/wp\/v2\/product_cat?post=1044"},{"taxonomy":"product_tag","embeddable":true,"href":"https:\/\/chtululu.be\/index.php\/wp-json\/wp\/v2\/product_tag?post=1044"}],"curies":[{"name":"wp","href":"https:\/\/api.w.org\/{rel}","templated":true}]}}