{"id":1015,"date":"2017-02-25T18:46:17","date_gmt":"2017-02-25T17:46:17","guid":{"rendered":"http:\/\/chtululu.be\/index.php\/produit\/les-annees-passion\/"},"modified":"2017-02-26T18:32:50","modified_gmt":"2017-02-26T17:32:50","slug":"les-annees-passion","status":"publish","type":"product","link":"https:\/\/chtululu.be\/index.php\/produit\/les-annees-passion\/","title":{"rendered":"Les ann\u00e9es passion"},"content":{"rendered":"","protected":false},"excerpt":{"rendered":"<p><strong>Bourdin Fran\u00e7oise<\/strong><br \/>\nDans le Bordeaux des ann\u00e9es quatre-vingt, Lucr\u00e8ce, jeune femme ravissante et passionn\u00e9e, m\u00e8ne de front ses \u00e9tudes de journalisme et un emploi de caissi\u00e8re. Depuis le divorce de ses parents, elle vit avec son fr\u00e8re Julien dans un pavillon de banlieue. Bless\u00e9e par l&rsquo;indiff\u00e9rence de son p\u00e8re mais pleine de d\u00e9termination, Lucr\u00e8ce empoigne son destin. Tr\u00e8s t\u00f4t elle se distingue par un article explosif d\u00e9non\u00e7ant le plus grand scandale de la d\u00e9cennie. Mais parviendra-t-elle \u00e0 imposer son talent de journaliste et \u00e0 gagner son ind\u00e9pendance dans un milieu encore hostile aux femmes ? Si Lucr\u00e8ce ne manque ni de t\u00e9nacit\u00e9 ni de courage, elle peine cependant \u00e0 laisser parler son coeur. Car, \u00e0 travers les \u00e9preuves et les rencontres, ce n&rsquo;est pas seulement l&rsquo;aventure que poursuit la jeune femme, mais aussi sa revanche sur la vie&#8230;Dans ce roman qui m\u00eale habilement fiction et r\u00e9alit\u00e9, Fran\u00e7oise Bourdin exalte \u00e0 nouveau la force des sentiments et dresse le portrait d&rsquo;une femme libre, dans une \u00e9poque pleine d&rsquo;espoirs et de bouleversements.<\/p>\n","protected":false},"featured_media":1005,"template":"","meta":{"_acf_changed":false,"_exactmetrics_skip_tracking":false,"_exactmetrics_sitenote_active":false,"_exactmetrics_sitenote_note":"","_exactmetrics_sitenote_category":0},"product_brand":[],"product_cat":[24],"product_tag":[65],"class_list":{"0":"post-1015","1":"product","2":"type-product","3":"status-publish","4":"has-post-thumbnail","6":"product_cat-roman","7":"product_tag-bourdin-francoise","9":"first","10":"instock","11":"taxable","12":"shipping-taxable","13":"purchasable","14":"product-type-simple"},"acf":[],"yoast_head":"<!-- This site is optimized with the Yoast SEO plugin v26.6 - https:\/\/yoast.com\/wordpress\/plugins\/seo\/ -->\n<title>Les ann\u00e9es passion - Le Chtululu<\/title>\n<meta name=\"robots\" content=\"index, follow, max-snippet:-1, max-image-preview:large, max-video-preview:-1\" \/>\n<link rel=\"canonical\" href=\"https:\/\/chtululu.be\/index.php\/produit\/les-annees-passion\/\" \/>\n<meta property=\"og:locale\" content=\"fr_FR\" \/>\n<meta property=\"og:type\" content=\"article\" \/>\n<meta property=\"og:title\" content=\"Les ann\u00e9es passion - Le Chtululu\" \/>\n<meta property=\"og:description\" content=\"Bourdin Fran\u00e7oise Dans le Bordeaux des ann\u00e9es quatre-vingt, Lucr\u00e8ce, jeune femme ravissante et passionn\u00e9e, m\u00e8ne de front ses \u00e9tudes de journalisme et un emploi de caissi\u00e8re. Depuis le divorce de ses parents, elle vit avec son fr\u00e8re Julien dans un pavillon de banlieue. Bless\u00e9e par l&#039;indiff\u00e9rence de son p\u00e8re mais pleine de d\u00e9termination, Lucr\u00e8ce empoigne son destin. Tr\u00e8s t\u00f4t elle se distingue par un article explosif d\u00e9non\u00e7ant le plus grand scandale de la d\u00e9cennie. Mais parviendra-t-elle \u00e0 imposer son talent de journaliste et \u00e0 gagner son ind\u00e9pendance dans un milieu encore hostile aux femmes ? Si Lucr\u00e8ce ne manque ni de t\u00e9nacit\u00e9 ni de courage, elle peine cependant \u00e0 laisser parler son coeur. Car, \u00e0 travers les \u00e9preuves et les rencontres, ce n&#039;est pas seulement l&#039;aventure que poursuit la jeune femme, mais aussi sa revanche sur la vie...Dans ce roman qui m\u00eale habilement fiction et r\u00e9alit\u00e9, Fran\u00e7oise Bourdin exalte \u00e0 nouveau la force des sentiments et dresse le portrait d&#039;une femme libre, dans une \u00e9poque pleine d&#039;espoirs et de bouleversements.\" \/>\n<meta property=\"og:url\" content=\"https:\/\/chtululu.be\/index.php\/produit\/les-annees-passion\/\" \/>\n<meta property=\"og:site_name\" content=\"Le Chtululu\" \/>\n<meta property=\"article:modified_time\" content=\"2017-02-26T17:32:50+00:00\" \/>\n<meta property=\"og:image\" content=\"https:\/\/chtululu.be\/wp-content\/uploads\/2017\/02\/passion.jpg\" \/>\n\t<meta property=\"og:image:width\" content=\"200\" \/>\n\t<meta property=\"og:image:height\" content=\"332\" \/>\n\t<meta property=\"og:image:type\" content=\"image\/jpeg\" \/>\n<meta name=\"twitter:card\" content=\"summary_large_image\" \/>\n<script type=\"application\/ld+json\" class=\"yoast-schema-graph\">{\"@context\":\"https:\/\/schema.org\",\"@graph\":[{\"@type\":\"WebPage\",\"@id\":\"https:\/\/chtululu.be\/index.php\/produit\/les-annees-passion\/\",\"url\":\"https:\/\/chtululu.be\/index.php\/produit\/les-annees-passion\/\",\"name\":\"Les ann\u00e9es passion - Le Chtululu\",\"isPartOf\":{\"@id\":\"https:\/\/chtululu.be\/#website\"},\"primaryImageOfPage\":{\"@id\":\"https:\/\/chtululu.be\/index.php\/produit\/les-annees-passion\/#primaryimage\"},\"image\":{\"@id\":\"https:\/\/chtululu.be\/index.php\/produit\/les-annees-passion\/#primaryimage\"},\"thumbnailUrl\":\"https:\/\/chtululu.be\/wp-content\/uploads\/2017\/02\/passion.jpg\",\"datePublished\":\"2017-02-25T17:46:17+00:00\",\"dateModified\":\"2017-02-26T17:32:50+00:00\",\"breadcrumb\":{\"@id\":\"https:\/\/chtululu.be\/index.php\/produit\/les-annees-passion\/#breadcrumb\"},\"inLanguage\":\"fr-FR\",\"potentialAction\":[{\"@type\":\"ReadAction\",\"target\":[\"https:\/\/chtululu.be\/index.php\/produit\/les-annees-passion\/\"]}]},{\"@type\":\"ImageObject\",\"inLanguage\":\"fr-FR\",\"@id\":\"https:\/\/chtululu.be\/index.php\/produit\/les-annees-passion\/#primaryimage\",\"url\":\"https:\/\/chtululu.be\/wp-content\/uploads\/2017\/02\/passion.jpg\",\"contentUrl\":\"https:\/\/chtululu.be\/wp-content\/uploads\/2017\/02\/passion.jpg\",\"width\":200,\"height\":332},{\"@type\":\"BreadcrumbList\",\"@id\":\"https:\/\/chtululu.be\/index.php\/produit\/les-annees-passion\/#breadcrumb\",\"itemListElement\":[{\"@type\":\"ListItem\",\"position\":1,\"name\":\"Accueil\",\"item\":\"https:\/\/chtululu.be\/\"},{\"@type\":\"ListItem\",\"position\":2,\"name\":\"Les livres\",\"item\":\"https:\/\/chtululu.be\/index.php\/livres-doccasion\/\"},{\"@type\":\"ListItem\",\"position\":3,\"name\":\"Les ann\u00e9es passion\"}]},{\"@type\":\"WebSite\",\"@id\":\"https:\/\/chtululu.be\/#website\",\"url\":\"https:\/\/chtululu.be\/\",\"name\":\"Le Chtululu\",\"description\":\"Votre librairie de seconde main \u00e0 Soignies\",\"publisher\":{\"@id\":\"https:\/\/chtululu.be\/#organization\"},\"potentialAction\":[{\"@type\":\"SearchAction\",\"target\":{\"@type\":\"EntryPoint\",\"urlTemplate\":\"https:\/\/chtululu.be\/?s={search_term_string}\"},\"query-input\":{\"@type\":\"PropertyValueSpecification\",\"valueRequired\":true,\"valueName\":\"search_term_string\"}}],\"inLanguage\":\"fr-FR\"},{\"@type\":\"Organization\",\"@id\":\"https:\/\/chtululu.be\/#organization\",\"name\":\"Le Chtululu\",\"url\":\"https:\/\/chtululu.be\/\",\"logo\":{\"@type\":\"ImageObject\",\"inLanguage\":\"fr-FR\",\"@id\":\"https:\/\/chtululu.be\/#\/schema\/logo\/image\/\",\"url\":\"https:\/\/chtululu.be\/wp-content\/uploads\/2016\/05\/logo-def-blanc.jpg\",\"contentUrl\":\"https:\/\/chtululu.be\/wp-content\/uploads\/2016\/05\/logo-def-blanc.jpg\",\"width\":2048,\"height\":1901,\"caption\":\"Le Chtululu\"},\"image\":{\"@id\":\"https:\/\/chtululu.be\/#\/schema\/logo\/image\/\"}}]}<\/script>\n<!-- \/ Yoast SEO plugin. -->","yoast_head_json":{"title":"Les ann\u00e9es passion - Le Chtululu","robots":{"index":"index","follow":"follow","max-snippet":"max-snippet:-1","max-image-preview":"max-image-preview:large","max-video-preview":"max-video-preview:-1"},"canonical":"https:\/\/chtululu.be\/index.php\/produit\/les-annees-passion\/","og_locale":"fr_FR","og_type":"article","og_title":"Les ann\u00e9es passion - Le Chtululu","og_description":"Bourdin Fran\u00e7oise Dans le Bordeaux des ann\u00e9es quatre-vingt, Lucr\u00e8ce, jeune femme ravissante et passionn\u00e9e, m\u00e8ne de front ses \u00e9tudes de journalisme et un emploi de caissi\u00e8re. Depuis le divorce de ses parents, elle vit avec son fr\u00e8re Julien dans un pavillon de banlieue. Bless\u00e9e par l'indiff\u00e9rence de son p\u00e8re mais pleine de d\u00e9termination, Lucr\u00e8ce empoigne son destin. Tr\u00e8s t\u00f4t elle se distingue par un article explosif d\u00e9non\u00e7ant le plus grand scandale de la d\u00e9cennie. Mais parviendra-t-elle \u00e0 imposer son talent de journaliste et \u00e0 gagner son ind\u00e9pendance dans un milieu encore hostile aux femmes ? Si Lucr\u00e8ce ne manque ni de t\u00e9nacit\u00e9 ni de courage, elle peine cependant \u00e0 laisser parler son coeur. Car, \u00e0 travers les \u00e9preuves et les rencontres, ce n'est pas seulement l'aventure que poursuit la jeune femme, mais aussi sa revanche sur la vie...Dans ce roman qui m\u00eale habilement fiction et r\u00e9alit\u00e9, Fran\u00e7oise Bourdin exalte \u00e0 nouveau la force des sentiments et dresse le portrait d'une femme libre, dans une \u00e9poque pleine d'espoirs et de bouleversements.","og_url":"https:\/\/chtululu.be\/index.php\/produit\/les-annees-passion\/","og_site_name":"Le Chtululu","article_modified_time":"2017-02-26T17:32:50+00:00","og_image":[{"width":200,"height":332,"url":"https:\/\/chtululu.be\/wp-content\/uploads\/2017\/02\/passion.jpg","type":"image\/jpeg"}],"twitter_card":"summary_large_image","schema":{"@context":"https:\/\/schema.org","@graph":[{"@type":"WebPage","@id":"https:\/\/chtululu.be\/index.php\/produit\/les-annees-passion\/","url":"https:\/\/chtululu.be\/index.php\/produit\/les-annees-passion\/","name":"Les ann\u00e9es passion - Le Chtululu","isPartOf":{"@id":"https:\/\/chtululu.be\/#website"},"primaryImageOfPage":{"@id":"https:\/\/chtululu.be\/index.php\/produit\/les-annees-passion\/#primaryimage"},"image":{"@id":"https:\/\/chtululu.be\/index.php\/produit\/les-annees-passion\/#primaryimage"},"thumbnailUrl":"https:\/\/chtululu.be\/wp-content\/uploads\/2017\/02\/passion.jpg","datePublished":"2017-02-25T17:46:17+00:00","dateModified":"2017-02-26T17:32:50+00:00","breadcrumb":{"@id":"https:\/\/chtululu.be\/index.php\/produit\/les-annees-passion\/#breadcrumb"},"inLanguage":"fr-FR","potentialAction":[{"@type":"ReadAction","target":["https:\/\/chtululu.be\/index.php\/produit\/les-annees-passion\/"]}]},{"@type":"ImageObject","inLanguage":"fr-FR","@id":"https:\/\/chtululu.be\/index.php\/produit\/les-annees-passion\/#primaryimage","url":"https:\/\/chtululu.be\/wp-content\/uploads\/2017\/02\/passion.jpg","contentUrl":"https:\/\/chtululu.be\/wp-content\/uploads\/2017\/02\/passion.jpg","width":200,"height":332},{"@type":"BreadcrumbList","@id":"https:\/\/chtululu.be\/index.php\/produit\/les-annees-passion\/#breadcrumb","itemListElement":[{"@type":"ListItem","position":1,"name":"Accueil","item":"https:\/\/chtululu.be\/"},{"@type":"ListItem","position":2,"name":"Les livres","item":"https:\/\/chtululu.be\/index.php\/livres-doccasion\/"},{"@type":"ListItem","position":3,"name":"Les ann\u00e9es passion"}]},{"@type":"WebSite","@id":"https:\/\/chtululu.be\/#website","url":"https:\/\/chtululu.be\/","name":"Le Chtululu","description":"Votre librairie de seconde main \u00e0 Soignies","publisher":{"@id":"https:\/\/chtululu.be\/#organization"},"potentialAction":[{"@type":"SearchAction","target":{"@type":"EntryPoint","urlTemplate":"https:\/\/chtululu.be\/?s={search_term_string}"},"query-input":{"@type":"PropertyValueSpecification","valueRequired":true,"valueName":"search_term_string"}}],"inLanguage":"fr-FR"},{"@type":"Organization","@id":"https:\/\/chtululu.be\/#organization","name":"Le Chtululu","url":"https:\/\/chtululu.be\/","logo":{"@type":"ImageObject","inLanguage":"fr-FR","@id":"https:\/\/chtululu.be\/#\/schema\/logo\/image\/","url":"https:\/\/chtululu.be\/wp-content\/uploads\/2016\/05\/logo-def-blanc.jpg","contentUrl":"https:\/\/chtululu.be\/wp-content\/uploads\/2016\/05\/logo-def-blanc.jpg","width":2048,"height":1901,"caption":"Le Chtululu"},"image":{"@id":"https:\/\/chtululu.be\/#\/schema\/logo\/image\/"}}]}},"_links":{"self":[{"href":"https:\/\/chtululu.be\/index.php\/wp-json\/wp\/v2\/product\/1015","targetHints":{"allow":["GET"]}}],"collection":[{"href":"https:\/\/chtululu.be\/index.php\/wp-json\/wp\/v2\/product"}],"about":[{"href":"https:\/\/chtululu.be\/index.php\/wp-json\/wp\/v2\/types\/product"}],"wp:featuredmedia":[{"embeddable":true,"href":"https:\/\/chtululu.be\/index.php\/wp-json\/wp\/v2\/media\/1005"}],"wp:attachment":[{"href":"https:\/\/chtululu.be\/index.php\/wp-json\/wp\/v2\/media?parent=1015"}],"wp:term":[{"taxonomy":"product_brand","embeddable":true,"href":"https:\/\/chtululu.be\/index.php\/wp-json\/wp\/v2\/product_brand?post=1015"},{"taxonomy":"product_cat","embeddable":true,"href":"https:\/\/chtululu.be\/index.php\/wp-json\/wp\/v2\/product_cat?post=1015"},{"taxonomy":"product_tag","embeddable":true,"href":"https:\/\/chtululu.be\/index.php\/wp-json\/wp\/v2\/product_tag?post=1015"}],"curies":[{"name":"wp","href":"https:\/\/api.w.org\/{rel}","templated":true}]}}