{"id":1011,"date":"2017-02-25T18:46:14","date_gmt":"2017-02-25T17:46:14","guid":{"rendered":"http:\/\/chtululu.be\/index.php\/produit\/deau-et-de-feu\/"},"modified":"2017-02-25T18:59:26","modified_gmt":"2017-02-25T17:59:26","slug":"deau-et-de-feu","status":"publish","type":"product","link":"https:\/\/chtululu.be\/index.php\/produit\/deau-et-de-feu\/","title":{"rendered":"D&rsquo;eau et de feu"},"content":{"rendered":"","protected":false},"excerpt":{"rendered":"<p><strong>Bourdin Fran\u00e7oise<\/strong><br \/>\nAu coeur de l&rsquo;Ecosse, un vaste manoir victorien abrite une famille fra\u00eechement recompos\u00e9e. De cette confrontation tumultueuse et violente va na\u00eetre une intense passion.<\/p>\n<p>Le jeune Scott revient au domaine familial de Gillepsie. Stup\u00e9fait, il d\u00e9couvre que son p\u00e8re, Angus, patriarche autoritaire et vieillissant, s&rsquo;est remari\u00e9 avec une Fran\u00e7aise, Am\u00e9lie. Install\u00e9e \u00e0 demeure en compagnie de ses quatre enfants, trois gar\u00e7ons turbulents et une jeune fille, Kate, cette nouvelle belle-m\u00e8re a bien l&rsquo;intention de marquer son territoire.<\/p>\n<p>De son c\u00f4t\u00e9, Scott ne trouve pas cette famille recompos\u00e9e particuli\u00e8rement \u00e0 son go\u00fbt. Les temp\u00e9raments s&rsquo;affrontent et les jalousies s&rsquo;installent. La tension sourd silencieusement autour du v\u00e9ritable enjeu familial : qui sera l&rsquo;h\u00e9ritier ?<\/p>\n<p>Qui gardera le domaine et fera fructifier l&rsquo;entreprise de distillerie de Gillepsie ? Chaque clan aiguise ses armes, mais un amour improbable, impossible, fera peut-\u00eatre tout basculer. Entre rivalit\u00e9s, blessures anciennes et r\u00e8glements de compte, un puissant drame passionnel : le meilleur de Fran\u00e7oise Bourdin.<\/p>\n","protected":false},"featured_media":1009,"template":"","meta":{"_acf_changed":false,"_exactmetrics_skip_tracking":false,"_exactmetrics_sitenote_active":false,"_exactmetrics_sitenote_note":"","_exactmetrics_sitenote_category":0},"product_brand":[],"product_cat":[24],"product_tag":[65],"class_list":{"0":"post-1011","1":"product","2":"type-product","3":"status-publish","4":"has-post-thumbnail","6":"product_cat-roman","7":"product_tag-bourdin-francoise","9":"first","10":"instock","11":"sold-individually","12":"taxable","13":"shipping-taxable","14":"purchasable","15":"product-type-simple"},"acf":[],"yoast_head":"<!-- This site is optimized with the Yoast SEO plugin v26.6 - https:\/\/yoast.com\/wordpress\/plugins\/seo\/ -->\n<title>D&#039;eau et de feu - Le Chtululu<\/title>\n<meta name=\"robots\" content=\"index, follow, max-snippet:-1, max-image-preview:large, max-video-preview:-1\" \/>\n<link rel=\"canonical\" href=\"https:\/\/chtululu.be\/index.php\/produit\/deau-et-de-feu\/\" \/>\n<meta property=\"og:locale\" content=\"fr_FR\" \/>\n<meta property=\"og:type\" content=\"article\" \/>\n<meta property=\"og:title\" content=\"D&#039;eau et de feu - Le Chtululu\" \/>\n<meta property=\"og:description\" content=\"Bourdin Fran\u00e7oise Au coeur de l&#039;Ecosse, un vaste manoir victorien abrite une famille fra\u00eechement recompos\u00e9e. De cette confrontation tumultueuse et violente va na\u00eetre une intense passion.  Le jeune Scott revient au domaine familial de Gillepsie. Stup\u00e9fait, il d\u00e9couvre que son p\u00e8re, Angus, patriarche autoritaire et vieillissant, s&#039;est remari\u00e9 avec une Fran\u00e7aise, Am\u00e9lie. Install\u00e9e \u00e0 demeure en compagnie de ses quatre enfants, trois gar\u00e7ons turbulents et une jeune fille, Kate, cette nouvelle belle-m\u00e8re a bien l&#039;intention de marquer son territoire.  De son c\u00f4t\u00e9, Scott ne trouve pas cette famille recompos\u00e9e particuli\u00e8rement \u00e0 son go\u00fbt. Les temp\u00e9raments s&#039;affrontent et les jalousies s&#039;installent. La tension sourd silencieusement autour du v\u00e9ritable enjeu familial : qui sera l&#039;h\u00e9ritier ?  Qui gardera le domaine et fera fructifier l&#039;entreprise de distillerie de Gillepsie ? Chaque clan aiguise ses armes, mais un amour improbable, impossible, fera peut-\u00eatre tout basculer. Entre rivalit\u00e9s, blessures anciennes et r\u00e8glements de compte, un puissant drame passionnel : le meilleur de Fran\u00e7oise Bourdin.\" \/>\n<meta property=\"og:url\" content=\"https:\/\/chtululu.be\/index.php\/produit\/deau-et-de-feu\/\" \/>\n<meta property=\"og:site_name\" content=\"Le Chtululu\" \/>\n<meta property=\"article:modified_time\" content=\"2017-02-25T17:59:26+00:00\" \/>\n<meta property=\"og:image\" content=\"https:\/\/chtululu.be\/wp-content\/uploads\/2017\/02\/eau.jpg\" \/>\n\t<meta property=\"og:image:width\" content=\"200\" \/>\n\t<meta property=\"og:image:height\" content=\"322\" \/>\n\t<meta property=\"og:image:type\" content=\"image\/jpeg\" \/>\n<meta name=\"twitter:card\" content=\"summary_large_image\" \/>\n<script type=\"application\/ld+json\" class=\"yoast-schema-graph\">{\"@context\":\"https:\/\/schema.org\",\"@graph\":[{\"@type\":\"WebPage\",\"@id\":\"https:\/\/chtululu.be\/index.php\/produit\/deau-et-de-feu\/\",\"url\":\"https:\/\/chtululu.be\/index.php\/produit\/deau-et-de-feu\/\",\"name\":\"D'eau et de feu - Le Chtululu\",\"isPartOf\":{\"@id\":\"https:\/\/chtululu.be\/#website\"},\"primaryImageOfPage\":{\"@id\":\"https:\/\/chtululu.be\/index.php\/produit\/deau-et-de-feu\/#primaryimage\"},\"image\":{\"@id\":\"https:\/\/chtululu.be\/index.php\/produit\/deau-et-de-feu\/#primaryimage\"},\"thumbnailUrl\":\"https:\/\/chtululu.be\/wp-content\/uploads\/2017\/02\/eau.jpg\",\"datePublished\":\"2017-02-25T17:46:14+00:00\",\"dateModified\":\"2017-02-25T17:59:26+00:00\",\"breadcrumb\":{\"@id\":\"https:\/\/chtululu.be\/index.php\/produit\/deau-et-de-feu\/#breadcrumb\"},\"inLanguage\":\"fr-FR\",\"potentialAction\":[{\"@type\":\"ReadAction\",\"target\":[\"https:\/\/chtululu.be\/index.php\/produit\/deau-et-de-feu\/\"]}]},{\"@type\":\"ImageObject\",\"inLanguage\":\"fr-FR\",\"@id\":\"https:\/\/chtululu.be\/index.php\/produit\/deau-et-de-feu\/#primaryimage\",\"url\":\"https:\/\/chtululu.be\/wp-content\/uploads\/2017\/02\/eau.jpg\",\"contentUrl\":\"https:\/\/chtululu.be\/wp-content\/uploads\/2017\/02\/eau.jpg\",\"width\":200,\"height\":322},{\"@type\":\"BreadcrumbList\",\"@id\":\"https:\/\/chtululu.be\/index.php\/produit\/deau-et-de-feu\/#breadcrumb\",\"itemListElement\":[{\"@type\":\"ListItem\",\"position\":1,\"name\":\"Accueil\",\"item\":\"https:\/\/chtululu.be\/\"},{\"@type\":\"ListItem\",\"position\":2,\"name\":\"Les livres\",\"item\":\"https:\/\/chtululu.be\/index.php\/livres-doccasion\/\"},{\"@type\":\"ListItem\",\"position\":3,\"name\":\"D&rsquo;eau et de feu\"}]},{\"@type\":\"WebSite\",\"@id\":\"https:\/\/chtululu.be\/#website\",\"url\":\"https:\/\/chtululu.be\/\",\"name\":\"Le Chtululu\",\"description\":\"Votre librairie de seconde main \u00e0 Soignies\",\"publisher\":{\"@id\":\"https:\/\/chtululu.be\/#organization\"},\"potentialAction\":[{\"@type\":\"SearchAction\",\"target\":{\"@type\":\"EntryPoint\",\"urlTemplate\":\"https:\/\/chtululu.be\/?s={search_term_string}\"},\"query-input\":{\"@type\":\"PropertyValueSpecification\",\"valueRequired\":true,\"valueName\":\"search_term_string\"}}],\"inLanguage\":\"fr-FR\"},{\"@type\":\"Organization\",\"@id\":\"https:\/\/chtululu.be\/#organization\",\"name\":\"Le Chtululu\",\"url\":\"https:\/\/chtululu.be\/\",\"logo\":{\"@type\":\"ImageObject\",\"inLanguage\":\"fr-FR\",\"@id\":\"https:\/\/chtululu.be\/#\/schema\/logo\/image\/\",\"url\":\"https:\/\/chtululu.be\/wp-content\/uploads\/2016\/05\/logo-def-blanc.jpg\",\"contentUrl\":\"https:\/\/chtululu.be\/wp-content\/uploads\/2016\/05\/logo-def-blanc.jpg\",\"width\":2048,\"height\":1901,\"caption\":\"Le Chtululu\"},\"image\":{\"@id\":\"https:\/\/chtululu.be\/#\/schema\/logo\/image\/\"}}]}<\/script>\n<!-- \/ Yoast SEO plugin. -->","yoast_head_json":{"title":"D'eau et de feu - Le Chtululu","robots":{"index":"index","follow":"follow","max-snippet":"max-snippet:-1","max-image-preview":"max-image-preview:large","max-video-preview":"max-video-preview:-1"},"canonical":"https:\/\/chtululu.be\/index.php\/produit\/deau-et-de-feu\/","og_locale":"fr_FR","og_type":"article","og_title":"D'eau et de feu - Le Chtululu","og_description":"Bourdin Fran\u00e7oise Au coeur de l'Ecosse, un vaste manoir victorien abrite une famille fra\u00eechement recompos\u00e9e. De cette confrontation tumultueuse et violente va na\u00eetre une intense passion.  Le jeune Scott revient au domaine familial de Gillepsie. Stup\u00e9fait, il d\u00e9couvre que son p\u00e8re, Angus, patriarche autoritaire et vieillissant, s'est remari\u00e9 avec une Fran\u00e7aise, Am\u00e9lie. Install\u00e9e \u00e0 demeure en compagnie de ses quatre enfants, trois gar\u00e7ons turbulents et une jeune fille, Kate, cette nouvelle belle-m\u00e8re a bien l'intention de marquer son territoire.  De son c\u00f4t\u00e9, Scott ne trouve pas cette famille recompos\u00e9e particuli\u00e8rement \u00e0 son go\u00fbt. Les temp\u00e9raments s'affrontent et les jalousies s'installent. La tension sourd silencieusement autour du v\u00e9ritable enjeu familial : qui sera l'h\u00e9ritier ?  Qui gardera le domaine et fera fructifier l'entreprise de distillerie de Gillepsie ? Chaque clan aiguise ses armes, mais un amour improbable, impossible, fera peut-\u00eatre tout basculer. Entre rivalit\u00e9s, blessures anciennes et r\u00e8glements de compte, un puissant drame passionnel : le meilleur de Fran\u00e7oise Bourdin.","og_url":"https:\/\/chtululu.be\/index.php\/produit\/deau-et-de-feu\/","og_site_name":"Le Chtululu","article_modified_time":"2017-02-25T17:59:26+00:00","og_image":[{"width":200,"height":322,"url":"https:\/\/chtululu.be\/wp-content\/uploads\/2017\/02\/eau.jpg","type":"image\/jpeg"}],"twitter_card":"summary_large_image","schema":{"@context":"https:\/\/schema.org","@graph":[{"@type":"WebPage","@id":"https:\/\/chtululu.be\/index.php\/produit\/deau-et-de-feu\/","url":"https:\/\/chtululu.be\/index.php\/produit\/deau-et-de-feu\/","name":"D'eau et de feu - Le Chtululu","isPartOf":{"@id":"https:\/\/chtululu.be\/#website"},"primaryImageOfPage":{"@id":"https:\/\/chtululu.be\/index.php\/produit\/deau-et-de-feu\/#primaryimage"},"image":{"@id":"https:\/\/chtululu.be\/index.php\/produit\/deau-et-de-feu\/#primaryimage"},"thumbnailUrl":"https:\/\/chtululu.be\/wp-content\/uploads\/2017\/02\/eau.jpg","datePublished":"2017-02-25T17:46:14+00:00","dateModified":"2017-02-25T17:59:26+00:00","breadcrumb":{"@id":"https:\/\/chtululu.be\/index.php\/produit\/deau-et-de-feu\/#breadcrumb"},"inLanguage":"fr-FR","potentialAction":[{"@type":"ReadAction","target":["https:\/\/chtululu.be\/index.php\/produit\/deau-et-de-feu\/"]}]},{"@type":"ImageObject","inLanguage":"fr-FR","@id":"https:\/\/chtululu.be\/index.php\/produit\/deau-et-de-feu\/#primaryimage","url":"https:\/\/chtululu.be\/wp-content\/uploads\/2017\/02\/eau.jpg","contentUrl":"https:\/\/chtululu.be\/wp-content\/uploads\/2017\/02\/eau.jpg","width":200,"height":322},{"@type":"BreadcrumbList","@id":"https:\/\/chtululu.be\/index.php\/produit\/deau-et-de-feu\/#breadcrumb","itemListElement":[{"@type":"ListItem","position":1,"name":"Accueil","item":"https:\/\/chtululu.be\/"},{"@type":"ListItem","position":2,"name":"Les livres","item":"https:\/\/chtululu.be\/index.php\/livres-doccasion\/"},{"@type":"ListItem","position":3,"name":"D&rsquo;eau et de feu"}]},{"@type":"WebSite","@id":"https:\/\/chtululu.be\/#website","url":"https:\/\/chtululu.be\/","name":"Le Chtululu","description":"Votre librairie de seconde main \u00e0 Soignies","publisher":{"@id":"https:\/\/chtululu.be\/#organization"},"potentialAction":[{"@type":"SearchAction","target":{"@type":"EntryPoint","urlTemplate":"https:\/\/chtululu.be\/?s={search_term_string}"},"query-input":{"@type":"PropertyValueSpecification","valueRequired":true,"valueName":"search_term_string"}}],"inLanguage":"fr-FR"},{"@type":"Organization","@id":"https:\/\/chtululu.be\/#organization","name":"Le Chtululu","url":"https:\/\/chtululu.be\/","logo":{"@type":"ImageObject","inLanguage":"fr-FR","@id":"https:\/\/chtululu.be\/#\/schema\/logo\/image\/","url":"https:\/\/chtululu.be\/wp-content\/uploads\/2016\/05\/logo-def-blanc.jpg","contentUrl":"https:\/\/chtululu.be\/wp-content\/uploads\/2016\/05\/logo-def-blanc.jpg","width":2048,"height":1901,"caption":"Le Chtululu"},"image":{"@id":"https:\/\/chtululu.be\/#\/schema\/logo\/image\/"}}]}},"_links":{"self":[{"href":"https:\/\/chtululu.be\/index.php\/wp-json\/wp\/v2\/product\/1011","targetHints":{"allow":["GET"]}}],"collection":[{"href":"https:\/\/chtululu.be\/index.php\/wp-json\/wp\/v2\/product"}],"about":[{"href":"https:\/\/chtululu.be\/index.php\/wp-json\/wp\/v2\/types\/product"}],"wp:featuredmedia":[{"embeddable":true,"href":"https:\/\/chtululu.be\/index.php\/wp-json\/wp\/v2\/media\/1009"}],"wp:attachment":[{"href":"https:\/\/chtululu.be\/index.php\/wp-json\/wp\/v2\/media?parent=1011"}],"wp:term":[{"taxonomy":"product_brand","embeddable":true,"href":"https:\/\/chtululu.be\/index.php\/wp-json\/wp\/v2\/product_brand?post=1011"},{"taxonomy":"product_cat","embeddable":true,"href":"https:\/\/chtululu.be\/index.php\/wp-json\/wp\/v2\/product_cat?post=1011"},{"taxonomy":"product_tag","embeddable":true,"href":"https:\/\/chtululu.be\/index.php\/wp-json\/wp\/v2\/product_tag?post=1011"}],"curies":[{"name":"wp","href":"https:\/\/api.w.org\/{rel}","templated":true}]}}