{"id":128,"date":"2016-01-25T21:58:38","date_gmt":"2016-01-25T20:58:38","guid":{"rendered":"http:\/\/chtululu.be\/?page_id=128"},"modified":"2022-02-20T15:08:21","modified_gmt":"2022-02-20T14:08:21","slug":"le-blog","status":"publish","type":"page","link":"https:\/\/chtululu.be\/index.php\/le-blog\/","title":{"rendered":"Le Blog"},"content":{"rendered":"","protected":false},"excerpt":{"rendered":"","protected":false},"author":1,"featured_media":0,"parent":0,"menu_order":0,"comment_status":"closed","ping_status":"closed","template":"blog-post-right-sidebar.php","meta":{"_acf_changed":false,"_exactmetrics_skip_tracking":false,"_exactmetrics_sitenote_active":false,"_exactmetrics_sitenote_note":"","_exactmetrics_sitenote_category":0,"footnotes":""},"class_list":["post-128","page","type-page","status-publish","hentry"],"acf":[],"yoast_head":"<!-- This site is optimized with the Yoast SEO plugin v26.6 - https:\/\/yoast.com\/wordpress\/plugins\/seo\/ -->\n<title>Le Chtululu \u00e0 la gare de Soignies - Le blog<\/title>\n<meta name=\"description\" content=\"Lisez des articles du blog pour suivre l&#039;actualit\u00e9 du Chtululu. Notre petit commerce se situe \u00e0 la gare de Soignies.\" \/>\n<meta name=\"robots\" content=\"index, follow, max-snippet:-1, max-image-preview:large, max-video-preview:-1\" \/>\n<link rel=\"canonical\" href=\"https:\/\/chtululu.be\/index.php\/le-blog\/\" \/>\n<meta property=\"og:locale\" content=\"fr_FR\" \/>\n<meta property=\"og:type\" content=\"article\" \/>\n<meta property=\"og:title\" content=\"Le Chtululu \u00e0 la gare de Soignies - Le blog\" \/>\n<meta property=\"og:description\" content=\"Lisez des articles du blog pour suivre l&#039;actualit\u00e9 du Chtululu. Notre petit commerce se situe \u00e0 la gare de Soignies.\" \/>\n<meta property=\"og:url\" content=\"https:\/\/chtululu.be\/index.php\/le-blog\/\" \/>\n<meta property=\"og:site_name\" content=\"Le Chtululu\" \/>\n<meta property=\"article:modified_time\" content=\"2022-02-20T14:08:21+00:00\" \/>\n<meta name=\"twitter:card\" content=\"summary_large_image\" \/>\n<script type=\"application\/ld+json\" class=\"yoast-schema-graph\">{\"@context\":\"https:\/\/schema.org\",\"@graph\":[{\"@type\":\"WebPage\",\"@id\":\"https:\/\/chtululu.be\/index.php\/le-blog\/\",\"url\":\"https:\/\/chtululu.be\/index.php\/le-blog\/\",\"name\":\"Le Chtululu \u00e0 la gare de Soignies - Le blog\",\"isPartOf\":{\"@id\":\"https:\/\/chtululu.be\/#website\"},\"datePublished\":\"2016-01-25T20:58:38+00:00\",\"dateModified\":\"2022-02-20T14:08:21+00:00\",\"description\":\"Lisez des articles du blog pour suivre l'actualit\u00e9 du Chtululu. Notre petit commerce se situe \u00e0 la gare de Soignies.\",\"breadcrumb\":{\"@id\":\"https:\/\/chtululu.be\/index.php\/le-blog\/#breadcrumb\"},\"inLanguage\":\"fr-FR\",\"potentialAction\":[{\"@type\":\"ReadAction\",\"target\":[\"https:\/\/chtululu.be\/index.php\/le-blog\/\"]}]},{\"@type\":\"BreadcrumbList\",\"@id\":\"https:\/\/chtululu.be\/index.php\/le-blog\/#breadcrumb\",\"itemListElement\":[{\"@type\":\"ListItem\",\"position\":1,\"name\":\"Accueil\",\"item\":\"https:\/\/chtululu.be\/\"},{\"@type\":\"ListItem\",\"position\":2,\"name\":\"Le Blog\"}]},{\"@type\":\"WebSite\",\"@id\":\"https:\/\/chtululu.be\/#website\",\"url\":\"https:\/\/chtululu.be\/\",\"name\":\"Le Chtululu\",\"description\":\"Votre librairie de seconde main \u00e0 Soignies\",\"publisher\":{\"@id\":\"https:\/\/chtululu.be\/#organization\"},\"potentialAction\":[{\"@type\":\"SearchAction\",\"target\":{\"@type\":\"EntryPoint\",\"urlTemplate\":\"https:\/\/chtululu.be\/?s={search_term_string}\"},\"query-input\":{\"@type\":\"PropertyValueSpecification\",\"valueRequired\":true,\"valueName\":\"search_term_string\"}}],\"inLanguage\":\"fr-FR\"},{\"@type\":\"Organization\",\"@id\":\"https:\/\/chtululu.be\/#organization\",\"name\":\"Le Chtululu\",\"url\":\"https:\/\/chtululu.be\/\",\"logo\":{\"@type\":\"ImageObject\",\"inLanguage\":\"fr-FR\",\"@id\":\"https:\/\/chtululu.be\/#\/schema\/logo\/image\/\",\"url\":\"https:\/\/chtululu.be\/wp-content\/uploads\/2016\/05\/logo-def-blanc.jpg\",\"contentUrl\":\"https:\/\/chtululu.be\/wp-content\/uploads\/2016\/05\/logo-def-blanc.jpg\",\"width\":2048,\"height\":1901,\"caption\":\"Le Chtululu\"},\"image\":{\"@id\":\"https:\/\/chtululu.be\/#\/schema\/logo\/image\/\"}}]}<\/script>\n<!-- \/ Yoast SEO plugin. -->","yoast_head_json":{"title":"Le Chtululu \u00e0 la gare de Soignies - Le blog","description":"Lisez des articles du blog pour suivre l'actualit\u00e9 du Chtululu. Notre petit commerce se situe \u00e0 la gare de Soignies.","robots":{"index":"index","follow":"follow","max-snippet":"max-snippet:-1","max-image-preview":"max-image-preview:large","max-video-preview":"max-video-preview:-1"},"canonical":"https:\/\/chtululu.be\/index.php\/le-blog\/","og_locale":"fr_FR","og_type":"article","og_title":"Le Chtululu \u00e0 la gare de Soignies - Le blog","og_description":"Lisez des articles du blog pour suivre l'actualit\u00e9 du Chtululu. Notre petit commerce se situe \u00e0 la gare de Soignies.","og_url":"https:\/\/chtululu.be\/index.php\/le-blog\/","og_site_name":"Le Chtululu","article_modified_time":"2022-02-20T14:08:21+00:00","twitter_card":"summary_large_image","schema":{"@context":"https:\/\/schema.org","@graph":[{"@type":"WebPage","@id":"https:\/\/chtululu.be\/index.php\/le-blog\/","url":"https:\/\/chtululu.be\/index.php\/le-blog\/","name":"Le Chtululu \u00e0 la gare de Soignies - Le blog","isPartOf":{"@id":"https:\/\/chtululu.be\/#website"},"datePublished":"2016-01-25T20:58:38+00:00","dateModified":"2022-02-20T14:08:21+00:00","description":"Lisez des articles du blog pour suivre l'actualit\u00e9 du Chtululu. Notre petit commerce se situe \u00e0 la gare de Soignies.","breadcrumb":{"@id":"https:\/\/chtululu.be\/index.php\/le-blog\/#breadcrumb"},"inLanguage":"fr-FR","potentialAction":[{"@type":"ReadAction","target":["https:\/\/chtululu.be\/index.php\/le-blog\/"]}]},{"@type":"BreadcrumbList","@id":"https:\/\/chtululu.be\/index.php\/le-blog\/#breadcrumb","itemListElement":[{"@type":"ListItem","position":1,"name":"Accueil","item":"https:\/\/chtululu.be\/"},{"@type":"ListItem","position":2,"name":"Le Blog"}]},{"@type":"WebSite","@id":"https:\/\/chtululu.be\/#website","url":"https:\/\/chtululu.be\/","name":"Le Chtululu","description":"Votre librairie de seconde main \u00e0 Soignies","publisher":{"@id":"https:\/\/chtululu.be\/#organization"},"potentialAction":[{"@type":"SearchAction","target":{"@type":"EntryPoint","urlTemplate":"https:\/\/chtululu.be\/?s={search_term_string}"},"query-input":{"@type":"PropertyValueSpecification","valueRequired":true,"valueName":"search_term_string"}}],"inLanguage":"fr-FR"},{"@type":"Organization","@id":"https:\/\/chtululu.be\/#organization","name":"Le Chtululu","url":"https:\/\/chtululu.be\/","logo":{"@type":"ImageObject","inLanguage":"fr-FR","@id":"https:\/\/chtululu.be\/#\/schema\/logo\/image\/","url":"https:\/\/chtululu.be\/wp-content\/uploads\/2016\/05\/logo-def-blanc.jpg","contentUrl":"https:\/\/chtululu.be\/wp-content\/uploads\/2016\/05\/logo-def-blanc.jpg","width":2048,"height":1901,"caption":"Le Chtululu"},"image":{"@id":"https:\/\/chtululu.be\/#\/schema\/logo\/image\/"}}]}},"_links":{"self":[{"href":"https:\/\/chtululu.be\/index.php\/wp-json\/wp\/v2\/pages\/128","targetHints":{"allow":["GET"]}}],"collection":[{"href":"https:\/\/chtululu.be\/index.php\/wp-json\/wp\/v2\/pages"}],"about":[{"href":"https:\/\/chtululu.be\/index.php\/wp-json\/wp\/v2\/types\/page"}],"author":[{"embeddable":true,"href":"https:\/\/chtululu.be\/index.php\/wp-json\/wp\/v2\/users\/1"}],"replies":[{"embeddable":true,"href":"https:\/\/chtululu.be\/index.php\/wp-json\/wp\/v2\/comments?post=128"}],"version-history":[{"count":4,"href":"https:\/\/chtululu.be\/index.php\/wp-json\/wp\/v2\/pages\/128\/revisions"}],"predecessor-version":[{"id":309,"href":"https:\/\/chtululu.be\/index.php\/wp-json\/wp\/v2\/pages\/128\/revisions\/309"}],"wp:attachment":[{"href":"https:\/\/chtululu.be\/index.php\/wp-json\/wp\/v2\/media?parent=128"}],"curies":[{"name":"wp","href":"https:\/\/api.w.org\/{rel}","templated":true}]}}